Resums mensuals i anuals

2022: Gen | Feb | Mar | Abr | Mai | Jun | Jul | Ago | Sep | Oct | Nov | Des 
2021: Gen | Feb | Mar | Abr | Mai | Jun | Jul | Ago | Sep | Oct | Nov | Des 
2020: Gen | Feb | Mar | Abr | Mai | Jun | Jul | Ago | Sep | Oct | Nov | Des 
2019: Gen | Feb | Mar | Abr | Mai | Jun | Jul | Ago | Sep | Oct | Nov | Des 
2018: Gen | Feb | Mar | Abr | Mai | Jun | Jul | Ago | Sep | Oct | Nov | Des 
2017: Gen | Feb | Mar | Abr | Mai | Jun | Jul | Ago | Sep | Oct | Nov | Des 
2016: Gen | Feb | Mar | Abr | Mai | Jun | Jul | Ago | Sep | Oct | Nov | Des 
2015: Gen | Feb | Mar | Abr | Mai | Jun | Jul | Ago | Sep | Oct | Nov | Des 
2014: Gen | Feb | Mar | Abr | Mai | Jun | Jul | Ago | Sep | Oct | Nov | Des 
2013: Gen | Feb | Mar | Abr | Mai | Jun | Jul | Ago | Sep | Oct | Nov | Des 
2012: Gen | Feb | Mar | Abr | Mai | Jun | Jul | Ago | Sep | Oct | Nov | Des 
2011: Gen | Feb | Mar | Abr | Mai | Jun | Jul | Ago | Sep | Oct | Nov | Des 
2010: Gen | Feb | Mar | Abr | Mai | Jun | Jul | Ago | Sep | Oct | Nov | Des 

Resum pel 04 2022
MONTHLY CLIMATOLOGICAL SUMMARY for APR. 2022 NAME: Meteo Santpedor CITY: Santpedor STATE: Catalunya ELEV: 331 m LAT: 41 48' 00" N LONG: 1 48' 00" E TEMPERATURE (C), RAIN (mm), WIND SPEED (km/hr) HEAT COOL AVG MEAN DEG DEG WIND DOM DAY TEMP HIGH TIME LOW TIME DAYS DAYS RAIN SPEED HIGH TIME DIR ------------------------------------------------------------------------------------ 1 7.3 11.7 13:35 3.7 3:50 11.0 0.0 0.0 7.4 48.3 15:30 WNW 2 6.4 13.4 14:35 0.9 3:40 11.9 0.0 0.0 6.4 38.6 11:20 W 3 4.9 10.6 12:35 -1.8 5:45 13.4 0.0 0.0 4.7 29.0 13:15 SE 4 6.3 13.0 14:40 0.6 5:05 12.0 0.0 0.0 2.6 20.9 15:00 SE 5 8.2 17.8 15:35 -1.2 4:55 10.1 0.0 0.0 2.7 25.7 16:15 SE 6 11.1 17.9 13:30 4.8 4:05 7.2 0.0 0.0 2.7 24.1 12:35 WSW 7 13.9 22.1 14:10 3.8 4:15 5.2 0.8 0.0 5.5 46.7 16:15 W 8 15.7 20.9 13:00 7.9 5:25 3.2 0.6 0.0 6.8 40.2 17:00 W 9 13.6 18.7 13:55 9.4 00:00 4.7 0.0 0.0 5.1 33.8 14:05 SSE 10 11.8 18.0 15:35 7.1 5:45 6.5 0.0 0.0 3.1 24.1 14:45 SSE 11 12.8 20.9 13:35 4.8 5:05 5.8 0.3 0.0 3.7 25.7 18:40 ESE 12 13.7 17.7 13:45 10.9 0:35 4.6 0.0 0.0 4.3 25.7 3:45 NE 13 13.8 15.5 11:20 11.1 4:30 4.5 0.0 0.0 6.3 32.2 12:50 NE 14 16.4 22.6 15:45 9.8 5:15 2.9 1.1 0.0 4.7 35.4 11:05 NE 15 17.3 26.6 14:35 9.6 5:20 3.1 2.1 0.0 2.4 22.5 16:20 W 16 18.7 27.9 15:35 9.3 5:15 2.7 3.1 0.0 2.4 22.5 11:15 W 17 16.7 25.5 13:05 9.7 5:10 3.1 1.5 0.0 3.9 29.0 14:50 SSE 18 15.1 22.6 12:35 7.2 5:10 4.1 0.9 0.0 3.7 25.7 13:55 SSE 19 12.9 18.8 12:20 8.7 5:05 5.4 0.0 3.4 2.6 20.9 13:55 SSE 20 12.7 16.0 8:40 8.8 5:00 5.6 0.0 0.2 7.9 38.6 12:45 NE 21 11.0 13.3 15:55 8.4 23:35 7.3 0.0 11.6 1.8 19.3 13:00 W 22 12.9 20.3 13:10 6.1 5:00 5.6 0.2 0.0 3.4 27.4 11:20 SSE 23 10.7 15.6 13:00 7.8 2:00 7.6 0.0 6.8 5.6 43.5 17:15 W 24 14.9 21.8 15:35 7.7 5:50 3.9 0.6 0.0 5.1 29.0 0:25 W 25 14.9 22.6 13:10 7.4 5:10 4.2 0.9 0.0 2.7 27.4 12:25 SE 26 15.2 23.9 14:45 6.3 4:55 4.4 1.3 0.0 3.4 25.7 12:10 SE 27 14.9 22.7 12:35 7.5 5:00 4.2 0.7 0.0 2.4 19.3 17:15 SSE 28 16.0 24.6 14:10 9.2 3:40 3.5 1.2 0.0 2.4 22.5 14:20 SSE 29 17.1 26.3 12:55 8.3 4:45 3.2 1.9 0.0 3.1 25.7 15:30 ESE 30 15.5 24.2 12:40 10.2 5:10 3.7 0.9 6.8 2.9 35.4 13:25 ESE ------------------------------------------------------------------------------------- 13.1 27.9 16 -1.8 3 174.5 18.1 28.8 4.1 48.3 1 W Max >= 32.0: 0 Max <= 0.0: 0 Min <= 0.0: 2 Min <= -18.0: 0 Max Rain: 11.61 ON 21/04/22 Days of Rain: 5 (> .2 mm) 4 (> 2 mm) 0 (> 20 mm) Heat Base: 18.3 Cool Base: 18.3 Method: Integration