Resums mensuals i anuals

2022: Gen | Feb | Mar | Abr | Mai | Jun | Jul | Ago | Sep | Oct | Nov | Des 
2021: Gen | Feb | Mar | Abr | Mai | Jun | Jul | Ago | Sep | Oct | Nov | Des 
2020: Gen | Feb | Mar | Abr | Mai | Jun | Jul | Ago | Sep | Oct | Nov | Des 
2019: Gen | Feb | Mar | Abr | Mai | Jun | Jul | Ago | Sep | Oct | Nov | Des 
2018: Gen | Feb | Mar | Abr | Mai | Jun | Jul | Ago | Sep | Oct | Nov | Des 
2017: Gen | Feb | Mar | Abr | Mai | Jun | Jul | Ago | Sep | Oct | Nov | Des 
2016: Gen | Feb | Mar | Abr | Mai | Jun | Jul | Ago | Sep | Oct | Nov | Des 
2015: Gen | Feb | Mar | Abr | Mai | Jun | Jul | Ago | Sep | Oct | Nov | Des 
2014: Gen | Feb | Mar | Abr | Mai | Jun | Jul | Ago | Sep | Oct | Nov | Des 
2013: Gen | Feb | Mar | Abr | Mai | Jun | Jul | Ago | Sep | Oct | Nov | Des 
2012: Gen | Feb | Mar | Abr | Mai | Jun | Jul | Ago | Sep | Oct | Nov | Des 
2011: Gen | Feb | Mar | Abr | Mai | Jun | Jul | Ago | Sep | Oct | Nov | Des 
2010: Gen | Feb | Mar | Abr | Mai | Jun | Jul | Ago | Sep | Oct | Nov | Des 

Resum pel 03 2022
MONTHLY CLIMATOLOGICAL SUMMARY for MAR. 2022 NAME: Meteo Santpedor CITY: Santpedor STATE: Catalunya ELEV: 331 m LAT: 41 48' 00" N LONG: 1 48' 00" E TEMPERATURE (C), RAIN (mm), WIND SPEED (km/hr) HEAT COOL AVG MEAN DEG DEG WIND DOM DAY TEMP HIGH TIME LOW TIME DAYS DAYS RAIN SPEED HIGH TIME DIR ------------------------------------------------------------------------------------ 1 8.8 17.3 14:45 0.8 6:20 9.5 0.0 0.0 2.4 22.5 15:50 SSE 2 9.5 15.5 15:10 5.4 1:45 8.8 0.0 0.0 1.3 14.5 16:50 SSE 3 9.7 17.1 14:25 3.9 6:40 8.7 0.0 0.0 2.3 16.1 12:40 SE 4 9.8 15.3 14:45 4.3 5:05 8.5 0.0 0.0 2.6 24.1 14:00 W 5 9.7 15.2 13:00 4.1 6:55 8.6 0.0 0.0 1.8 19.3 14:00 ESE 6 8.6 11.1 15:25 6.8 6:20 9.7 0.0 0.0 2.1 16.1 13:35 SSE 7 8.3 11.3 15:50 5.9 5:20 10.0 0.0 0.0 1.3 12.9 13:10 SE 8 6.7 10.7 13:30 1.8 6:30 11.6 0.0 0.0 1.1 14.5 13:30 ESE 9 8.8 15.4 14:50 4.2 4:45 9.4 0.0 0.0 2.1 19.3 12:05 SSE 10 9.0 14.6 14:50 4.8 3:30 9.3 0.0 0.0 1.4 20.9 15:05 SSE 11 9.1 11.1 13:35 7.5 2:45 9.2 0.0 3.0 0.8 9.7 15:40 NE 12 8.9 12.4 16:35 6.5 23:40 9.4 0.0 18.0 5.3 24.1 6:35 NNW 13 8.6 14.4 16:05 4.3 6:10 9.7 0.0 0.6 1.0 20.9 13:35 W 14 10.9 13.3 16:30 6.6 2:45 7.4 0.0 0.0 5.8 30.6 10:30 NE 15 13.3 16.1 11:10 10.3 00:00 4.9 0.0 0.0 5.8 25.7 9:40 NE 16 12.4 16.3 14:05 7.7 5:25 5.9 0.0 0.0 4.3 29.0 20:20 NE 17 13.5 16.6 13:00 11.5 22:20 4.8 0.0 0.0 4.7 29.0 2:15 NE 18 12.4 13.8 14:00 10.8 2:35 5.9 0.0 0.6 6.6 29.0 12:55 NE 19 10.7 12.2 14:15 8.7 23:40 7.6 0.0 0.0 6.8 30.6 8:25 NE 20 10.2 14.4 12:50 7.0 5:45 8.1 0.0 6.0 1.6 16.1 20:25 NE 21 9.7 14.1 13:50 6.9 23:50 8.6 0.0 4.8 5.5 32.2 15:00 NE 22 8.3 12.9 13:25 4.2 23:35 10.0 0.0 0.8 5.5 35.4 13:45 NE 23 7.0 13.2 16:05 1.4 5:25 11.3 0.0 0.0 2.7 17.7 9:30 ENE 24 8.4 12.4 16:30 3.4 3:40 9.9 0.0 0.0 0.6 14.5 13:00 WSW 25 12.2 18.3 12:45 7.7 6:30 6.1 0.0 0.0 3.1 22.5 15:10 NE 26 8.9 14.3 11:55 6.3 5:55 9.3 0.0 6.2 1.1 17.7 11:05 SE 27 12.7 20.1 14:55 7.3 3:30 5.8 0.2 0.0 2.6 25.7 13:40 NE 28 12.0 20.1 15:05 4.4 6:15 6.5 0.2 0.0 1.3 17.7 16:20 SSE 29 11.4 16.8 15:55 6.2 5:50 6.9 0.0 0.6 1.8 20.9 20:25 NE 30 11.4 16.9 15:20 7.9 5:05 6.9 0.0 13.8 2.7 30.6 2:05 ESE 31 10.6 17.2 14:25 5.4 23:35 7.7 0.0 0.6 2.7 35.4 15:35 W ------------------------------------------------------------------------------------- 10.1 20.1 27 0.8 1 256.2 0.4 55.0 2.9 35.4 22 NE Max >= 32.0: 0 Max <= 0.0: 0 Min <= 0.0: 0 Min <= -18.0: 0 Max Rain: 18.01 ON 12/03/22 Days of Rain: 11 (> .2 mm) 6 (> 2 mm) 0 (> 20 mm) Heat Base: 18.3 Cool Base: 18.3 Method: Integration