Resums mensuals i anuals

2022: Gen | Feb | Mar | Abr | Mai | Jun | Jul | Ago | Sep | Oct | Nov | Des 
2021: Gen | Feb | Mar | Abr | Mai | Jun | Jul | Ago | Sep | Oct | Nov | Des 
2020: Gen | Feb | Mar | Abr | Mai | Jun | Jul | Ago | Sep | Oct | Nov | Des 
2019: Gen | Feb | Mar | Abr | Mai | Jun | Jul | Ago | Sep | Oct | Nov | Des 
2018: Gen | Feb | Mar | Abr | Mai | Jun | Jul | Ago | Sep | Oct | Nov | Des 
2017: Gen | Feb | Mar | Abr | Mai | Jun | Jul | Ago | Sep | Oct | Nov | Des 
2016: Gen | Feb | Mar | Abr | Mai | Jun | Jul | Ago | Sep | Oct | Nov | Des 
2015: Gen | Feb | Mar | Abr | Mai | Jun | Jul | Ago | Sep | Oct | Nov | Des 
2014: Gen | Feb | Mar | Abr | Mai | Jun | Jul | Ago | Sep | Oct | Nov | Des 
2013: Gen | Feb | Mar | Abr | Mai | Jun | Jul | Ago | Sep | Oct | Nov | Des 
2012: Gen | Feb | Mar | Abr | Mai | Jun | Jul | Ago | Sep | Oct | Nov | Des 
2011: Gen | Feb | Mar | Abr | Mai | Jun | Jul | Ago | Sep | Oct | Nov | Des 
2010: Gen | Feb | Mar | Abr | Mai | Jun | Jul | Ago | Sep | Oct | Nov | Des 

Resum pel 02 2022
MONTHLY CLIMATOLOGICAL SUMMARY for FEB. 2022 NAME: Meteo Santpedor CITY: Santpedor STATE: Catalunya ELEV: 331 m LAT: 41° 48' 00" N LONG: 1° 48' 00" E TEMPERATURE (°C), RAIN (mm), WIND SPEED (km/hr) HEAT COOL AVG MEAN DEG DEG WIND DOM DAY TEMP HIGH TIME LOW TIME DAYS DAYS RAIN SPEED HIGH TIME DIR ------------------------------------------------------------------------------------ 1 7.1 15.1 15:40 -0.3 5:15 11.2 0.0 0.0 1.6 16.1 15:50 NNW 2 7.7 16.8 14:40 1.1 6:15 10.6 0.0 0.0 1.6 16.1 18:10 ESE 3 7.6 19.9 14:25 -1.3 7:00 10.8 0.1 0.0 0.6 14.5 16:15 W 4 7.8 15.8 13:35 1.5 6:15 10.5 0.0 0.0 0.6 12.9 15:30 ESE 5 7.9 14.2 15:40 4.6 23:50 10.4 0.0 0.0 0.3 6.4 14:25 ESE 6 6.0 12.7 14:30 0.9 5:45 12.3 0.0 0.0 1.6 22.5 15:50 W 7 6.2 15.6 16:10 -1.2 7:00 12.1 0.0 0.0 1.3 12.9 11:05 NW 8 7.8 16.3 15:30 -0.1 6:50 10.5 0.0 0.0 0.6 9.7 12:55 SE 9 9.1 17.2 15:00 3.6 23:55 9.2 0.0 0.0 1.6 16.1 15:15 SSE 10 6.5 16.6 15:35 -1.2 5:55 11.8 0.0 0.0 1.0 12.9 16:20 SSE 11 7.4 16.1 14:35 0.3 7:55 10.8 0.0 0.0 1.1 20.9 15:15 WSW 12 8.5 13.2 12:35 5.7 4:45 9.8 0.0 1.8 1.4 20.9 12:40 SSE 13 10.0 13.0 14:55 7.8 5:10 8.3 0.0 0.6 2.3 19.3 15:05 SSE 14 10.3 14.2 14:05 4.4 23:55 8.0 0.0 0.2 4.0 37.0 15:10 W 15 7.3 14.6 14:40 0.3 6:35 11.0 0.0 0.0 2.4 27.4 15:20 W 16 8.1 14.2 15:30 4.1 6:50 10.2 0.0 0.0 1.4 16.1 9:35 NW 17 11.1 20.1 15:50 4.9 0:35 7.4 0.1 0.0 1.6 14.5 4:45 NW 18 12.2 23.5 15:25 3.1 6:25 7.0 0.9 0.0 1.6 19.3 13:35 WSW 19 8.5 10.5 0:05 7.3 00:00 9.8 0.0 2.0 1.3 17.7 9:10 W 20 8.3 14.4 14:15 4.0 23:20 10.0 0.0 0.0 2.1 17.7 15:20 W 21 9.8 19.3 16:40 1.6 6:40 8.6 0.0 0.0 3.4 32.2 16:35 W 22 9.1 17.3 15:00 2.4 5:20 9.2 0.0 0.0 1.4 19.3 12:45 W 23 8.6 17.6 15:20 0.6 6:45 9.7 0.0 0.0 1.3 17.7 15:55 SE 24 10.3 17.5 13:40 4.4 6:35 7.9 0.0 0.0 1.1 20.9 17:00 SSE 25 8.9 14.4 15:50 5.1 6:30 9.4 0.0 0.0 1.1 16.1 14:40 W 26 8.6 13.3 13:05 5.1 4:50 9.7 0.0 0.0 3.1 24.1 14:00 SSE 27 9.7 15.8 14:30 5.0 5:50 8.6 0.0 0.0 2.7 20.9 16:10 SE 28 9.0 14.7 13:35 4.7 5:55 9.3 0.0 0.0 2.1 20.9 12:35 SE ------------------------------------------------------------------------------------- 8.5 23.5 18 -1.3 3 274.1 1.1 4.6 1.7 37.0 14 W Max >= 32.0: 0 Max <= 0.0: 0 Min <= 0.0: 5 Min <= -18.0: 0 Max Rain: 2.01 ON 19/02/22 Days of Rain: 4 (> .2 mm) 1 (> 2 mm) 0 (> 20 mm) Heat Base: 18.3 Cool Base: 18.3 Method: Integration