Resums mensuals i anuals

2022: Gen | Feb | Mar | Abr | Mai | Jun | Jul | Ago | Sep | Oct | Nov | Des 
2021: Gen | Feb | Mar | Abr | Mai | Jun | Jul | Ago | Sep | Oct | Nov | Des 
2020: Gen | Feb | Mar | Abr | Mai | Jun | Jul | Ago | Sep | Oct | Nov | Des 
2019: Gen | Feb | Mar | Abr | Mai | Jun | Jul | Ago | Sep | Oct | Nov | Des 
2018: Gen | Feb | Mar | Abr | Mai | Jun | Jul | Ago | Sep | Oct | Nov | Des 
2017: Gen | Feb | Mar | Abr | Mai | Jun | Jul | Ago | Sep | Oct | Nov | Des 
2016: Gen | Feb | Mar | Abr | Mai | Jun | Jul | Ago | Sep | Oct | Nov | Des 
2015: Gen | Feb | Mar | Abr | Mai | Jun | Jul | Ago | Sep | Oct | Nov | Des 
2014: Gen | Feb | Mar | Abr | Mai | Jun | Jul | Ago | Sep | Oct | Nov | Des 
2013: Gen | Feb | Mar | Abr | Mai | Jun | Jul | Ago | Sep | Oct | Nov | Des 
2012: Gen | Feb | Mar | Abr | Mai | Jun | Jul | Ago | Sep | Oct | Nov | Des 
2011: Gen | Feb | Mar | Abr | Mai | Jun | Jul | Ago | Sep | Oct | Nov | Des 
2010: Gen | Feb | Mar | Abr | Mai | Jun | Jul | Ago | Sep | Oct | Nov | Des 

Resum pel 01 2022
MONTHLY CLIMATOLOGICAL SUMMARY for JAN. 2022 NAME: Meteo Santpedor CITY: Santpedor STATE: Catalunya ELEV: 331 m LAT: 41° 48' 00" N LONG: 1° 48' 00" E TEMPERATURE (°C), RAIN (mm), WIND SPEED (km/hr) HEAT COOL AVG MEAN DEG DEG WIND DOM DAY TEMP HIGH TIME LOW TIME DAYS DAYS RAIN SPEED HIGH TIME DIR ------------------------------------------------------------------------------------ 1 7.9 19.8 15:20 1.2 6:45 10.4 0.0 0.2 0.3 6.4 16:55 SE 2 7.4 16.6 15:10 0.8 6:40 10.9 0.0 0.0 0.2 6.4 13:10 ESE 3 8.1 17.4 15:20 2.1 7:00 10.2 0.0 0.0 0.6 11.3 15:25 ESE 4 10.2 18.0 15:00 3.8 7:25 8.1 0.0 0.4 1.6 20.9 23:20 NNW 5 7.3 12.1 13:45 -0.8 23:40 11.0 0.0 0.4 1.8 17.7 13:25 W 6 1.0 8.1 14:00 -4.3 6:40 17.3 0.0 0.0 1.4 19.3 14:30 NW 7 2.3 10.4 15:40 -3.0 7:10 16.0 0.0 0.0 0.8 9.7 11:50 NNW 8 4.3 10.9 15:00 -0.5 0:40 14.0 0.0 0.0 1.3 17.7 19:05 NNW 9 7.4 13.1 14:20 1.8 1:40 10.9 0.0 0.0 3.9 35.4 15:10 W 10 6.3 8.1 15:05 2.9 2:45 12.1 0.0 0.0 0.5 11.3 9:05 NW 11 5.8 11.7 15:30 1.5 23:20 12.5 0.0 0.0 1.0 12.9 6:35 ESE 12 4.9 11.5 15:40 0.7 00:00 13.3 0.0 0.0 0.6 8.0 11:20 NW 13 2.7 12.2 15:35 -3.4 7:25 15.7 0.0 0.0 0.5 8.0 13:45 SE 14 1.7 11.6 15:35 -4.3 6:00 16.6 0.0 0.0 0.3 6.4 13:55 SE 15 1.6 10.9 14:50 -4.9 7:20 16.7 0.0 0.0 0.8 11.3 15:30 ESE 16 1.3 11.8 15:15 -5.2 6:35 17.0 0.0 0.0 0.6 12.9 17:25 W 17 1.9 12.2 14:50 -4.8 5:35 16.3 0.0 0.0 0.8 11.3 16:05 ESE 18 2.7 12.1 15:55 -3.3 6:00 15.6 0.0 0.0 0.3 6.4 12:25 ESE 19 2.4 10.7 15:30 -2.2 2:40 15.9 0.0 0.0 0.5 6.4 10:35 SE 20 2.8 10.9 14:15 -3.1 7:10 15.5 0.0 0.0 1.1 16.1 15:40 NW 21 1.1 6.0 15:35 -2.3 00:00 17.2 0.0 0.0 0.6 9.7 13:20 W 22 0.8 8.5 16:05 -4.3 7:45 17.5 0.0 0.0 0.6 11.3 11:35 SE 23 2.1 11.9 15:35 -4.5 6:35 16.3 0.0 0.0 0.3 6.4 13:25 SE 24 2.7 12.1 15:05 -3.4 6:50 15.6 0.0 0.2 0.6 8.0 15:10 SE 25 3.6 14.3 16:20 -3.4 7:15 14.7 0.0 0.0 0.3 6.4 13:30 W 26 4.3 15.9 15:35 -3.3 7:00 14.0 0.0 0.0 0.5 6.4 13:45 SSE 27 4.3 15.4 15:25 -2.8 7:10 14.0 0.0 0.0 0.6 11.3 16:30 W 28 4.1 14.6 14:35 -3.3 7:00 14.2 0.0 0.0 1.1 14.5 16:10 W 29 5.1 16.7 15:25 -2.6 5:30 13.2 0.0 0.0 1.0 14.5 16:05 W 30 5.7 17.2 14:45 -2.5 7:15 12.6 0.0 0.0 0.8 14.5 15:35 W 31 5.6 13.6 15:15 -1.5 6:35 12.8 0.0 0.0 1.4 14.5 13:45 NNW ------------------------------------------------------------------------------------- 4.2 19.8 1 -5.2 16 438.1 0.0 1.2 0.9 35.4 9 W Max >= 32.0: 0 Max <= 0.0: 0 Min <= 0.0: 23 Min <= -18.0: 0 Max Rain: 0.41 ON 04/01/22 Days of Rain: 4 (> .2 mm) 0 (> 2 mm) 0 (> 20 mm) Heat Base: 18.3 Cool Base: 18.3 Method: Integration