Resums mensuals i anuals

2022: Gen | Feb | Mar | Abr | Mai | Jun | Jul | Ago | Sep | Oct | Nov | Des 
2021: Gen | Feb | Mar | Abr | Mai | Jun | Jul | Ago | Sep | Oct | Nov | Des 
2020: Gen | Feb | Mar | Abr | Mai | Jun | Jul | Ago | Sep | Oct | Nov | Des 
2019: Gen | Feb | Mar | Abr | Mai | Jun | Jul | Ago | Sep | Oct | Nov | Des 
2018: Gen | Feb | Mar | Abr | Mai | Jun | Jul | Ago | Sep | Oct | Nov | Des 
2017: Gen | Feb | Mar | Abr | Mai | Jun | Jul | Ago | Sep | Oct | Nov | Des 
2016: Gen | Feb | Mar | Abr | Mai | Jun | Jul | Ago | Sep | Oct | Nov | Des 
2015: Gen | Feb | Mar | Abr | Mai | Jun | Jul | Ago | Sep | Oct | Nov | Des 
2014: Gen | Feb | Mar | Abr | Mai | Jun | Jul | Ago | Sep | Oct | Nov | Des 
2013: Gen | Feb | Mar | Abr | Mai | Jun | Jul | Ago | Sep | Oct | Nov | Des 
2012: Gen | Feb | Mar | Abr | Mai | Jun | Jul | Ago | Sep | Oct | Nov | Des 
2011: Gen | Feb | Mar | Abr | Mai | Jun | Jul | Ago | Sep | Oct | Nov | Des 
2010: Gen | Feb | Mar | Abr | Mai | Jun | Jul | Ago | Sep | Oct | Nov | Des 

Resum pel 11 2021
MONTHLY CLIMATOLOGICAL SUMMARY for NOV. 2021 NAME: Meteo Santpedor CITY: Santpedor STATE: Catalunya ELEV: 331 m LAT: 41° 48' 00" N LONG: 1° 48' 00" E TEMPERATURE (°C), RAIN (mm), WIND SPEED (km/hr) HEAT COOL AVG MEAN DEG DEG WIND DOM DAY TEMP HIGH TIME LOW TIME DAYS DAYS RAIN SPEED HIGH TIME DIR ------------------------------------------------------------------------------------ 1 16.2 20.7 12:15 8.7 00:00 2.4 0.3 0.2 4.3 40.2 7:15 W 2 10.2 16.3 14:35 4.2 6:05 8.1 0.0 0.0 1.6 20.9 14:35 WSW 3 9.7 12.9 13:55 5.8 23:40 8.6 0.0 0.2 1.8 20.9 11:30 W 4 7.3 13.7 15:00 2.6 5:45 11.0 0.0 0.0 1.3 16.1 10:10 W 5 6.9 15.4 15:15 0.7 6:30 11.4 0.0 0.0 1.0 17.7 17:00 NNW 6 6.3 15.4 14:30 -0.8 6:30 12.0 0.0 0.0 1.6 17.7 14:15 W 7 6.4 15.9 15:50 -0.9 7:05 11.9 0.0 0.0 1.3 22.5 12:55 NW 8 9.2 19.3 15:25 1.4 6:35 9.2 0.0 0.0 1.0 11.3 16:20 NW 9 9.9 15.9 13:20 2.1 5:55 8.4 0.0 0.0 2.1 22.5 19:25 NE 10 11.6 13.3 0:35 9.8 16:45 6.7 0.0 4.0 2.7 20.9 10:35 NW 11 13.3 17.2 13:35 9.2 2:50 5.0 0.0 0.4 4.0 24.1 14:20 NNW 12 11.5 15.4 15:30 9.6 6:10 6.8 0.0 0.6 0.6 17.7 9:15 W 13 10.9 17.1 13:25 5.8 7:25 7.4 0.0 0.2 1.6 14.5 14:20 W 14 9.1 12.1 13:40 6.1 5:25 9.2 0.0 0.0 0.8 9.7 13:35 NW 15 8.6 13.8 13:55 4.6 6:05 9.7 0.0 0.0 1.0 12.9 12:00 NNW 16 6.4 9.3 14:30 3.7 7:05 11.9 0.0 1.6 0.3 6.4 22:45 NNW 17 6.1 12.9 14:50 1.6 6:10 12.2 0.0 0.2 1.0 12.9 14:00 ESE 18 6.7 14.8 15:05 1.1 6:50 11.6 0.0 0.2 0.5 8.0 10:55 SE 19 7.1 16.3 15:35 1.1 6:55 11.2 0.0 0.0 0.3 6.4 11:15 SSE 20 6.9 12.4 14:25 1.4 6:15 11.4 0.0 0.2 0.3 6.4 23:40 SE 21 9.4 16.1 14:50 4.5 6:40 8.8 0.0 0.0 0.8 12.9 14:55 W 22 9.3 13.1 14:30 6.3 0:50 9.0 0.0 0.0 0.8 11.3 22:50 NNW 23 9.8 13.3 13:55 7.4 5:25 8.5 0.0 28.8 4.8 33.8 14:50 NE 24 7.8 12.2 12:30 4.2 5:40 10.5 0.0 6.2 2.6 24.1 1:25 NE 25 8.1 13.2 15:00 5.1 5:10 10.2 0.0 0.0 2.3 20.9 15:50 NW 26 6.0 8.9 11:45 2.4 23:15 12.3 0.0 0.0 2.7 19.3 12:35 NW 27 5.4 10.6 13:30 1.5 1:45 12.8 0.0 0.0 3.1 27.4 12:35 W 28 3.8 9.2 15:30 -1.1 4:45 14.4 0.0 0.0 4.2 40.2 16:05 W 29 4.9 11.9 15:30 -0.8 4:25 13.3 0.0 0.0 2.6 30.6 12:30 W 30 5.2 12.0 15:30 0.8 7:25 13.1 0.0 0.0 0.6 9.7 12:50 SE ------------------------------------------------------------------------------------- 8.3 20.7 1 -1.1 28 299.0 0.3 42.8 1.8 40.2 1 W Max >= 32.0: 0 Max <= 0.0: 0 Min <= 0.0: 4 Min <= -18.0: 0 Max Rain: 28.80 ON 23/11/21 Days of Rain: 12 (> .2 mm) 3 (> 2 mm) 1 (> 20 mm) Heat Base: 18.3 Cool Base: 18.3 Method: Integration