Resums mensuals i anuals

2021: Gen | Feb | Mar | Abr | Mai | Jun | Jul | Ago | Sep | Oct | Nov | Des 
2020: Gen | Feb | Mar | Abr | Mai | Jun | Jul | Ago | Sep | Oct | Nov | Des 
2019: Gen | Feb | Mar | Abr | Mai | Jun | Jul | Ago | Sep | Oct | Nov | Des 
2018: Gen | Feb | Mar | Abr | Mai | Jun | Jul | Ago | Sep | Oct | Nov | Des 
2017: Gen | Feb | Mar | Abr | Mai | Jun | Jul | Ago | Sep | Oct | Nov | Des 
2016: Gen | Feb | Mar | Abr | Mai | Jun | Jul | Ago | Sep | Oct | Nov | Des 
2015: Gen | Feb | Mar | Abr | Mai | Jun | Jul | Ago | Sep | Oct | Nov | Des 
2014: Gen | Feb | Mar | Abr | Mai | Jun | Jul | Ago | Sep | Oct | Nov | Des 
2013: Gen | Feb | Mar | Abr | Mai | Jun | Jul | Ago | Sep | Oct | Nov | Des 
2012: Gen | Feb | Mar | Abr | Mai | Jun | Jul | Ago | Sep | Oct | Nov | Des 
2011: Gen | Feb | Mar | Abr | Mai | Jun | Jul | Ago | Sep | Oct | Nov | Des 
2010: Gen | Feb | Mar | Abr | Mai | Jun | Jul | Ago | Sep | Oct | Nov | Des 

Resum pel 09 2021
MONTHLY CLIMATOLOGICAL SUMMARY for SEP. 2021 NAME: Meteo Santpedor CITY: Santpedor STATE: Catalunya ELEV: 331 m LAT: 41° 48' 00" N LONG: 1° 48' 00" E TEMPERATURE (°C), RAIN (mm), WIND SPEED (km/hr) HEAT COOL AVG MEAN DEG DEG WIND DOM DAY TEMP HIGH TIME LOW TIME DAYS DAYS RAIN SPEED HIGH TIME DIR ------------------------------------------------------------------------------------ 1 20.2 25.5 12:20 15.6 5:05 0.6 2.5 0.2 2.3 20.9 12:40 SSE 2 21.3 27.4 16:35 16.4 4:40 0.3 3.3 18.2 3.2 45.1 21:05 NE 3 21.2 28.7 12:30 15.8 5:50 0.5 3.3 5.6 1.6 22.5 14:10 NNW 4 22.2 28.6 13:40 17.6 2:25 0.1 4.0 0.0 3.4 29.0 15:15 SE 5 24.2 32.2 14:00 17.8 5:05 0.0 5.9 0.0 3.1 24.1 15:30 SSE 6 24.1 32.9 13:25 20.0 2:20 0.0 5.8 3.0 4.7 33.8 14:45 SSE 7 23.6 28.8 16:25 19.5 5:35 0.0 5.3 0.0 2.1 17.7 16:50 SSE 8 23.5 31.1 12:50 17.7 4:45 0.0 5.2 0.0 3.7 27.4 15:30 SSE 9 21.8 30.8 12:50 17.9 00:00 0.0 3.6 4.1 2.9 32.2 15:30 W 10 19.9 27.8 12:15 16.7 4:45 0.3 2.0 12.8 2.4 30.6 15:00 NE 11 20.4 27.2 13:45 15.4 6:30 0.7 2.8 0.2 2.4 22.5 13:50 SE 12 22.2 28.7 12:50 17.5 4:05 0.1 3.9 0.0 1.9 27.4 13:25 SSE 13 23.3 29.6 13:10 19.2 5:05 0.0 5.0 0.0 2.4 17.7 12:50 SSE 14 23.5 30.5 13:45 19.7 5:25 0.0 5.2 0.0 2.9 32.2 14:30 NNW 15 22.8 30.9 14:00 18.8 6:10 0.0 4.5 0.0 1.9 20.9 15:15 NW 16 19.2 26.2 14:15 15.4 23:55 0.5 1.4 35.6 2.9 29.0 15:25 NNW 17 19.8 27.6 15:25 13.6 5:40 1.4 2.9 0.2 1.9 22.5 14:15 W 18 17.8 22.1 14:05 14.3 5:00 1.2 0.6 53.0 1.0 29.0 17:10 W 19 17.9 25.1 16:00 11.8 5:20 1.9 1.6 0.0 2.1 16.1 15:30 NW 20 17.6 24.9 16:00 12.5 5:20 2.2 1.4 0.0 2.6 24.1 16:25 W 21 15.2 19.8 14:05 11.2 4:45 3.2 0.1 0.0 1.3 9.7 18:35 NNW 22 17.9 23.8 13:30 12.6 5:05 2.0 1.7 0.0 1.3 14.5 14:10 NNW 23 16.7 24.1 16:25 13.1 3:40 2.3 0.7 0.8 0.6 9.7 13:00 SSE 24 18.8 24.6 14:00 12.1 5:55 1.7 2.2 0.0 0.6 16.1 23:10 SSE 25 21.8 28.8 12:45 16.4 6:05 0.4 3.8 0.0 2.3 19.3 14:15 SSE 26 21.0 27.6 14:20 15.3 6:10 0.6 3.2 0.0 2.7 27.4 11:50 W 27 20.3 29.3 14:15 12.8 5:55 1.4 3.5 0.0 1.8 20.9 17:05 SE 28 19.9 26.9 13:35 13.4 6:10 1.2 2.7 0.0 2.1 17.7 12:20 SSE 29 19.0 25.1 14:35 15.2 5:00 0.9 1.7 0.0 2.6 29.0 14:15 WSW 30 18.6 25.2 15:15 13.2 5:55 1.6 1.8 0.0 1.4 17.7 14:00 W ------------------------------------------------------------------------------------- 20.5 32.9 6 11.2 21 24.9 91.6 133.7 2.3 45.1 2 SSE Max >= 32.0: 2 Max <= 0.0: 0 Min <= 0.0: 0 Min <= -18.0: 0 Max Rain: 53.01 ON 18/09/21 Days of Rain: 11 (> .2 mm) 7 (> 2 mm) 2 (> 20 mm) Heat Base: 18.3 Cool Base: 18.3 Method: Integration