Resums mensuals i anuals

2021: Gen | Feb | Mar | Abr | Mai | Jun | Jul | Ago | Sep | Oct | Nov | Des 
2020: Gen | Feb | Mar | Abr | Mai | Jun | Jul | Ago | Sep | Oct | Nov | Des 
2019: Gen | Feb | Mar | Abr | Mai | Jun | Jul | Ago | Sep | Oct | Nov | Des 
2018: Gen | Feb | Mar | Abr | Mai | Jun | Jul | Ago | Sep | Oct | Nov | Des 
2017: Gen | Feb | Mar | Abr | Mai | Jun | Jul | Ago | Sep | Oct | Nov | Des 
2016: Gen | Feb | Mar | Abr | Mai | Jun | Jul | Ago | Sep | Oct | Nov | Des 
2015: Gen | Feb | Mar | Abr | Mai | Jun | Jul | Ago | Sep | Oct | Nov | Des 
2014: Gen | Feb | Mar | Abr | Mai | Jun | Jul | Ago | Sep | Oct | Nov | Des 
2013: Gen | Feb | Mar | Abr | Mai | Jun | Jul | Ago | Sep | Oct | Nov | Des 
2012: Gen | Feb | Mar | Abr | Mai | Jun | Jul | Ago | Sep | Oct | Nov | Des 
2011: Gen | Feb | Mar | Abr | Mai | Jun | Jul | Ago | Sep | Oct | Nov | Des 
2010: Gen | Feb | Mar | Abr | Mai | Jun | Jul | Ago | Sep | Oct | Nov | Des 

Resum pel 08 2021
MONTHLY CLIMATOLOGICAL SUMMARY for AUG. 2021 NAME: Meteo Santpedor CITY: Santpedor STATE: Bages ELEV: 331 m LAT: 41° 47' 08" N LONG: 1° 50' 24" E TEMPERATURE (°C), RAIN (mm), WIND SPEED (km/hr) HEAT COOL AVG MEAN DEG DEG WIND DOM DAY TEMP HIGH TIME LOW TIME DAYS DAYS RAIN SPEED HIGH TIME DIR ------------------------------------------------------------------------------------ 1 20.1 26.2 16:15 14.4 5:40 0.1 4.6 0.2 3.2 25.7 13:50 W 2 21.5 29.7 12:50 14.2 5:45 0.1 6.1 0.0 4.5 32.2 13:25 SSE 3 23.2 29.7 14:45 16.2 5:05 0.0 7.7 0.0 4.2 27.4 14:45 SE 4 23.0 31.2 15:35 18.6 6:20 0.0 7.5 0.8 3.7 33.8 14:10 W 5 24.7 32.8 14:15 15.9 5:10 0.0 9.2 0.0 4.2 30.6 12:15 W 6 24.2 29.9 15:25 19.3 4:05 0.0 8.7 0.0 4.8 29.0 13:45 SSE 7 25.8 33.1 13:45 21.4 4:35 0.0 10.3 0.0 5.1 29.0 12:15 SSE 8 22.7 27.9 13:20 18.4 00:00 0.0 7.1 0.0 4.3 25.7 14:20 SSE 9 23.4 30.4 14:45 15.4 5:10 0.0 7.9 0.0 4.2 24.1 11:25 SSE 10 24.5 31.7 15:25 16.7 5:20 0.0 9.0 0.0 2.9 30.6 12:55 SSE 11 27.2 36.0 13:55 18.4 5:15 0.0 11.7 0.0 4.0 25.7 14:20 SSE 12 31.3 40.1 13:15 23.9 00:00 0.0 15.8 0.0 4.7 33.8 13:45 SE 13 28.8 39.8 14:40 20.4 4:20 0.0 13.3 0.0 3.9 33.8 16:00 SSE 14 29.5 38.8 14:35 20.4 5:25 0.0 14.0 0.0 4.0 32.2 16:25 SSE 15 29.0 37.7 12:45 21.8 5:05 0.0 13.5 0.0 4.3 27.4 14:00 SSE 16 25.6 32.8 15:10 20.9 5:25 0.0 10.1 0.0 4.7 29.0 17:35 W 17 23.7 30.7 15:45 17.1 5:15 0.0 8.2 0.0 3.7 24.1 16:15 W 18 23.0 31.6 15:25 16.8 5:15 0.0 7.5 0.0 4.0 27.4 15:25 W 19 20.9 29.6 11:55 16.0 5:15 0.0 5.4 1.6 2.7 30.6 13:40 ESE 20 23.2 30.3 13:15 15.9 5:10 0.0 7.7 0.0 4.0 27.4 14:00 SE 21 25.2 33.7 13:40 18.2 5:15 0.0 9.6 0.0 4.0 30.6 16:00 SE 22 24.7 32.4 13:00 17.4 5:55 0.0 9.2 0.0 4.3 30.6 13:50 SSE 23 23.5 29.9 14:30 18.7 4:10 0.0 8.0 0.0 4.7 30.6 14:35 SE 24 23.4 28.6 14:10 20.3 00:00 0.0 8.0 0.6 5.1 29.0 12:40 SE 25 21.1 28.6 13:15 14.3 17:35 0.1 5.7 25.6 4.2 67.6 17:15 SSE 26 22.0 31.7 14:30 13.7 4:05 0.3 6.9 0.2 3.1 29.0 17:25 SE 27 25.6 34.1 15:50 20.7 5:30 0.0 10.0 0.0 3.4 29.0 13:40 SE 28 23.4 29.3 14:10 19.4 5:10 0.0 7.9 0.0 5.0 30.6 15:20 SSE 29 22.8 28.5 13:15 18.8 3:30 0.0 7.3 0.0 4.0 29.0 13:45 SSE 30 21.0 25.8 10:55 17.1 4:45 0.0 5.5 0.0 2.3 24.1 11:00 SSE 31 21.4 28.6 12:15 16.7 22:30 0.0 6.0 3.4 4.0 29.0 14:10 SSE ------------------------------------------------------------------------------------- 24.2 40.1 12 13.7 26 0.6 269.2 32.4 4.0 67.6 25 SSE Max >= 32.0: 11 Max <= 0.0: 0 Min <= 0.0: 0 Min <= -18.0: 0 Max Rain: 25.60 ON 25/08/21 Days of Rain: 7 (> .2 mm) 2 (> 2 mm) 1 (> 20 mm) Heat Base: 15.5 Cool Base: 15.5 Method: Integration