Resums mensuals i anuals

2021: Gen | Feb | Mar | Abr | Mai | Jun | Jul | Ago | Sep | Oct | Nov | Des 
2020: Gen | Feb | Mar | Abr | Mai | Jun | Jul | Ago | Sep | Oct | Nov | Des 
2019: Gen | Feb | Mar | Abr | Mai | Jun | Jul | Ago | Sep | Oct | Nov | Des 
2018: Gen | Feb | Mar | Abr | Mai | Jun | Jul | Ago | Sep | Oct | Nov | Des 
2017: Gen | Feb | Mar | Abr | Mai | Jun | Jul | Ago | Sep | Oct | Nov | Des 
2016: Gen | Feb | Mar | Abr | Mai | Jun | Jul | Ago | Sep | Oct | Nov | Des 
2015: Gen | Feb | Mar | Abr | Mai | Jun | Jul | Ago | Sep | Oct | Nov | Des 
2014: Gen | Feb | Mar | Abr | Mai | Jun | Jul | Ago | Sep | Oct | Nov | Des 
2013: Gen | Feb | Mar | Abr | Mai | Jun | Jul | Ago | Sep | Oct | Nov | Des 
2012: Gen | Feb | Mar | Abr | Mai | Jun | Jul | Ago | Sep | Oct | Nov | Des 
2011: Gen | Feb | Mar | Abr | Mai | Jun | Jul | Ago | Sep | Oct | Nov | Des 
2010: Gen | Feb | Mar | Abr | Mai | Jun | Jul | Ago | Sep | Oct | Nov | Des 

Resum pel 07 2021
MONTHLY CLIMATOLOGICAL SUMMARY for JUL. 2021 NAME: Meteo Santpedor CITY: Santpedor STATE: Bages ELEV: 331 m LAT: 41° 47' 08" N LONG: 1° 50' 24" E TEMPERATURE (°C), RAIN (mm), WIND SPEED (km/hr) HEAT COOL AVG MEAN DEG DEG WIND DOM DAY TEMP HIGH TIME LOW TIME DAYS DAYS RAIN SPEED HIGH TIME DIR ------------------------------------------------------------------------------------ 1 24.2 31.2 14:40 18.2 3:55 0.0 8.7 0.0 4.2 27.4 16:50 SE 2 24.9 32.4 14:40 16.9 4:40 0.0 9.5 0.0 4.3 27.4 14:25 SSE 3 25.2 34.2 14:35 16.7 4:25 0.0 9.7 0.0 3.9 32.2 17:00 SSE 4 24.3 32.8 13:00 18.8 5:05 0.0 8.8 0.0 5.0 32.2 13:25 SSE 5 25.4 33.2 14:55 16.9 4:25 0.0 9.9 0.0 5.3 35.4 14:40 SSE 6 25.3 33.0 13:15 20.1 4:40 0.0 9.8 0.0 5.0 33.8 14:05 SSE 7 23.0 30.6 16:10 16.8 5:10 0.0 7.5 1.0 3.9 27.4 15:35 SSE 8 22.2 28.9 17:15 16.3 4:40 0.0 6.7 0.6 5.8 33.8 12:05 W 9 24.2 31.8 14:30 17.7 2:50 0.0 8.7 0.0 5.1 29.0 9:40 SSE 10 25.3 33.8 15:15 16.8 4:25 0.0 9.9 0.0 4.8 33.8 13:50 SSE 11 25.6 32.5 12:40 18.1 4:35 0.0 10.1 0.0 5.6 37.0 21:55 SSE 12 24.6 30.1 10:40 18.1 23:55 0.0 9.0 0.0 5.8 35.4 20:30 W 13 21.3 27.8 14:10 14.2 4:20 0.1 5.9 0.0 4.2 27.4 17:15 W 14 21.2 29.4 14:10 13.3 4:40 0.1 5.8 0.0 4.7 35.4 15:30 SSE 15 22.8 30.4 14:55 16.5 4:35 0.0 7.4 0.0 4.5 30.6 15:20 W 16 23.7 31.7 14:25 16.8 4:20 0.0 8.2 0.0 4.0 29.0 15:05 SE 17 24.5 33.3 13:55 16.9 5:10 0.0 9.0 0.0 4.7 30.6 15:15 SE 18 25.4 33.4 13:05 17.6 4:50 0.0 9.9 0.0 4.3 33.8 13:35 SSE 19 26.9 34.5 14:10 18.9 4:10 0.0 11.4 0.0 4.5 27.4 15:20 SE 20 27.1 34.4 13:15 18.9 4:30 0.0 11.6 0.0 4.8 35.4 14:50 SE 21 27.8 36.2 13:00 19.4 4:50 0.0 12.3 0.0 4.8 30.6 13:45 SSE 22 28.1 37.3 15:00 18.6 4:35 0.0 12.6 0.0 4.2 30.6 13:55 SSE 23 27.4 36.6 12:35 18.2 4:50 0.0 11.9 0.0 3.7 32.2 13:10 SSE 24 26.8 34.9 14:00 18.9 5:05 0.0 11.3 0.0 4.5 29.0 12:50 SSE 25 24.8 31.9 11:40 18.5 5:10 0.0 9.3 0.0 5.0 43.5 12:40 SSE 26 22.7 28.9 16:50 18.5 5:15 0.0 7.2 0.8 2.7 24.1 17:40 SSE 27 24.4 32.0 13:00 16.5 4:50 0.0 8.9 0.0 4.5 29.0 15:50 SSE 28 24.3 31.9 13:55 18.3 4:35 0.0 8.8 0.0 4.0 27.4 15:55 SSE 29 25.2 32.3 14:20 18.2 5:20 0.0 9.7 0.0 4.3 27.4 13:40 SSE 30 26.0 34.8 14:00 18.3 4:35 0.0 10.5 0.0 5.3 30.6 14:45 SSE 31 23.4 29.0 11:25 16.3 00:00 0.0 7.9 18.4 5.3 35.4 19:35 SSE ------------------------------------------------------------------------------------- 24.8 37.3 22 13.3 14 0.2 288.0 20.8 4.6 43.5 25 SSE Max >= 32.0: 18 Max <= 0.0: 0 Min <= 0.0: 0 Min <= -18.0: 0 Max Rain: 18.39 ON 31/07/21 Days of Rain: 4 (> .2 mm) 1 (> 2 mm) 0 (> 20 mm) Heat Base: 15.5 Cool Base: 15.5 Method: Integration