Resums mensuals i anuals

2021: Gen | Feb | Mar | Abr | Mai | Jun | Jul | Ago | Sep | Oct | Nov | Des 
2020: Gen | Feb | Mar | Abr | Mai | Jun | Jul | Ago | Sep | Oct | Nov | Des 
2019: Gen | Feb | Mar | Abr | Mai | Jun | Jul | Ago | Sep | Oct | Nov | Des 
2018: Gen | Feb | Mar | Abr | Mai | Jun | Jul | Ago | Sep | Oct | Nov | Des 
2017: Gen | Feb | Mar | Abr | Mai | Jun | Jul | Ago | Sep | Oct | Nov | Des 
2016: Gen | Feb | Mar | Abr | Mai | Jun | Jul | Ago | Sep | Oct | Nov | Des 
2015: Gen | Feb | Mar | Abr | Mai | Jun | Jul | Ago | Sep | Oct | Nov | Des 
2014: Gen | Feb | Mar | Abr | Mai | Jun | Jul | Ago | Sep | Oct | Nov | Des 
2013: Gen | Feb | Mar | Abr | Mai | Jun | Jul | Ago | Sep | Oct | Nov | Des 
2012: Gen | Feb | Mar | Abr | Mai | Jun | Jul | Ago | Sep | Oct | Nov | Des 
2011: Gen | Feb | Mar | Abr | Mai | Jun | Jul | Ago | Sep | Oct | Nov | Des 
2010: Gen | Feb | Mar | Abr | Mai | Jun | Jul | Ago | Sep | Oct | Nov | Des 

Resum pel 06 2021
MONTHLY CLIMATOLOGICAL SUMMARY for JUN. 2021 NAME: Meteo Santpedor CITY: Santpedor STATE: Bages ELEV: 331 m LAT: 41° 47' 08" N LONG: 1° 50' 24" E TEMPERATURE (°C), RAIN (mm), WIND SPEED (km/hr) HEAT COOL AVG MEAN DEG DEG WIND DOM DAY TEMP HIGH TIME LOW TIME DAYS DAYS RAIN SPEED HIGH TIME DIR ------------------------------------------------------------------------------------ 1 19.0 27.6 12:35 12.5 4:20 0.5 4.0 0.2 3.4 27.4 13:10 ESE 2 20.0 26.9 11:35 12.7 3:55 0.4 4.9 0.0 3.4 25.7 13:55 SSE 3 20.5 28.3 12:30 13.8 4:00 0.1 5.2 0.0 4.0 30.6 12:30 SSE 4 20.9 27.2 15:10 14.5 4:30 0.0 5.5 0.0 3.2 22.5 11:20 SSE 5 20.7 27.6 12:20 13.8 4:10 0.1 5.4 0.0 4.2 30.6 15:05 SSE 6 20.3 27.1 14:50 16.1 5:10 0.0 4.8 0.2 3.5 30.6 15:40 NE 7 20.5 28.9 13:05 13.9 3:50 0.3 5.2 0.0 4.5 33.8 15:45 ESE 8 22.0 30.7 13:50 13.1 4:35 0.2 6.7 0.0 3.9 33.8 14:00 SSE 9 21.4 30.2 12:20 14.8 4:30 0.0 5.9 2.2 3.9 29.0 13:40 NNW 10 23.1 31.3 12:35 14.5 3:50 0.1 7.6 0.0 3.5 25.7 14:20 SSE 11 21.8 31.0 12:35 15.9 00:00 0.0 6.3 1.2 3.5 46.7 15:05 SSE 12 23.8 32.9 12:45 13.7 3:40 0.2 8.5 0.0 3.5 27.4 14:15 SSE 13 26.0 35.7 12:20 17.1 4:35 0.0 10.5 0.0 4.7 35.4 12:35 SE 14 26.9 35.4 14:10 17.6 4:35 0.0 11.4 0.0 4.5 32.2 14:25 SE 15 26.2 34.7 13:15 17.4 3:50 0.0 10.7 0.0 4.3 27.4 15:05 SSE 16 25.9 33.9 12:05 18.8 4:30 0.0 10.5 0.0 3.7 25.7 14:25 SSE 17 20.3 26.8 12:30 15.1 23:35 0.0 4.8 15.8 3.9 61.2 16:15 NNW 18 22.4 32.1 14:00 13.7 4:00 0.3 7.2 0.0 3.4 35.4 14:40 SSE 19 22.9 31.6 12:45 16.9 5:00 0.0 7.4 0.4 2.7 20.9 17:55 NW 20 21.2 27.7 16:55 17.1 3:55 0.0 5.7 15.6 3.2 30.6 17:20 W 21 22.7 29.4 14:45 14.4 3:35 0.1 7.3 0.0 4.2 30.6 10:50 W 22 21.4 26.9 13:15 14.5 4:50 0.0 6.0 0.0 4.2 25.7 12:05 SE 23 18.8 23.0 14:45 14.6 00:00 0.0 3.3 2.6 2.4 24.1 8:25 W 24 19.9 28.3 15:00 12.1 2:55 0.6 5.1 0.0 3.4 25.7 17:35 SSE 25 22.2 30.3 13:30 14.6 5:25 0.1 6.7 0.0 4.5 30.6 13:15 SE 26 22.7 30.8 13:50 15.6 4:35 0.0 7.1 0.0 4.0 27.4 12:35 SSE 27 23.6 30.8 13:20 15.7 4:50 0.0 8.1 0.0 5.3 30.6 14:50 SSE 28 23.3 30.6 15:20 16.2 4:55 0.0 7.8 0.0 3.7 25.7 16:30 W 29 23.1 29.9 15:15 17.7 5:30 0.0 7.5 0.0 6.4 32.2 12:45 SSE 30 22.7 28.0 16:10 19.3 4:45 0.0 7.2 0.0 6.1 29.0 14:45 SSE ------------------------------------------------------------------------------------- 22.2 35.7 13 12.1 24 3.1 204.4 38.2 4.0 61.2 17 SSE Max >= 32.0: 6 Max <= 0.0: 0 Min <= 0.0: 0 Min <= -18.0: 0 Max Rain: 15.80 ON 17/06/21 Days of Rain: 8 (> .2 mm) 4 (> 2 mm) 0 (> 20 mm) Heat Base: 15.5 Cool Base: 15.5 Method: Integration