Resums mensuals i anuals

2021: Gen | Feb | Mar | Abr | Mai | Jun | Jul | Ago | Sep | Oct | Nov | Des 
2020: Gen | Feb | Mar | Abr | Mai | Jun | Jul | Ago | Sep | Oct | Nov | Des 
2019: Gen | Feb | Mar | Abr | Mai | Jun | Jul | Ago | Sep | Oct | Nov | Des 
2018: Gen | Feb | Mar | Abr | Mai | Jun | Jul | Ago | Sep | Oct | Nov | Des 
2017: Gen | Feb | Mar | Abr | Mai | Jun | Jul | Ago | Sep | Oct | Nov | Des 
2016: Gen | Feb | Mar | Abr | Mai | Jun | Jul | Ago | Sep | Oct | Nov | Des 
2015: Gen | Feb | Mar | Abr | Mai | Jun | Jul | Ago | Sep | Oct | Nov | Des 
2014: Gen | Feb | Mar | Abr | Mai | Jun | Jul | Ago | Sep | Oct | Nov | Des 
2013: Gen | Feb | Mar | Abr | Mai | Jun | Jul | Ago | Sep | Oct | Nov | Des 
2012: Gen | Feb | Mar | Abr | Mai | Jun | Jul | Ago | Sep | Oct | Nov | Des 
2011: Gen | Feb | Mar | Abr | Mai | Jun | Jul | Ago | Sep | Oct | Nov | Des 
2010: Gen | Feb | Mar | Abr | Mai | Jun | Jul | Ago | Sep | Oct | Nov | Des 

Resum pel 05 2021
MONTHLY CLIMATOLOGICAL SUMMARY for MAY. 2021 NAME: Meteo Santpedor CITY: Santpedor STATE: Bages ELEV: 331 m LAT: 41° 47' 08" N LONG: 1° 50' 24" E TEMPERATURE (°C), RAIN (mm), WIND SPEED (km/hr) HEAT COOL AVG MEAN DEG DEG WIND DOM DAY TEMP HIGH TIME LOW TIME DAYS DAYS RAIN SPEED HIGH TIME DIR ------------------------------------------------------------------------------------ 1 12.1 18.2 16:20 7.9 23:50 3.6 0.2 21.2 3.5 30.6 16:00 W 2 11.2 16.9 16:10 6.2 4:05 4.4 0.2 0.0 3.2 20.9 13:25 SSE 3 12.6 20.4 12:50 5.3 5:00 3.8 0.8 0.0 3.7 32.2 14:10 SE 4 14.5 23.5 13:05 4.8 4:55 3.1 2.1 0.0 3.5 22.5 14:00 SE 5 16.4 24.6 15:25 9.3 5:10 1.9 2.7 0.0 4.7 29.0 15:55 SSE 6 17.6 26.1 14:15 9.9 2:45 1.4 3.5 0.0 3.7 30.6 13:20 ESE 7 17.6 26.6 13:30 11.0 5:00 0.9 2.9 0.0 4.0 32.2 13:45 SSE 8 18.7 26.7 13:50 10.9 4:55 0.9 4.1 0.0 3.7 30.6 15:20 SE 9 17.4 25.2 16:05 10.2 4:45 1.1 3.0 2.6 2.9 27.4 17:55 SSE 10 16.3 22.1 14:15 13.3 00:00 0.6 1.4 4.0 2.6 25.7 12:25 SSE 11 14.2 19.9 15:25 8.4 4:45 2.4 1.1 0.2 5.5 33.8 10:15 W 12 15.1 21.9 13:55 6.3 4:40 2.6 2.2 0.0 5.5 38.6 13:35 W 13 15.8 21.8 13:05 8.6 4:00 1.5 1.8 0.0 6.0 38.6 14:15 W 14 16.4 22.4 15:15 10.7 00:00 1.0 1.9 0.0 5.3 37.0 15:45 W 15 18.3 25.3 17:00 8.3 4:45 1.8 4.6 0.0 4.5 35.4 14:35 W 16 21.2 27.3 17:25 15.2 3:20 0.0 5.7 0.0 6.9 38.6 14:05 W 17 17.0 23.6 15:20 13.1 22:20 0.7 2.2 0.0 5.6 29.0 14:10 W 18 17.3 23.3 15:50 11.4 1:50 0.8 2.7 0.0 5.6 35.4 14:55 SSE 19 17.3 23.7 15:10 13.1 5:10 0.4 2.2 0.0 6.6 25.7 9:50 W 20 17.3 23.6 15:10 11.8 4:55 0.9 2.7 0.0 4.3 27.4 14:25 SE 21 17.8 24.0 13:40 10.5 4:40 1.0 3.3 0.0 4.8 29.0 16:00 SE 22 17.5 23.4 15:20 12.4 00:00 0.2 2.2 0.0 3.7 22.5 17:40 W 23 15.1 19.3 11:00 11.5 3:10 1.4 0.9 0.0 2.3 19.3 14:35 SSE 24 18.1 24.7 14:05 12.2 5:30 0.8 3.4 0.0 5.5 38.6 18:05 W 25 16.2 20.8 16:05 13.3 5:35 0.7 1.4 0.0 6.4 32.2 12:30 SSE 26 17.4 23.9 13:15 10.5 4:30 0.9 2.9 0.0 4.2 27.4 18:10 SSE 27 19.3 29.3 13:55 11.1 3:45 0.9 4.7 0.0 4.0 30.6 16:00 SSE 28 20.7 27.6 12:40 13.9 3:35 0.2 5.5 0.0 4.3 30.6 13:55 SSE 29 21.0 30.4 12:40 13.4 4:45 0.2 5.7 1.8 4.7 35.4 15:20 NNW 30 19.4 27.9 12:30 15.6 23:00 0.0 4.0 10.6 4.3 32.2 18:20 NE 31 19.7 26.4 14:05 13.8 4:25 0.3 4.5 0.0 3.9 32.2 15:45 SE ------------------------------------------------------------------------------------- 17.0 30.4 29 4.8 4 40.4 86.4 40.4 4.5 38.6 12 SSE Max >= 32.0: 0 Max <= 0.0: 0 Min <= 0.0: 0 Min <= -18.0: 0 Max Rain: 21.21 ON 01/05/21 Days of Rain: 6 (> .2 mm) 4 (> 2 mm) 1 (> 20 mm) Heat Base: 15.5 Cool Base: 15.5 Method: Integration