Resums mensuals i anuals

2021: Gen | Feb | Mar | Abr | Mai | Jun | Jul | Ago | Sep | Oct | Nov | Des 
2020: Gen | Feb | Mar | Abr | Mai | Jun | Jul | Ago | Sep | Oct | Nov | Des 
2019: Gen | Feb | Mar | Abr | Mai | Jun | Jul | Ago | Sep | Oct | Nov | Des 
2018: Gen | Feb | Mar | Abr | Mai | Jun | Jul | Ago | Sep | Oct | Nov | Des 
2017: Gen | Feb | Mar | Abr | Mai | Jun | Jul | Ago | Sep | Oct | Nov | Des 
2016: Gen | Feb | Mar | Abr | Mai | Jun | Jul | Ago | Sep | Oct | Nov | Des 
2015: Gen | Feb | Mar | Abr | Mai | Jun | Jul | Ago | Sep | Oct | Nov | Des 
2014: Gen | Feb | Mar | Abr | Mai | Jun | Jul | Ago | Sep | Oct | Nov | Des 
2013: Gen | Feb | Mar | Abr | Mai | Jun | Jul | Ago | Sep | Oct | Nov | Des 
2012: Gen | Feb | Mar | Abr | Mai | Jun | Jul | Ago | Sep | Oct | Nov | Des 
2011: Gen | Feb | Mar | Abr | Mai | Jun | Jul | Ago | Sep | Oct | Nov | Des 
2010: Gen | Feb | Mar | Abr | Mai | Jun | Jul | Ago | Sep | Oct | Nov | Des 

Resum pel 03 2021
MONTHLY CLIMATOLOGICAL SUMMARY for MAR. 2021 NAME: Meteo Santpedor CITY: Santpedor STATE: Bages ELEV: 331 m LAT: 41° 47' 08" N LONG: 1° 50' 24" E TEMPERATURE (°C), RAIN (mm), WIND SPEED (km/hr) HEAT COOL AVG MEAN DEG DEG WIND DOM DAY TEMP HIGH TIME LOW TIME DAYS DAYS RAIN SPEED HIGH TIME DIR ------------------------------------------------------------------------------------ 1 8.9 14.9 14:50 4.3 7:20 6.6 0.0 0.0 1.8 16.1 14:30 ESE 2 9.4 14.3 15:10 5.8 6:45 6.1 0.0 0.0 0.6 12.9 2:30 ESE 3 10.3 15.8 15:30 6.2 6:25 5.2 0.0 0.0 1.1 14.5 16:45 SSE 4 11.1 15.6 14:25 7.9 00:00 4.4 0.0 0.0 1.0 11.3 11:30 SE 5 10.6 16.7 14:05 6.4 2:40 5.0 0.1 0.0 1.4 14.5 16:00 ESE 6 10.9 15.6 14:15 7.8 6:30 4.5 0.0 0.0 1.9 17.7 12:30 SSE 7 10.4 15.1 12:20 7.5 6:30 5.1 0.0 0.0 1.1 12.9 13:30 ESE 8 9.7 15.1 13:45 4.8 00:00 5.8 0.0 1.4 1.8 25.7 14:55 NNW 9 8.6 13.9 13:20 3.6 6:15 6.9 0.0 0.2 2.4 24.1 15:10 W 10 8.4 15.8 14:15 2.2 5:35 7.1 0.0 0.0 2.4 20.9 14:15 W 11 10.5 19.6 13:45 1.9 5:10 5.8 0.8 0.0 2.4 24.1 15:15 W 12 9.6 14.1 15:50 5.7 5:25 5.9 0.0 0.0 3.4 30.6 17:00 SSE 13 9.5 16.6 13:40 3.7 5:10 6.1 0.1 0.0 4.0 33.8 15:40 W 14 9.0 17.9 14:10 1.7 5:20 6.8 0.3 0.0 4.0 33.8 17:00 SE 15 9.4 17.0 16:15 1.7 6:20 6.3 0.2 0.0 2.4 22.5 12:20 W 16 10.8 19.2 16:15 2.4 6:10 5.3 0.6 0.0 1.9 20.9 13:45 SW 17 10.6 20.1 14:45 3.7 6:10 5.4 0.4 0.0 3.4 22.5 13:40 SSE 18 9.5 16.5 13:15 2.7 6:00 6.1 0.1 0.0 4.5 33.8 16:05 SSE 19 6.5 11.9 13:35 2.1 23:55 9.0 0.0 0.0 2.6 32.2 14:30 ESE 20 6.8 14.9 14:55 -1.5 6:05 8.7 0.0 0.0 2.7 25.7 15:45 SSE 21 8.2 18.0 16:05 -0.8 5:55 7.5 0.2 0.0 1.8 19.3 12:25 ESE 22 9.9 18.2 15:55 2.3 5:30 5.9 0.4 0.0 2.1 20.9 13:40 W 23 10.3 20.3 15:10 2.9 6:10 5.9 0.6 0.0 2.4 25.7 15:55 SE 24 11.4 22.1 14:35 2.5 5:55 5.3 1.3 0.0 1.8 25.7 14:50 SE 25 11.6 21.2 13:25 3.2 5:45 4.9 1.1 0.0 3.2 27.4 14:40 SE 26 12.4 20.7 14:25 4.1 5:55 4.1 1.0 0.0 3.2 25.7 14:40 SSE 27 13.2 18.1 11:55 8.0 23:45 2.8 0.5 0.0 2.1 17.7 17:00 SSE 28 12.1 21.5 14:50 6.8 5:55 4.5 1.1 0.0 3.1 27.4 16:00 ESE 29 12.8 23.1 14:20 3.7 5:55 4.4 1.7 0.0 2.4 20.9 14:50 SSE 30 13.4 23.3 13:30 4.7 5:35 3.9 1.9 0.0 2.7 25.7 14:15 SSE 31 12.4 22.5 13:30 4.5 5:45 4.4 1.4 0.0 2.9 25.7 15:10 SSE ------------------------------------------------------------------------------------- 10.3 23.3 30 -1.5 20 175.8 13.7 1.6 2.4 33.8 13 SSE Max >= 32.0: 0 Max <= 0.0: 0 Min <= 0.0: 2 Min <= -18.0: 0 Max Rain: 1.40 ON 08/03/21 Days of Rain: 2 (> .2 mm) 0 (> 2 mm) 0 (> 20 mm) Heat Base: 15.5 Cool Base: 15.5 Method: Integration