Resums mensuals i anuals

2021: Gen | Feb | Mar | Abr | Mai | Jun | Jul | Ago | Sep | Oct | Nov | Des 
2020: Gen | Feb | Mar | Abr | Mai | Jun | Jul | Ago | Sep | Oct | Nov | Des 
2019: Gen | Feb | Mar | Abr | Mai | Jun | Jul | Ago | Sep | Oct | Nov | Des 
2018: Gen | Feb | Mar | Abr | Mai | Jun | Jul | Ago | Sep | Oct | Nov | Des 
2017: Gen | Feb | Mar | Abr | Mai | Jun | Jul | Ago | Sep | Oct | Nov | Des 
2016: Gen | Feb | Mar | Abr | Mai | Jun | Jul | Ago | Sep | Oct | Nov | Des 
2015: Gen | Feb | Mar | Abr | Mai | Jun | Jul | Ago | Sep | Oct | Nov | Des 
2014: Gen | Feb | Mar | Abr | Mai | Jun | Jul | Ago | Sep | Oct | Nov | Des 
2013: Gen | Feb | Mar | Abr | Mai | Jun | Jul | Ago | Sep | Oct | Nov | Des 
2012: Gen | Feb | Mar | Abr | Mai | Jun | Jul | Ago | Sep | Oct | Nov | Des 
2011: Gen | Feb | Mar | Abr | Mai | Jun | Jul | Ago | Sep | Oct | Nov | Des 
2010: Gen | Feb | Mar | Abr | Mai | Jun | Jul | Ago | Sep | Oct | Nov | Des 

Resum pel 02 2021
MONTHLY CLIMATOLOGICAL SUMMARY for FEB. 2021 NAME: Meteo Santpedor CITY: Santpedor STATE: Bages ELEV: 331 m LAT: 41° 47' 08" N LONG: 1° 50' 24" E TEMPERATURE (°C), RAIN (mm), WIND SPEED (km/hr) HEAT COOL AVG MEAN DEG DEG WIND DOM DAY TEMP HIGH TIME LOW TIME DAYS DAYS RAIN SPEED HIGH TIME DIR ------------------------------------------------------------------------------------ 1 12.3 17.6 14:45 6.8 3:05 3.5 0.3 2.8 6.6 49.9 14:10 W 2 11.1 18.0 13:25 4.6 5:55 4.8 0.4 0.0 2.3 24.1 14:20 W 3 11.5 18.7 13:40 5.2 5:35 4.5 0.5 0.0 2.7 25.7 12:40 W 4 10.7 17.8 14:35 4.8 6:50 5.1 0.3 0.0 0.8 11.3 14:35 WSW 5 11.2 17.7 14:45 6.9 3:40 4.5 0.2 0.0 1.1 9.7 7:15 ESE 6 12.1 17.3 14:10 8.4 22:20 3.6 0.2 0.0 1.8 17.7 10:20 W 7 7.6 10.2 16:00 4.2 00:00 7.9 0.0 0.0 2.1 16.1 1:55 W 8 6.4 9.9 11:20 3.8 1:00 9.1 0.0 1.6 1.4 19.3 15:35 NW 9 6.9 11.3 12:40 2.4 6:15 8.6 0.0 1.2 1.3 14.5 22:50 NNW 10 8.1 13.1 16:15 4.1 23:50 7.4 0.0 0.2 3.2 32.2 15:05 W 11 7.9 15.9 15:20 0.7 7:00 7.6 0.0 0.0 1.6 22.5 14:10 NW 12 8.8 16.1 13:05 3.4 6:35 6.7 0.0 1.0 1.6 25.7 13:05 W 13 9.9 16.1 15:15 3.1 7:00 5.6 0.0 0.2 1.6 17.7 15:35 W 14 7.1 10.3 0:45 5.2 23:35 8.4 0.0 5.2 1.8 12.9 10:55 ENE 15 7.0 9.1 15:55 5.1 0:05 8.5 0.0 0.0 1.0 14.5 7:15 SE 16 10.3 16.8 15:05 6.4 00:00 5.3 0.1 0.0 2.3 19.3 13:10 W 17 10.2 18.3 15:15 5.2 6:45 5.6 0.3 0.0 1.1 14.5 14:50 SE 18 8.9 16.0 14:40 4.3 7:30 6.6 0.0 0.2 1.9 17.7 13:45 SE 19 8.7 17.6 15:20 3.8 8:10 6.9 0.1 0.0 0.8 9.7 15:20 ESE 20 7.5 15.7 15:00 1.1 7:00 8.0 0.0 0.2 1.4 16.1 14:55 SSE 21 9.3 15.9 13:40 1.2 6:20 6.2 0.0 0.2 5.6 30.6 15:50 NE 22 11.9 13.7 5:00 10.3 00:00 3.6 0.0 9.6 2.6 24.1 1:30 NE 23 12.7 18.1 15:10 9.5 6:30 3.1 0.4 0.0 0.8 9.7 11:35 SE 24 12.0 17.9 14:45 7.9 23:45 3.8 0.3 0.0 1.3 12.9 14:40 NE 25 10.9 17.1 15:40 6.6 3:20 4.7 0.1 0.0 1.3 12.9 12:15 SE 26 8.5 14.4 16:15 5.3 23:40 7.0 0.0 0.2 0.5 9.7 17:05 ESE 27 8.0 12.3 16:15 3.7 4:40 7.5 0.0 0.0 1.4 12.9 11:40 W 28 9.9 15.2 14:10 5.6 00:00 5.5 0.0 0.0 1.6 11.3 11:15 ESE ------------------------------------------------------------------------------------- 9.6 18.7 3 0.7 11 169.7 3.2 22.6 1.9 49.9 1 W Max >= 32.0: 0 Max <= 0.0: 0 Min <= 0.0: 0 Min <= -18.0: 0 Max Rain: 9.60 ON 22/02/21 Days of Rain: 12 (> .2 mm) 3 (> 2 mm) 0 (> 20 mm) Heat Base: 15.5 Cool Base: 15.5 Method: Integration