Resums mensuals i anuals

2020: Gen | Feb | Mar | Abr | Mai | Jun | Jul | Ago | Sep | Oct | Nov | Des 
2019: Gen | Feb | Mar | Abr | Mai | Jun | Jul | Ago | Sep | Oct | Nov | Des 
2018: Gen | Feb | Mar | Abr | Mai | Jun | Jul | Ago | Sep | Oct | Nov | Des 
2017: Gen | Feb | Mar | Abr | Mai | Jun | Jul | Ago | Sep | Oct | Nov | Des 
2016: Gen | Feb | Mar | Abr | Mai | Jun | Jul | Ago | Sep | Oct | Nov | Des 
2015: Gen | Feb | Mar | Abr | Mai | Jun | Jul | Ago | Sep | Oct | Nov | Des 
2014: Gen | Feb | Mar | Abr | Mai | Jun | Jul | Ago | Sep | Oct | Nov | Des 
2013: Gen | Feb | Mar | Abr | Mai | Jun | Jul | Ago | Sep | Oct | Nov | Des 
2012: Gen | Feb | Mar | Abr | Mai | Jun | Jul | Ago | Sep | Oct | Nov | Des 
2011: Gen | Feb | Mar | Abr | Mai | Jun | Jul | Ago | Sep | Oct | Nov | Des 
2010: Gen | Feb | Mar | Abr | Mai | Jun | Jul | Ago | Sep | Oct | Nov | Des 

Resum pel 07 2020
MONTHLY CLIMATOLOGICAL SUMMARY for JUL. 2020 NAME: Meteo Santpedor CITY: Santpedor STATE: Bages ELEV: 331 m LAT: 41° 47' 08" N LONG: 1° 50' 24" E TEMPERATURE (°C), RAIN (mm), WIND SPEED (km/hr) HEAT COOL AVG MEAN DEG DEG WIND DOM DAY TEMP HIGH TIME LOW TIME DAYS DAYS RAIN SPEED HIGH TIME DIR ------------------------------------------------------------------------------------ 1 26.6 33.9 15:05 19.7 4:50 0.0 11.1 0.0 3.9 24.1 16:55 SE 2 24.8 31.3 13:00 17.8 21:05 0.0 9.3 1.8 5.1 40.2 20:20 SSE 3 21.7 28.4 16:35 16.5 6:30 0.0 6.2 2.2 4.3 27.4 15:40 W 4 22.7 30.7 15:15 15.8 4:45 0.0 7.2 0.0 3.4 19.3 14:45 SSE 5 24.9 32.8 14:40 16.2 4:25 0.0 9.4 0.0 3.2 20.9 12:10 SE 6 25.4 34.1 14:20 16.9 4:25 0.0 10.0 0.0 4.5 29.0 15:40 SE 7 23.9 30.7 15:25 17.9 4:50 0.0 8.4 0.0 4.5 24.1 16:20 W 8 24.2 32.2 14:05 18.0 4:40 0.0 8.7 0.0 4.5 27.4 14:20 SE 9 25.8 35.8 14:35 18.1 4:05 0.0 10.3 0.0 3.7 33.8 14:50 SE 10 24.8 32.3 12:40 18.7 4:35 0.0 9.3 0.0 3.4 33.8 13:10 SSE 11 24.6 33.6 13:55 17.1 4:15 0.0 9.1 0.0 4.3 29.0 15:55 SSE 12 24.1 32.1 13:55 18.6 4:25 0.0 8.6 0.2 3.5 30.6 16:30 SSE 13 22.5 31.3 12:40 17.9 23:50 0.0 7.0 15.8 2.9 27.4 14:05 NNW 14 22.1 28.8 14:20 16.8 5:35 0.0 6.6 0.2 4.2 25.7 13:25 SE 15 22.1 29.3 16:40 15.3 5:25 0.0 6.6 0.0 3.4 24.1 12:50 ENE 16 22.7 28.0 14:30 18.1 5:05 0.0 7.2 0.0 5.0 24.1 12:50 SE 17 23.9 29.4 12:50 19.3 4:45 0.0 8.4 0.0 4.5 24.1 16:40 SSE 18 24.2 31.8 13:55 18.8 5:10 0.0 8.7 0.0 4.2 30.6 15:00 SE 19 24.9 32.2 13:00 17.9 4:55 0.0 9.4 0.0 4.7 29.0 15:20 SE 20 23.8 30.1 16:50 16.9 5:00 0.0 8.3 0.0 2.6 19.3 12:15 ESE 21 25.0 33.3 12:55 17.0 4:20 0.0 9.5 0.0 3.9 29.0 15:10 SE 22 25.0 34.2 13:45 16.3 4:30 0.0 9.5 0.0 3.7 27.4 13:55 SE 23 26.7 33.7 12:20 18.9 5:00 0.0 11.2 0.0 4.2 29.0 14:20 SE 24 25.3 32.5 12:45 19.3 5:25 0.0 9.8 0.6 5.3 27.4 15:10 SE 25 25.1 31.8 14:35 18.8 5:00 0.0 9.6 0.0 4.3 25.7 15:20 SE 26 25.7 33.0 14:00 18.2 5:05 0.0 10.2 0.0 4.3 27.4 16:30 SSE 27 27.1 35.8 14:35 19.2 4:35 0.0 11.6 0.0 3.9 25.7 15:15 SE 28 27.7 36.2 14:55 19.3 5:30 0.0 12.2 0.0 3.4 22.5 15:40 SSE 29 27.0 35.4 13:40 18.6 4:40 0.0 11.5 0.0 3.5 22.5 16:10 SE 30 27.8 36.8 13:50 19.0 4:25 0.0 12.3 0.0 3.4 24.1 15:45 SE 31 28.3 37.8 13:30 19.1 4:05 0.0 12.8 0.0 4.0 29.0 14:50 SE ------------------------------------------------------------------------------------- 24.8 37.8 31 15.3 15 0.0 289.9 20.8 4.0 40.2 2 SE Max >= 32.0: 19 Max <= 0.0: 0 Min <= 0.0: 0 Min <= -18.0: 0 Max Rain: 15.80 ON 13/07/20 Days of Rain: 6 (> .2 mm) 2 (> 2 mm) 0 (> 20 mm) Heat Base: 15.5 Cool Base: 15.5 Method: Integration