Resums mensuals i anuals

2020: Gen | Feb | Mar | Abr | Mai | Jun | Jul | Ago | Sep | Oct | Nov | Des 
2019: Gen | Feb | Mar | Abr | Mai | Jun | Jul | Ago | Sep | Oct | Nov | Des 
2018: Gen | Feb | Mar | Abr | Mai | Jun | Jul | Ago | Sep | Oct | Nov | Des 
2017: Gen | Feb | Mar | Abr | Mai | Jun | Jul | Ago | Sep | Oct | Nov | Des 
2016: Gen | Feb | Mar | Abr | Mai | Jun | Jul | Ago | Sep | Oct | Nov | Des 
2015: Gen | Feb | Mar | Abr | Mai | Jun | Jul | Ago | Sep | Oct | Nov | Des 
2014: Gen | Feb | Mar | Abr | Mai | Jun | Jul | Ago | Sep | Oct | Nov | Des 
2013: Gen | Feb | Mar | Abr | Mai | Jun | Jul | Ago | Sep | Oct | Nov | Des 
2012: Gen | Feb | Mar | Abr | Mai | Jun | Jul | Ago | Sep | Oct | Nov | Des 
2011: Gen | Feb | Mar | Abr | Mai | Jun | Jul | Ago | Sep | Oct | Nov | Des 
2010: Gen | Feb | Mar | Abr | Mai | Jun | Jul | Ago | Sep | Oct | Nov | Des 

Resum pel 06 2020
MONTHLY CLIMATOLOGICAL SUMMARY for JUN. 2020 NAME: Meteo Santpedor CITY: Santpedor STATE: Bages ELEV: 331 m LAT: 41° 47' 08" N LONG: 1° 50' 24" E TEMPERATURE (°C), RAIN (mm), WIND SPEED (km/hr) HEAT COOL AVG MEAN DEG DEG WIND DOM DAY TEMP HIGH TIME LOW TIME DAYS DAYS RAIN SPEED HIGH TIME DIR ------------------------------------------------------------------------------------ 1 17.8 25.0 13:40 13.9 00:00 0.1 2.4 20.2 3.2 30.6 19:10 NNW 2 18.7 26.3 13:10 13.6 1:45 0.4 3.6 0.0 3.7 30.6 15:35 NNW 3 19.3 26.8 14:10 15.6 3:40 0.0 3.8 14.6 2.6 22.5 14:25 SE 4 16.6 23.2 15:55 11.2 23:50 0.4 1.5 3.6 3.7 37.0 15:30 WSW 5 18.3 26.2 17:20 10.7 3:20 1.2 4.0 0.0 3.4 24.1 14:30 SE 6 19.8 26.9 12:35 12.4 3:55 0.5 4.8 0.0 3.9 22.5 12:05 SE 7 17.2 22.2 11:50 13.3 17:15 0.6 2.3 28.2 4.5 32.2 13:50 SSE 8 15.4 19.6 11:35 11.2 4:35 1.2 1.1 0.0 3.4 22.5 13:50 SSE 9 15.2 22.4 12:35 9.4 5:10 1.6 1.3 0.0 2.4 29.0 13:30 SE 10 16.7 24.4 14:00 10.3 3:25 1.3 2.5 0.0 3.5 29.0 13:55 ENE 11 17.3 21.8 12:10 14.2 5:00 0.3 2.1 0.0 3.4 24.1 13:10 NNW 12 19.9 24.4 16:45 15.3 23:35 0.0 4.4 1.0 4.5 32.2 12:20 W 13 19.4 25.6 15:50 11.4 4:05 0.8 4.7 0.0 5.5 32.2 12:35 W 14 19.4 26.4 12:10 12.2 4:35 0.4 4.3 0.0 3.5 22.5 15:10 SE 15 20.7 26.9 16:15 14.1 4:25 0.1 5.3 0.0 5.0 30.6 14:55 SSE 16 17.4 22.1 16:15 14.7 23:55 0.0 1.9 16.2 1.4 16.1 15:50 W 17 18.7 25.7 15:00 12.8 4:15 0.4 3.6 0.0 4.0 27.4 13:50 W 18 18.0 24.8 14:35 13.4 6:10 0.5 3.0 6.4 4.2 25.7 16:15 SSE 19 20.0 25.4 16:05 15.7 3:10 0.0 4.5 0.0 4.0 27.4 13:55 SSE 20 21.0 27.4 13:10 14.2 4:45 0.1 5.6 0.0 4.7 29.0 14:35 SE 21 23.7 32.0 13:55 16.9 4:55 0.0 8.2 0.0 3.4 22.5 16:10 SE 22 23.6 30.2 12:30 17.6 4:30 0.0 8.1 0.0 4.0 25.7 13:50 SE 23 23.6 30.2 13:20 16.7 4:35 0.0 8.1 0.0 4.2 27.4 15:55 SE 24 23.6 30.3 13:15 15.8 4:45 0.0 8.1 0.0 3.7 27.4 14:15 SE 25 24.9 31.7 12:30 17.7 4:40 0.0 9.4 0.0 3.7 25.7 14:40 SE 26 24.6 31.3 12:20 18.1 4:55 0.0 9.1 0.0 4.2 27.4 16:05 SE 27 24.4 30.8 12:50 17.6 4:40 0.0 8.9 0.0 4.0 24.1 14:35 SE 28 25.0 32.2 13:00 19.7 4:35 0.0 9.5 0.0 4.0 29.0 14:55 SE 29 24.2 30.6 12:15 18.0 4:00 0.0 8.7 0.0 5.3 29.0 16:55 SE 30 24.8 30.5 13:40 20.1 3:55 0.0 9.3 0.0 4.3 24.1 14:30 ESE ------------------------------------------------------------------------------------- 20.3 32.2 28 9.4 9 9.7 154.2 90.2 3.8 37.0 4 SE Max >= 32.0: 2 Max <= 0.0: 0 Min <= 0.0: 0 Min <= -18.0: 0 Max Rain: 28.19 ON 07/06/20 Days of Rain: 7 (> .2 mm) 6 (> 2 mm) 2 (> 20 mm) Heat Base: 15.5 Cool Base: 15.5 Method: Integration