Resums mensuals i anuals

2020: Gen | Feb | Mar | Abr | Mai | Jun | Jul | Ago | Sep | Oct | Nov | Des 
2019: Gen | Feb | Mar | Abr | Mai | Jun | Jul | Ago | Sep | Oct | Nov | Des 
2018: Gen | Feb | Mar | Abr | Mai | Jun | Jul | Ago | Sep | Oct | Nov | Des 
2017: Gen | Feb | Mar | Abr | Mai | Jun | Jul | Ago | Sep | Oct | Nov | Des 
2016: Gen | Feb | Mar | Abr | Mai | Jun | Jul | Ago | Sep | Oct | Nov | Des 
2015: Gen | Feb | Mar | Abr | Mai | Jun | Jul | Ago | Sep | Oct | Nov | Des 
2014: Gen | Feb | Mar | Abr | Mai | Jun | Jul | Ago | Sep | Oct | Nov | Des 
2013: Gen | Feb | Mar | Abr | Mai | Jun | Jul | Ago | Sep | Oct | Nov | Des 
2012: Gen | Feb | Mar | Abr | Mai | Jun | Jul | Ago | Sep | Oct | Nov | Des 
2011: Gen | Feb | Mar | Abr | Mai | Jun | Jul | Ago | Sep | Oct | Nov | Des 
2010: Gen | Feb | Mar | Abr | Mai | Jun | Jul | Ago | Sep | Oct | Nov | Des 

Resum pel 05 2020
MONTHLY CLIMATOLOGICAL SUMMARY for MAY. 2020 NAME: Meteo Santpedor CITY: Santpedor STATE: Bages ELEV: 331 m LAT: 41° 47' 08" N LONG: 1° 50' 24" E TEMPERATURE (°C), RAIN (mm), WIND SPEED (km/hr) HEAT COOL AVG MEAN DEG DEG WIND DOM DAY TEMP HIGH TIME LOW TIME DAYS DAYS RAIN SPEED HIGH TIME DIR ------------------------------------------------------------------------------------ 1 19.3 24.8 15:30 13.2 5:00 0.4 4.2 0.0 6.8 40.2 13:15 W 2 20.5 27.3 14:50 12.6 4:35 0.4 5.3 0.0 4.8 32.2 15:55 W 3 19.4 27.4 14:35 12.1 4:55 0.5 4.4 0.0 2.9 20.9 15:25 SE 4 19.7 27.7 14:05 12.0 5:00 0.7 4.9 0.0 2.9 25.7 15:00 SE 5 19.2 26.2 14:30 12.5 5:05 0.5 4.1 0.0 1.6 14.5 13:50 ESE 6 20.3 28.9 14:20 12.3 4:30 0.5 5.3 0.0 3.4 25.7 17:30 SE 7 19.3 27.2 12:50 12.3 5:05 0.5 4.3 0.0 2.9 24.1 14:15 SSE 8 18.7 26.8 14:45 11.2 4:35 0.9 4.0 0.0 3.2 24.1 15:25 SE 9 16.2 21.5 14:35 9.9 4:05 1.2 2.0 0.0 2.3 16.1 16:05 ESE 10 15.4 17.6 11:40 13.2 20:30 0.5 0.4 26.4 3.4 24.1 10:45 W 11 17.2 23.1 16:45 12.4 4:40 0.8 2.5 0.0 6.9 41.8 14:35 W 12 16.2 21.0 13:50 9.9 4:30 1.1 1.8 0.0 3.2 22.5 13:55 ESE 13 17.9 22.9 12:55 12.8 23:35 0.5 2.9 0.2 4.5 29.0 12:35 W 14 13.4 17.9 9:50 10.8 5:40 2.3 0.3 15.2 1.1 11.3 12:30 ESE 15 16.2 21.7 17:00 11.1 2:20 1.2 1.9 1.4 2.9 24.1 15:00 SSE 16 14.7 21.7 10:55 11.7 23:35 1.7 0.9 16.4 2.1 32.2 12:55 W 17 17.3 24.1 16:25 10.5 5:05 1.3 3.1 0.0 2.6 20.9 13:50 W 18 18.4 26.9 14:10 9.8 4:15 1.1 3.9 0.0 2.3 16.1 13:15 SE 19 19.9 28.2 13:55 10.8 4:40 0.9 5.2 0.0 2.9 19.3 13:55 ESE 20 20.8 30.2 14:50 10.7 4:05 0.7 6.0 0.0 2.7 24.1 15:25 SE 21 22.6 31.7 13:30 13.0 4:25 0.2 7.4 0.0 2.1 24.1 13:05 ESE 22 22.8 31.5 14:05 14.4 4:35 0.1 7.4 0.0 3.5 29.0 15:15 SE 23 21.8 30.2 14:20 13.1 4:30 0.2 6.5 0.6 3.5 22.5 17:30 ESE 24 20.3 26.7 12:45 16.7 5:00 0.0 4.8 0.0 4.0 22.5 14:25 SSE 25 20.8 26.3 13:05 16.3 23:10 0.0 5.3 0.0 2.7 20.9 11:45 ESE 26 21.5 29.4 15:20 13.1 4:40 0.2 6.2 0.0 3.2 22.5 16:15 ESE 27 21.1 28.1 11:50 13.3 4:35 0.2 5.8 0.0 3.5 25.7 13:10 SSE 28 20.8 27.0 13:25 14.6 4:00 0.0 5.3 0.0 4.7 27.4 13:50 SE 29 19.0 29.1 11:50 12.6 4:20 0.4 3.9 7.8 3.5 35.4 15:55 ESE 30 18.2 24.7 13:05 13.2 5:15 0.5 3.2 0.2 4.3 29.0 14:05 SE 31 19.3 25.9 14:35 13.2 3:25 0.4 4.2 0.0 3.9 27.4 15:35 SE ------------------------------------------------------------------------------------- 19.0 31.7 21 9.8 18 19.9 127.5 68.2 3.4 41.8 11 SE Max >= 32.0: 0 Max <= 0.0: 0 Min <= 0.0: 0 Min <= -18.0: 0 Max Rain: 26.39 ON 10/05/20 Days of Rain: 8 (> .2 mm) 4 (> 2 mm) 1 (> 20 mm) Heat Base: 15.5 Cool Base: 15.5 Method: Integration