Resums mensuals i anuals

2020: Gen | Feb | Mar | Abr | Mai | Jun | Jul | Ago | Sep | Oct | Nov | Des 
2019: Gen | Feb | Mar | Abr | Mai | Jun | Jul | Ago | Sep | Oct | Nov | Des 
2018: Gen | Feb | Mar | Abr | Mai | Jun | Jul | Ago | Sep | Oct | Nov | Des 
2017: Gen | Feb | Mar | Abr | Mai | Jun | Jul | Ago | Sep | Oct | Nov | Des 
2016: Gen | Feb | Mar | Abr | Mai | Jun | Jul | Ago | Sep | Oct | Nov | Des 
2015: Gen | Feb | Mar | Abr | Mai | Jun | Jul | Ago | Sep | Oct | Nov | Des 
2014: Gen | Feb | Mar | Abr | Mai | Jun | Jul | Ago | Sep | Oct | Nov | Des 
2013: Gen | Feb | Mar | Abr | Mai | Jun | Jul | Ago | Sep | Oct | Nov | Des 
2012: Gen | Feb | Mar | Abr | Mai | Jun | Jul | Ago | Sep | Oct | Nov | Des 
2011: Gen | Feb | Mar | Abr | Mai | Jun | Jul | Ago | Sep | Oct | Nov | Des 
2010: Gen | Feb | Mar | Abr | Mai | Jun | Jul | Ago | Sep | Oct | Nov | Des 

Resum pel 04 2020
MONTHLY CLIMATOLOGICAL SUMMARY for APR. 2020 NAME: Meteo Santpedor CITY: Santpedor STATE: Bages ELEV: 331 m LAT: 41° 47' 08" N LONG: 1° 50' 24" E TEMPERATURE (°C), RAIN (mm), WIND SPEED (km/hr) HEAT COOL AVG MEAN DEG DEG WIND DOM DAY TEMP HIGH TIME LOW TIME DAYS DAYS RAIN SPEED HIGH TIME DIR ------------------------------------------------------------------------------------ 1 9.6 11.3 14:00 8.1 18:35 6.0 0.0 5.2 6.4 32.2 12:15 NE 2 10.9 15.8 13:35 7.7 4:20 4.5 0.0 0.0 5.0 24.1 9:10 NNW 3 10.5 16.8 16:25 3.7 5:20 5.1 0.1 0.0 2.3 22.5 12:00 W 4 11.4 19.4 14:05 3.9 5:35 4.8 0.8 0.0 2.6 20.9 13:40 ESE 5 10.6 18.9 14:50 2.5 5:05 5.5 0.6 0.0 2.7 22.5 15:45 SE 6 11.9 19.2 13:45 4.7 5:00 4.3 0.7 0.0 2.7 27.4 13:10 SE 7 11.9 17.1 14:50 7.3 4:50 3.7 0.1 0.0 1.3 12.9 12:55 W 8 13.7 21.1 13:45 6.3 5:45 3.1 1.3 0.0 2.6 22.5 15:00 SE 9 13.2 21.3 13:20 6.2 5:55 3.6 1.4 0.0 2.9 20.9 15:25 SE 10 13.2 22.3 14:10 5.0 5:15 3.8 1.5 0.0 2.7 20.9 15:30 SE 11 13.1 19.6 17:00 5.8 4:45 3.5 1.0 0.0 1.9 19.3 12:05 SSE 12 12.8 20.6 12:40 5.2 5:15 3.9 1.2 0.0 2.7 24.1 13:30 SE 13 10.6 13.8 11:55 7.2 4:10 4.9 0.0 14.2 3.2 27.4 16:00 NNW 14 14.8 21.3 13:20 8.9 5:45 2.3 1.6 0.0 3.1 19.3 12:45 SE 15 14.2 20.5 14:10 7.3 5:30 2.5 1.2 0.0 3.4 27.4 11:35 ESE 16 16.1 21.4 14:15 13.2 5:10 0.9 1.5 0.0 2.7 20.9 16:05 SSE 17 16.6 22.8 16:30 12.8 3:15 0.9 2.0 0.0 2.9 20.9 17:25 ESE 18 15.9 22.6 15:50 10.5 5:00 1.5 1.9 3.6 3.4 33.8 18:30 SSE 19 14.5 16.1 16:30 12.7 6:00 1.0 0.0 26.6 1.8 17.7 3:00 NE 20 15.2 19.3 11:20 13.6 5:10 0.9 0.7 17.8 1.6 16.1 14:25 NW 21 13.6 14.9 10:30 12.3 21:45 1.9 0.0 19.8 3.7 27.4 18:35 NE 22 13.9 16.6 12:10 12.3 4:15 1.7 0.1 0.0 4.8 33.8 10:25 NE 23 16.0 21.9 15:25 11.8 4:05 1.2 1.7 0.0 2.1 17.7 15:15 ENE 24 16.8 22.9 12:30 11.5 23:40 1.0 2.3 3.2 3.2 22.5 14:25 SE 25 15.7 22.5 12:25 8.3 5:05 2.0 2.2 0.0 3.4 25.7 12:15 SE 26 16.2 24.1 13:10 10.3 3:30 1.6 2.2 1.6 2.6 20.9 13:50 ESE 27 14.6 18.7 16:35 11.2 5:35 1.6 0.7 5.2 1.4 38.6 23:15 ESE 28 14.9 21.0 13:40 9.3 4:55 2.0 1.5 2.6 4.3 35.4 13:25 W 29 15.1 21.6 16:05 7.5 4:55 2.4 1.9 0.0 4.2 30.6 13:25 W 30 16.2 21.7 16:25 9.2 5:10 1.6 2.4 0.0 6.1 43.5 10:15 W ------------------------------------------------------------------------------------- 13.8 24.1 26 2.5 5 83.5 32.6 99.8 3.1 43.5 30 SE Max >= 32.0: 0 Max <= 0.0: 0 Min <= 0.0: 0 Min <= -18.0: 0 Max Rain: 26.59 ON 19/04/20 Days of Rain: 10 (> .2 mm) 9 (> 2 mm) 1 (> 20 mm) Heat Base: 15.5 Cool Base: 15.5 Method: Integration