Resums mensuals i anuals

2020: Gen | Feb | Mar | Abr | Mai | Jun | Jul | Ago | Sep | Oct | Nov | Des 
2019: Gen | Feb | Mar | Abr | Mai | Jun | Jul | Ago | Sep | Oct | Nov | Des 
2018: Gen | Feb | Mar | Abr | Mai | Jun | Jul | Ago | Sep | Oct | Nov | Des 
2017: Gen | Feb | Mar | Abr | Mai | Jun | Jul | Ago | Sep | Oct | Nov | Des 
2016: Gen | Feb | Mar | Abr | Mai | Jun | Jul | Ago | Sep | Oct | Nov | Des 
2015: Gen | Feb | Mar | Abr | Mai | Jun | Jul | Ago | Sep | Oct | Nov | Des 
2014: Gen | Feb | Mar | Abr | Mai | Jun | Jul | Ago | Sep | Oct | Nov | Des 
2013: Gen | Feb | Mar | Abr | Mai | Jun | Jul | Ago | Sep | Oct | Nov | Des 
2012: Gen | Feb | Mar | Abr | Mai | Jun | Jul | Ago | Sep | Oct | Nov | Des 
2011: Gen | Feb | Mar | Abr | Mai | Jun | Jul | Ago | Sep | Oct | Nov | Des 
2010: Gen | Feb | Mar | Abr | Mai | Jun | Jul | Ago | Sep | Oct | Nov | Des 

Resum pel 03 2020
MONTHLY CLIMATOLOGICAL SUMMARY for MAR. 2020 NAME: Meteo Santpedor CITY: Santpedor STATE: Bages ELEV: 331 m LAT: 41° 47' 08" N LONG: 1° 50' 24" E TEMPERATURE (°C), RAIN (mm), WIND SPEED (km/hr) HEAT COOL AVG MEAN DEG DEG WIND DOM DAY TEMP HIGH TIME LOW TIME DAYS DAYS RAIN SPEED HIGH TIME DIR ------------------------------------------------------------------------------------ 1 13.6 18.2 15:20 10.2 7:00 2.4 0.4 0.0 6.1 41.8 14:45 WSW 2 10.1 14.9 12:55 5.1 00:00 5.4 0.0 10.2 7.6 61.2 10:20 W 3 8.2 11.7 21:50 4.4 4:45 7.3 0.0 0.0 6.6 49.9 13:15 W 4 10.7 19.5 15:35 4.3 6:25 5.2 0.4 0.0 3.4 25.7 12:50 NW 5 11.9 18.5 13:35 6.6 6:40 4.0 0.5 0.0 5.8 41.8 16:00 WSW 6 8.3 14.5 12:40 2.4 6:40 7.1 0.0 0.0 5.5 38.6 13:10 W 7 9.1 17.8 16:45 0.7 5:20 6.5 0.2 0.0 3.2 29.0 11:55 W 8 9.9 17.7 13:20 2.8 6:10 5.8 0.2 0.0 2.1 22.5 14:35 W 9 9.9 18.2 13:45 3.4 5:45 5.9 0.4 0.0 3.5 37.0 15:00 W 10 8.9 16.0 12:20 2.9 6:05 6.6 0.0 0.0 1.6 19.3 12:30 NW 11 12.5 23.7 15:55 3.2 4:55 4.7 1.7 0.0 1.1 11.3 12:00 SE 12 14.8 24.5 15:15 6.1 5:55 3.1 2.3 0.0 1.8 16.1 13:55 SSE 13 13.8 19.7 12:50 8.3 5:55 2.4 0.7 0.0 1.3 14.5 14:45 W 14 12.3 18.1 15:00 7.8 23:35 3.5 0.3 0.0 1.4 14.5 16:35 SSE 15 11.1 17.9 14:05 6.4 4:00 4.6 0.2 0.0 2.6 20.9 14:35 SE 16 11.3 12.8 11:05 10.3 14:45 4.2 0.0 26.0 4.8 29.0 17:25 NE 17 12.9 16.4 14:20 9.1 00:00 2.6 0.1 0.0 2.9 22.5 0:10 NE 18 11.3 18.8 13:45 7.0 6:05 4.5 0.3 0.0 1.0 16.1 15:15 ESE 19 10.1 18.2 13:30 3.8 6:05 5.8 0.4 0.0 2.1 22.5 13:35 SSE 20 8.8 17.3 14:10 2.7 5:00 6.9 0.2 0.0 2.1 20.9 15:15 SSE 21 10.2 17.3 14:35 1.9 5:25 5.5 0.2 0.0 2.3 16.1 13:30 SE 22 11.8 17.5 12:45 6.8 5:40 3.8 0.1 2.4 1.6 16.1 15:40 ESE 23 11.1 13.4 14:00 9.1 00:00 4.4 0.0 6.0 2.1 16.1 17:00 NE 24 10.3 14.6 12:15 7.1 23:45 5.2 0.0 0.0 3.5 19.3 8:25 NE 25 7.4 11.8 13:10 3.3 00:00 8.1 0.0 0.0 3.9 22.5 6:35 NE 26 5.3 11.1 10:40 0.3 5:55 10.2 0.0 0.0 4.3 30.6 11:40 ENE 27 6.3 13.4 13:35 -1.1 5:40 9.2 0.0 0.0 1.3 16.1 16:15 ESE 28 10.6 18.1 13:25 5.3 5:40 5.3 0.3 0.0 1.1 12.9 14:20 ESE 29 11.2 20.4 14:25 3.1 5:35 5.0 0.7 2.6 2.6 25.7 15:50 NE 30 7.4 10.0 0:05 5.9 23:55 8.1 0.0 0.6 1.9 19.3 9:25 W 31 9.3 12.7 13:05 5.7 0:15 6.2 0.0 4.2 2.3 14.5 13:40 NE ------------------------------------------------------------------------------------- 10.3 24.5 12 -1.1 27 169.7 9.6 52.0 3.0 61.2 2 W Max >= 32.0: 0 Max <= 0.0: 0 Min <= 0.0: 1 Min <= -18.0: 0 Max Rain: 26.01 ON 16/03/20 Days of Rain: 7 (> .2 mm) 6 (> 2 mm) 1 (> 20 mm) Heat Base: 15.5 Cool Base: 15.5 Method: Integration