Resums mensuals i anuals

2020: Gen | Feb | Mar | Abr | Mai | Jun | Jul | Ago | Sep | Oct | Nov | Des 
2019: Gen | Feb | Mar | Abr | Mai | Jun | Jul | Ago | Sep | Oct | Nov | Des 
2018: Gen | Feb | Mar | Abr | Mai | Jun | Jul | Ago | Sep | Oct | Nov | Des 
2017: Gen | Feb | Mar | Abr | Mai | Jun | Jul | Ago | Sep | Oct | Nov | Des 
2016: Gen | Feb | Mar | Abr | Mai | Jun | Jul | Ago | Sep | Oct | Nov | Des 
2015: Gen | Feb | Mar | Abr | Mai | Jun | Jul | Ago | Sep | Oct | Nov | Des 
2014: Gen | Feb | Mar | Abr | Mai | Jun | Jul | Ago | Sep | Oct | Nov | Des 
2013: Gen | Feb | Mar | Abr | Mai | Jun | Jul | Ago | Sep | Oct | Nov | Des 
2012: Gen | Feb | Mar | Abr | Mai | Jun | Jul | Ago | Sep | Oct | Nov | Des 
2011: Gen | Feb | Mar | Abr | Mai | Jun | Jul | Ago | Sep | Oct | Nov | Des 
2010: Gen | Feb | Mar | Abr | Mai | Jun | Jul | Ago | Sep | Oct | Nov | Des 

Resum pel 01 2020
MONTHLY CLIMATOLOGICAL SUMMARY for JAN. 2020 NAME: Vantage VUE CITY: Santpedor STATE: Bages ELEV: 331 m LAT: 41° 47' 08" N LONG: 1° 50' 24" E TEMPERATURE (°C), RAIN (mm), WIND SPEED (km/hr) HEAT COOL AVG MEAN DEG DEG WIND DOM DAY TEMP HIGH TIME LOW TIME DAYS DAYS RAIN SPEED HIGH TIME DIR ------------------------------------------------------------------------------------ 1 5.1 10.0 14:50 1.8 00:00 13.2 0.0 0.0 2.1 12.9 0:20 WNW 2 2.6 5.7 15:15 0.3 8:00 15.7 0.0 0.0 0.5 6.4 10:55 NE 3 2.4 6.4 14:40 -0.6 7:20 15.9 0.0 0.2 0.8 8.0 11:00 ESE 4 2.6 10.0 13:45 -1.8 7:35 15.7 0.0 0.2 1.6 16.1 15:30 WSW 5 3.3 10.8 14:45 -1.4 7:15 15.0 0.0 0.0 1.0 9.7 13:15 WSW 6 4.1 12.9 15:40 -1.1 7:20 14.2 0.0 0.0 0.6 6.4 11:00 ESE 7 3.6 10.6 14:05 -1.1 7:05 14.7 0.0 0.0 1.1 11.3 15:40 ESE 8 5.5 13.9 15:55 -0.4 7:05 12.8 0.0 0.0 0.6 8.0 10:45 ESE 9 5.6 13.3 15:05 0.4 6:40 12.7 0.0 0.0 0.6 11.3 15:15 SE 10 6.2 8.7 13:55 4.6 0:50 12.1 0.0 4.4 1.4 14.5 11:10 WSW 11 4.4 8.4 15:10 0.0 23:50 13.9 0.0 0.0 2.1 16.1 1:55 WSW 12 2.8 11.4 16:05 -2.4 7:30 15.4 0.0 0.0 0.6 6.4 13:25 WSW 13 2.8 9.7 14:00 -2.3 7:30 15.5 0.0 0.0 0.6 6.4 12:15 ESE 14 3.6 12.8 15:05 -2.1 7:25 14.7 0.0 0.0 1.0 11.3 13:15 W 15 3.8 11.8 15:45 -1.8 7:15 14.5 0.0 0.0 1.1 14.5 17:40 WSW 16 5.7 14.8 15:15 -0.8 6:20 12.6 0.0 0.0 0.8 11.3 15:20 WNW 17 7.9 14.4 13:20 1.9 7:15 10.4 0.0 0.0 3.4 27.4 14:10 W 18 6.3 13.4 15:55 0.7 3:25 12.0 0.0 0.0 1.8 14.5 11:20 WSW 19 8.2 11.7 14:05 4.9 4:25 10.1 0.0 0.6 6.4 35.4 16:35 NE 20 7.6 8.7 4:25 6.2 20:55 10.7 0.0 0.0 16.3 57.9 15:15 NE 21 7.2 10.6 19:25 3.9 4:15 11.1 0.0 28.0 15.6 56.3 0:20 NNE 22 9.3 12.9 19:20 6.2 6:00 9.0 0.0 22.2 6.8 45.1 4:35 NE 23 9.1 13.2 15:25 4.4 23:55 9.2 0.0 16.4 2.4 25.7 3:40 NNE 24 5.6 13.0 15:20 1.1 7:30 12.7 0.0 0.2 0.5 6.4 11:25 ESE 25 6.4 9.4 16:05 3.7 5:40 11.9 0.0 0.2 0.5 6.4 2:25 ESE 26 7.8 12.9 12:55 3.1 7:10 10.5 0.0 0.0 1.1 14.5 13:00 W 27 7.0 11.2 12:35 3.2 7:20 11.3 0.0 0.0 2.6 25.7 13:05 WSW 28 9.0 14.9 14:50 5.2 7:00 9.3 0.0 0.0 2.1 22.5 12:30 WSW 29 8.1 15.7 15:20 2.6 4:05 10.3 0.0 0.0 1.4 17.7 15:50 NW 30 9.4 16.8 13:35 4.3 5:05 8.9 0.0 0.0 1.6 19.3 13:05 WSW 31 10.6 17.9 14:40 5.7 5:15 7.7 0.0 0.0 1.3 16.1 15:50 WSW ------------------------------------------------------------------------------------- 5.9 17.9 31 -2.4 12 383.7 0.0 72.4 2.6 57.9 20 WSW Max >= 32.0: 0 Max <= 0.0: 0 Min <= 0.0: 12 Min <= -18.0: 0 Max Rain: 27.99 ON 21/01/20 Days of Rain: 9 (> .2 mm) 4 (> 2 mm) 2 (> 20 mm) Heat Base: 18.3 Cool Base: 18.3 Method: Integration