Resums mensuals i anuals

2021: Gen | Feb | Mar | Abr | Mai | Jun | Jul | Ago | Sep | Oct | Nov | Des 
2020: Gen | Feb | Mar | Abr | Mai | Jun | Jul | Ago | Sep | Oct | Nov | Des 
2019: Gen | Feb | Mar | Abr | Mai | Jun | Jul | Ago | Sep | Oct | Nov | Des 
2018: Gen | Feb | Mar | Abr | Mai | Jun | Jul | Ago | Sep | Oct | Nov | Des 
2017: Gen | Feb | Mar | Abr | Mai | Jun | Jul | Ago | Sep | Oct | Nov | Des 
2016: Gen | Feb | Mar | Abr | Mai | Jun | Jul | Ago | Sep | Oct | Nov | Des 
2015: Gen | Feb | Mar | Abr | Mai | Jun | Jul | Ago | Sep | Oct | Nov | Des 
2014: Gen | Feb | Mar | Abr | Mai | Jun | Jul | Ago | Sep | Oct | Nov | Des 
2013: Gen | Feb | Mar | Abr | Mai | Jun | Jul | Ago | Sep | Oct | Nov | Des 
2012: Gen | Feb | Mar | Abr | Mai | Jun | Jul | Ago | Sep | Oct | Nov | Des 
2011: Gen | Feb | Mar | Abr | Mai | Jun | Jul | Ago | Sep | Oct | Nov | Des 
2010: Gen | Feb | Mar | Abr | Mai | Jun | Jul | Ago | Sep | Oct | Nov | Des 

Resum pel 2020
ANNUAL CLIMATOLOGICAL SUMMARY NAME: Meteo Santpedor CITY: Santpedor STATE: Bages ELEV: 331 m LAT: 41° 47' 08" N LONG: 1° 50' 24" E TEMPERATURE (°C), HEAT BASE 15.5, COOL BASE 15.5 DEP. HEAT COOL MEAN MEAN FROM DEG DEG MAX MAX MIN MIN YR MO MAX MIN MEAN NORM DAYS DAYS HI DATE LOW DATE >=32 <=0 <=0 <=-18 ------------------------------------------------------------------------------------ 20 1 11.9 1.6 5.9 0.3 297 0 17.9 31 -2.4 12 0 0 12 0 20 2 17.0 4.6 10.0 3.2 168 8 20.9 24 -0.3 6 0 0 1 0 20 3 16.6 5.0 10.3 -0.1 170 10 24.5 12 -1.1 27 0 0 1 0 20 4 19.6 8.5 13.8 0.3 84 33 24.1 26 2.5 5 0 0 0 0 20 5 25.9 12.4 19.0 2.2 20 127 31.7 21 9.8 18 0 0 0 0 20 6 26.8 14.6 20.3 -1.4 10 154 32.2 28 9.4 9 2 0 0 0 20 7 32.6 17.9 24.8 0.5 0 290 37.8 31 15.3 15 19 0 0 0 20 8 32.0 18.3 24.8 0.7 2 290 36.9 8 10.6 31 18 0 0 0 20 9 27.2 13.8 19.9 -0.5 14 146 32.1 13 6.8 26 1 0 0 0 20 10 20.7 7.7 13.7 -2.6 96 40 26.2 1 1.6 16 0 0 0 0 20 11 16.9 6.0 10.6 0.7 156 10 25.2 2 -1.4 22 0 0 3 0 20 12 11.0 1.9 6.1 0.1 291 0 16.0 15 -3.2 27 0 0 8 0 ------------------------------------------------------------------------------------ 21.5 9.4 15.0 0.3 1306 1107 37.8 JUL -3.2 DEC 40 0 25 0 PRECIPITATION (mm) DEP. MAX DAYS OF RAIN FROM OBS. OVER YR MO TOTAL NORM DAY DATE .2 2 20 --------------------------------------------- 20 1 72.4 43.5 28.0 21 9 4 2 20 2 0.2 -18.2 0.2 2 1 0 0 20 3 52.0 19.0 26.0 16 7 6 1 20 4 99.8 48.7 26.6 19 10 9 1 20 5 68.2 7.5 26.4 10 8 4 1 20 6 90.2 50.2 28.2 7 7 6 2 20 7 20.8 -11.5 15.8 13 6 2 0 20 8 20.6 -24.9 12.2 29 4 2 0 20 9 16.6 -41.4 8.2 9 5 2 0 20 10 33.4 -34.6 16.6 14 6 4 0 20 11 66.9 15.6 19.8 4 20 5 0 20 12 12.6 -16.4 3.0 18 11 4 0 --------------------------------------------- 553.7 37.5 28.2 JUN 94 48 7 WIND SPEED (km/hr) DOM YR MO AVG. HI DATE DIR --------------------------------- 20 1 2.6 57.9 20 WSW 20 2 2.1 38.6 26 WSW 20 3 3.0 61.2 2 W 20 4 3.1 43.5 30 SE 20 5 3.4 41.8 11 SE 20 6 3.8 37.0 4 SE 20 7 4.0 40.2 2 SE 20 8 4.0 43.5 9 SE 20 9 3.0 49.9 25 W 20 10 2.5 51.5 14 W 20 11 1.2 27.4 7 NNW 20 12 1.7 45.1 28 W --------------------------------- 2.9 61.2 MAR SE