Resums mensuals i anuals

2020: Gen | Feb | Mar | Abr | Mai | Jun | Jul | Ago | Sep | Oct | Nov | Des 
2019: Gen | Feb | Mar | Abr | Mai | Jun | Jul | Ago | Sep | Oct | Nov | Des 
2018: Gen | Feb | Mar | Abr | Mai | Jun | Jul | Ago | Sep | Oct | Nov | Des 
2017: Gen | Feb | Mar | Abr | Mai | Jun | Jul | Ago | Sep | Oct | Nov | Des 
2016: Gen | Feb | Mar | Abr | Mai | Jun | Jul | Ago | Sep | Oct | Nov | Des 
2015: Gen | Feb | Mar | Abr | Mai | Jun | Jul | Ago | Sep | Oct | Nov | Des 
2014: Gen | Feb | Mar | Abr | Mai | Jun | Jul | Ago | Sep | Oct | Nov | Des 
2013: Gen | Feb | Mar | Abr | Mai | Jun | Jul | Ago | Sep | Oct | Nov | Des 
2012: Gen | Feb | Mar | Abr | Mai | Jun | Jul | Ago | Sep | Oct | Nov | Des 
2011: Gen | Feb | Mar | Abr | Mai | Jun | Jul | Ago | Sep | Oct | Nov | Des 
2010: Gen | Feb | Mar | Abr | Mai | Jun | Jul | Ago | Sep | Oct | Nov | Des 

Resum pel 11 2019
MONTHLY CLIMATOLOGICAL SUMMARY for NOV. 2019 NAME: Vantage VUE CITY: Santpedor STATE: Bages ELEV: 331 m LAT: 41° 47' 08" N LONG: 1° 50' 24" E TEMPERATURE (°C), RAIN (mm), WIND SPEED (km/hr) HEAT COOL AVG MEAN DEG DEG WIND DOM DAY TEMP HIGH TIME LOW TIME DAYS DAYS RAIN SPEED HIGH TIME DIR ------------------------------------------------------------------------------------ 1 14.3 20.1 15:45 9.3 5:30 4.1 0.1 0.8 0.8 9.7 22:30 ESE 2 16.3 21.9 14:20 11.5 6:25 2.7 0.7 0.8 2.9 29.0 13:25 W 3 15.2 18.0 14:15 12.0 22:45 3.1 0.0 0.8 8.0 41.8 12:35 W 4 15.6 21.0 15:10 8.8 5:15 3.2 0.5 0.0 5.0 41.8 11:45 W 5 12.6 16.0 13:20 9.4 00:00 5.7 0.0 1.0 6.6 41.8 13:45 W 6 10.2 16.9 15:00 5.1 6:20 8.1 0.0 0.0 2.4 19.3 12:40 NW 7 9.3 14.6 13:05 5.3 2:00 9.0 0.0 0.0 1.9 19.3 13:20 WSW 8 7.8 12.6 14:25 4.9 5:50 10.5 0.0 0.0 5.6 38.6 15:10 W 9 8.4 13.7 14:25 2.4 6:15 9.9 0.0 0.0 3.2 32.2 12:10 WSW 10 9.0 14.1 14:20 3.8 23:40 9.3 0.0 0.2 3.2 22.5 13:45 W 11 5.9 12.5 14:00 0.3 4:45 12.4 0.0 0.0 2.1 16.1 15:00 NW 12 8.7 15.8 13:25 2.4 5:45 9.6 0.0 0.0 3.7 29.0 15:05 W 13 7.0 13.3 15:10 3.3 6:20 11.3 0.0 0.0 1.4 17.7 15:20 ESE 14 5.8 8.7 15:50 1.5 23:55 12.5 0.0 2.0 1.8 29.0 12:15 NW 15 3.9 9.3 14:10 -0.2 6:20 14.4 0.0 0.2 2.4 22.5 14:15 WSW 16 3.9 9.5 13:15 0.4 4:35 14.4 0.0 0.0 2.7 24.1 14:05 WSW 17 5.1 11.1 14:45 -0.4 3:40 13.2 0.0 0.0 2.3 14.5 9:20 NW 18 6.6 13.3 13:45 1.9 6:25 11.7 0.0 0.0 2.3 27.4 14:40 WSW 19 3.9 11.0 14:50 -0.7 6:45 14.3 0.0 0.0 1.3 11.3 11:35 ESE 20 3.6 10.7 13:45 -2.1 7:00 14.7 0.0 0.0 0.8 9.7 20:10 NW 21 5.6 12.3 15:15 0.7 4:15 12.7 0.0 0.0 1.8 24.1 12:40 WSW 22 6.4 12.1 23:55 1.5 3:05 11.9 0.0 17.4 1.0 11.3 19:45 SE 23 9.8 12.9 11:20 6.3 6:50 8.5 0.0 0.2 3.7 29.0 13:20 W 24 8.4 14.6 15:10 3.6 7:00 9.9 0.0 0.0 1.9 17.7 13:35 WSW 25 8.1 14.2 14:25 3.9 7:00 10.2 0.0 0.0 1.4 14.5 1:20 NW 26 9.0 16.4 13:40 2.5 7:20 9.3 0.0 0.2 1.3 17.7 13:45 WSW 27 12.3 15.8 11:05 8.1 4:30 6.0 0.0 0.0 3.2 29.0 11:25 W 28 12.4 16.8 14:25 7.3 6:45 5.9 0.0 0.0 3.5 30.6 15:05 WSW 29 12.1 16.9 14:30 8.5 7:00 6.2 0.0 0.0 2.1 19.3 4:15 SE 30 10.9 16.9 15:05 8.1 7:40 7.4 0.0 0.0 0.8 9.7 6:30 WSW ------------------------------------------------------------------------------------- 8.9 21.9 2 -2.1 20 282.4 1.4 23.6 2.7 41.8 3 WSW Max >= 32.0: 0 Max <= 0.0: 0 Min <= 0.0: 4 Min <= -18.0: 0 Max Rain: 17.40 ON 22/11/19 Days of Rain: 10 (> .2 mm) 2 (> 2 mm) 0 (> 20 mm) Heat Base: 18.3 Cool Base: 18.3 Method: Integration