Resums mensuals i anuals

2019: Gen | Feb | Mar | Abr | Mai | Jun | Jul | Ago | Sep | Oct | Nov | Des 
2018: Gen | Feb | Mar | Abr | Mai | Jun | Jul | Ago | Sep | Oct | Nov | Des 
2017: Gen | Feb | Mar | Abr | Mai | Jun | Jul | Ago | Sep | Oct | Nov | Des 
2016: Gen | Feb | Mar | Abr | Mai | Jun | Jul | Ago | Sep | Oct | Nov | Des 
2015: Gen | Feb | Mar | Abr | Mai | Jun | Jul | Ago | Sep | Oct | Nov | Des 
2014: Gen | Feb | Mar | Abr | Mai | Jun | Jul | Ago | Sep | Oct | Nov | Des 
2013: Gen | Feb | Mar | Abr | Mai | Jun | Jul | Ago | Sep | Oct | Nov | Des 
2012: Gen | Feb | Mar | Abr | Mai | Jun | Jul | Ago | Sep | Oct | Nov | Des 
2011: Gen | Feb | Mar | Abr | Mai | Jun | Jul | Ago | Sep | Oct | Nov | Des 
2010: Gen | Feb | Mar | Abr | Mai | Jun | Jul | Ago | Sep | Oct | Nov | Des 

Resum pel 09 2019
MONTHLY CLIMATOLOGICAL SUMMARY for SEP. 2019 NAME: Vantage VUE CITY: Santpedor STATE: Bages ELEV: 331 m LAT: 41 47' 08" N LONG: 1 50' 24" E TEMPERATURE (C), RAIN (mm), WIND SPEED (km/hr) HEAT COOL AVG MEAN DEG DEG WIND DOM DAY TEMP HIGH TIME LOW TIME DAYS DAYS RAIN SPEED HIGH TIME DIR ------------------------------------------------------------------------------------ 1 22.1 29.8 14:35 15.9 5:05 0.4 4.2 5.4 3.4 24.1 15:55 SE 2 22.3 27.8 15:15 18.6 0:10 0.0 4.0 0.0 3.7 22.5 10:15 WSW 3 22.2 29.6 15:00 16.4 5:20 0.2 4.0 0.0 3.4 24.1 15:20 SE 4 22.7 31.1 13:20 15.2 5:20 0.5 4.9 0.0 3.2 25.7 16:30 SE 5 21.3 28.6 14:15 16.5 5:30 0.2 3.2 0.0 4.5 29.0 14:55 SE 6 19.9 26.6 15:45 13.2 5:20 1.0 2.6 0.0 3.5 20.9 11:30 W 7 19.4 27.2 15:45 13.1 6:15 1.4 2.5 0.0 3.4 24.1 17:00 ESE 8 19.1 26.0 13:10 13.3 4:45 1.2 2.0 0.0 4.3 30.6 14:00 SE 9 20.7 26.2 13:05 15.6 5:45 0.5 2.9 0.0 4.7 25.7 14:45 SE 10 15.1 19.4 0:05 12.8 23:15 3.3 0.1 9.8 3.2 20.9 5:15 NW 11 19.0 24.6 15:50 12.9 0:10 1.1 1.8 0.4 6.4 37.0 12:35 NE 12 20.8 30.7 15:00 12.3 5:40 1.4 4.0 0.0 2.3 24.1 16:35 NW 13 20.6 27.1 15:35 12.7 6:05 1.3 3.5 0.0 3.5 37.0 23:45 NE 14 23.6 30.1 12:10 16.3 5:55 0.1 5.4 0.0 3.4 22.5 14:55 ENE 15 23.3 30.2 13:40 16.7 5:30 0.1 5.1 0.0 3.9 24.1 12:35 ESE 16 22.2 30.4 13:35 14.9 5:50 0.6 4.5 0.0 2.4 17.7 14:25 SSE 17 22.5 31.0 13:30 15.1 5:30 0.5 4.7 0.0 2.9 27.4 16:10 SE 18 21.3 31.4 12:50 15.7 23:05 0.7 3.8 1.8 3.7 27.4 13:50 SE 19 20.2 29.6 13:50 14.8 5:40 0.9 2.7 1.8 3.4 32.2 15:35 SE 20 20.9 28.2 14:20 14.7 5:05 0.7 3.3 0.0 2.6 22.5 15:15 SE 21 18.8 21.9 14:15 17.5 3:10 0.1 0.6 11.8 2.1 17.7 8:35 NNW 22 21.4 28.2 15:10 16.2 3:45 0.5 3.6 0.0 3.4 33.8 15:35 WSW 23 20.2 25.2 14:10 14.8 5:50 0.5 2.4 0.0 4.0 33.8 11:35 WSW 24 21.4 29.7 14:15 12.4 5:10 1.4 4.5 0.0 3.5 32.2 11:30 WSW 25 20.4 26.0 13:25 15.4 6:00 0.4 2.4 0.0 4.2 29.0 14:40 SE 26 20.7 28.4 15:15 14.7 5:05 0.8 3.2 0.0 2.4 19.3 15:00 SE 27 21.0 27.8 13:15 13.9 5:30 0.9 3.6 0.0 3.4 24.1 13:40 SE 28 21.4 26.1 13:45 16.2 00:00 0.1 3.2 0.0 4.0 29.0 14:35 SE 29 20.9 31.1 14:45 13.6 5:20 1.3 3.9 0.0 2.4 27.4 13:50 WSW 30 20.2 27.7 14:15 13.6 5:55 1.0 3.0 0.0 3.7 27.4 15:15 SE ------------------------------------------------------------------------------------- 20.9 31.4 18 12.3 12 23.1 99.7 31.0 3.5 37.0 11 SE Max >= 32.0: 0 Max <= 0.0: 0 Min <= 0.0: 0 Min <= -18.0: 0 Max Rain: 11.81 ON 21/09/19 Days of Rain: 6 (> .2 mm) 3 (> 2 mm) 0 (> 20 mm) Heat Base: 18.3 Cool Base: 18.3 Method: Integration