Resums mensuals i anuals

2019: Gen | Feb | Mar | Abr | Mai | Jun | Jul | Ago | Sep | Oct | Nov | Des 
2018: Gen | Feb | Mar | Abr | Mai | Jun | Jul | Ago | Sep | Oct | Nov | Des 
2017: Gen | Feb | Mar | Abr | Mai | Jun | Jul | Ago | Sep | Oct | Nov | Des 
2016: Gen | Feb | Mar | Abr | Mai | Jun | Jul | Ago | Sep | Oct | Nov | Des 
2015: Gen | Feb | Mar | Abr | Mai | Jun | Jul | Ago | Sep | Oct | Nov | Des 
2014: Gen | Feb | Mar | Abr | Mai | Jun | Jul | Ago | Sep | Oct | Nov | Des 
2013: Gen | Feb | Mar | Abr | Mai | Jun | Jul | Ago | Sep | Oct | Nov | Des 
2012: Gen | Feb | Mar | Abr | Mai | Jun | Jul | Ago | Sep | Oct | Nov | Des 
2011: Gen | Feb | Mar | Abr | Mai | Jun | Jul | Ago | Sep | Oct | Nov | Des 
2010: Gen | Feb | Mar | Abr | Mai | Jun | Jul | Ago | Sep | Oct | Nov | Des 

Resum pel 08 2019
MONTHLY CLIMATOLOGICAL SUMMARY for AUG. 2019 NAME: Vantage VUE CITY: Santpedor STATE: Bages ELEV: 331 m LAT: 41 47' 08" N LONG: 1 50' 24" E TEMPERATURE (C), RAIN (mm), WIND SPEED (km/hr) HEAT COOL AVG MEAN DEG DEG WIND DOM DAY TEMP HIGH TIME LOW TIME DAYS DAYS RAIN SPEED HIGH TIME DIR ------------------------------------------------------------------------------------ 1 25.1 32.5 14:30 18.3 4:55 0.0 6.8 0.0 4.2 25.7 12:15 SE 2 25.1 34.4 13:40 17.1 5:00 0.0 6.9 0.0 5.1 38.6 15:00 SE 3 25.4 33.3 12:40 17.0 5:05 0.1 7.2 0.0 5.0 32.2 13:35 SE 4 25.9 33.8 13:05 18.6 4:25 0.0 7.7 0.0 4.3 35.4 14:05 SE 5 26.6 34.2 13:35 18.3 4:55 0.0 8.2 0.0 4.3 29.0 14:45 SE 6 26.7 34.1 15:05 19.4 4:40 0.0 8.4 0.0 4.2 24.1 10:35 SE 7 26.1 32.2 12:45 22.2 5:25 0.0 7.8 0.0 4.7 33.8 13:00 SE 8 27.8 35.4 14:20 21.5 4:20 0.0 9.5 0.0 4.3 27.4 14:40 SE 9 29.4 38.2 13:50 20.6 5:10 0.0 11.1 0.0 4.2 38.6 13:55 SE 10 27.9 35.2 13:30 21.8 5:15 0.0 9.6 0.0 5.0 33.8 13:45 SE 11 26.5 34.5 13:50 20.4 5:00 0.0 8.2 0.0 3.9 32.2 14:30 SE 12 22.8 29.4 16:50 17.3 2:50 0.0 4.5 29.6 3.9 54.7 2:40 WSW 13 21.7 27.7 16:10 16.3 5:10 0.3 3.7 0.0 4.2 29.0 13:40 WSW 14 22.0 30.8 14:15 14.3 5:05 0.8 4.5 0.0 3.7 27.4 15:30 SE 15 24.1 31.6 15:00 18.0 4:55 0.0 5.8 0.0 5.3 30.6 16:10 SE 16 24.7 30.8 15:35 19.7 5:10 0.0 6.4 0.0 4.8 29.0 13:45 SE 17 24.9 32.7 13:50 18.1 5:10 0.0 6.6 0.0 4.7 32.2 15:30 SE 18 25.5 33.1 14:20 18.4 5:05 0.0 7.2 1.0 4.5 30.6 15:45 SE 19 24.3 30.1 13:40 19.2 3:55 0.0 6.0 0.0 3.9 24.1 15:40 SE 20 20.9 24.4 17:30 17.1 23:55 0.1 2.6 1.8 2.4 22.5 9:25 W 21 22.0 30.0 14:30 14.3 4:50 0.7 4.4 0.0 4.0 32.2 15:20 SE 22 24.3 32.1 14:45 18.9 5:35 0.0 6.0 0.0 3.7 27.4 15:10 SE 23 23.9 31.8 12:55 16.2 5:45 0.2 5.8 0.0 3.9 30.6 15:25 SE 24 24.8 33.0 13:55 17.2 5:25 0.1 6.5 0.0 4.5 30.6 16:15 SE 25 25.2 33.9 13:15 17.8 4:55 0.0 7.0 0.0 3.5 32.2 15:15 SE 26 24.1 32.6 12:30 16.4 5:25 0.2 5.9 0.0 3.7 25.7 13:10 SE 27 21.2 25.6 10:35 19.2 23:40 0.0 2.9 2.4 2.9 24.1 12:30 ESE 28 23.8 31.5 13:55 17.2 5:50 0.1 5.6 0.0 3.4 22.5 16:25 SE 29 24.7 32.3 13:10 18.0 5:05 0.0 6.4 0.0 3.9 27.4 15:25 SE 30 25.2 33.8 13:25 18.1 5:35 0.0 6.9 0.0 2.4 22.5 14:00 SE 31 22.9 33.6 12:05 17.6 14:55 0.0 4.7 22.0 2.9 51.5 14:25 SSE ------------------------------------------------------------------------------------- 24.7 38.2 9 14.3 14 2.6 200.8 56.8 4.0 54.7 12 SE Max >= 32.0: 20 Max <= 0.0: 0 Min <= 0.0: 0 Min <= -18.0: 0 Max Rain: 29.59 ON 12/08/19 Days of Rain: 5 (> .2 mm) 3 (> 2 mm) 2 (> 20 mm) Heat Base: 18.3 Cool Base: 18.3 Method: Integration