Resums mensuals i anuals

2019: Gen | Feb | Mar | Abr | Mai | Jun | Jul | Ago | Sep | Oct | Nov | Des 
2018: Gen | Feb | Mar | Abr | Mai | Jun | Jul | Ago | Sep | Oct | Nov | Des 
2017: Gen | Feb | Mar | Abr | Mai | Jun | Jul | Ago | Sep | Oct | Nov | Des 
2016: Gen | Feb | Mar | Abr | Mai | Jun | Jul | Ago | Sep | Oct | Nov | Des 
2015: Gen | Feb | Mar | Abr | Mai | Jun | Jul | Ago | Sep | Oct | Nov | Des 
2014: Gen | Feb | Mar | Abr | Mai | Jun | Jul | Ago | Sep | Oct | Nov | Des 
2013: Gen | Feb | Mar | Abr | Mai | Jun | Jul | Ago | Sep | Oct | Nov | Des 
2012: Gen | Feb | Mar | Abr | Mai | Jun | Jul | Ago | Sep | Oct | Nov | Des 
2011: Gen | Feb | Mar | Abr | Mai | Jun | Jul | Ago | Sep | Oct | Nov | Des 
2010: Gen | Feb | Mar | Abr | Mai | Jun | Jul | Ago | Sep | Oct | Nov | Des 

Resum pel 07 2019
MONTHLY CLIMATOLOGICAL SUMMARY for JUL. 2019 NAME: Vantage VUE CITY: Santpedor STATE: Bages ELEV: 325 m LAT: 41 47' 08" N LONG: 1 50' 24" E TEMPERATURE (C), RAIN (mm), WIND SPEED (km/hr) HEAT COOL AVG MEAN DEG DEG WIND DOM DAY TEMP HIGH TIME LOW TIME DAYS DAYS RAIN SPEED HIGH TIME DIR ------------------------------------------------------------------------------------ 1 27.6 35.5 11:55 18.7 4:10 0.0 9.2 0.0 5.3 38.6 14:10 SE 2 26.2 33.4 13:15 18.9 4:45 0.0 7.9 0.0 5.6 30.6 16:05 SE 3 25.4 34.6 13:15 19.0 4:10 0.0 7.1 0.0 4.8 40.2 16:40 ESE 4 26.2 34.5 12:35 16.8 4:30 0.1 8.0 0.0 3.9 32.2 15:05 SSE 5 27.1 34.6 14:50 18.8 4:40 0.0 8.8 0.0 5.0 29.0 15:50 SE 6 27.7 39.1 14:00 18.4 5:10 0.0 9.4 0.4 4.0 32.2 16:00 SE 7 26.7 37.5 13:40 19.3 4:20 0.0 8.4 0.2 4.7 32.2 14:45 SE 8 23.4 29.4 11:20 18.9 23:40 0.0 5.2 3.8 3.7 30.6 8:45 NE 9 21.8 28.9 13:30 16.7 6:35 0.2 3.7 4.0 5.0 33.8 18:05 NW 10 24.4 33.1 17:15 15.4 4:35 0.5 6.5 0.0 2.7 20.9 13:05 ESE 11 27.1 35.4 16:05 17.8 4:35 0.0 8.8 0.0 3.5 27.4 11:35 ESE 12 27.0 34.7 12:10 18.5 4:35 0.0 8.7 0.0 4.8 33.8 14:05 SE 13 26.0 33.8 13:30 19.4 4:50 0.0 7.7 0.0 4.8 33.8 15:55 SE 14 23.9 29.0 10:00 19.7 5:05 0.0 5.6 1.6 3.2 20.9 10:30 SE 15 24.3 31.4 13:30 18.2 4:55 0.0 6.0 0.0 5.3 32.2 15:20 SE 16 24.2 30.9 13:45 16.9 4:50 0.1 6.0 0.0 5.1 32.2 12:50 SE 17 21.2 31.0 13:05 16.3 17:10 0.4 3.2 34.2 3.5 41.8 16:50 NE 18 22.6 31.4 13:30 15.7 4:50 0.6 4.9 0.0 4.8 33.8 14:45 SE 19 24.1 29.6 13:30 17.9 4:35 0.0 5.8 0.0 4.5 30.6 14:05 SE 20 25.1 33.0 13:35 17.5 5:15 0.0 6.8 0.0 4.2 32.2 15:10 SE 21 26.1 33.3 13:30 18.6 5:05 0.0 7.8 0.0 4.8 30.6 13:50 SE 22 27.0 35.8 12:55 18.3 4:15 0.0 8.7 0.0 4.7 30.6 14:25 SE 23 27.5 36.8 14:20 18.3 4:50 0.0 9.2 0.0 4.8 32.2 13:00 SE 24 27.2 35.6 13:15 18.6 4:40 0.0 8.9 0.0 4.3 29.0 15:55 SE 25 26.9 34.6 13:50 19.2 4:20 0.0 8.6 0.0 4.7 30.6 14:35 SE 26 25.7 33.1 13:20 19.4 5:15 0.0 7.4 0.0 3.5 29.0 12:40 ESE 27 22.7 27.9 16:40 18.9 00:00 0.0 4.4 7.4 4.0 37.0 17:25 WSW 28 22.4 30.4 15:15 15.0 5:00 0.4 4.4 0.0 4.5 30.6 16:05 SE 29 24.3 32.4 14:00 15.4 4:55 0.4 6.4 0.0 4.5 33.8 12:45 SE 30 24.7 30.4 13:00 20.1 4:15 0.0 6.4 0.0 5.5 27.4 13:40 SE 31 23.8 29.3 12:30 18.7 5:10 0.0 5.5 0.0 5.3 29.0 12:45 SE ------------------------------------------------------------------------------------- 25.2 39.1 6 15.0 28 2.7 215.3 51.6 4.5 41.8 17 SE Max >= 32.0: 19 Max <= 0.0: 0 Min <= 0.0: 0 Min <= -18.0: 0 Max Rain: 34.19 ON 17/07/19 Days of Rain: 7 (> .2 mm) 4 (> 2 mm) 1 (> 20 mm) Heat Base: 18.3 Cool Base: 18.3 Method: Integration