Resums mensuals i anuals

2019: Gen | Feb | Mar | Abr | Mai | Jun | Jul | Ago | Sep | Oct | Nov | Des 
2018: Gen | Feb | Mar | Abr | Mai | Jun | Jul | Ago | Sep | Oct | Nov | Des 
2017: Gen | Feb | Mar | Abr | Mai | Jun | Jul | Ago | Sep | Oct | Nov | Des 
2016: Gen | Feb | Mar | Abr | Mai | Jun | Jul | Ago | Sep | Oct | Nov | Des 
2015: Gen | Feb | Mar | Abr | Mai | Jun | Jul | Ago | Sep | Oct | Nov | Des 
2014: Gen | Feb | Mar | Abr | Mai | Jun | Jul | Ago | Sep | Oct | Nov | Des 
2013: Gen | Feb | Mar | Abr | Mai | Jun | Jul | Ago | Sep | Oct | Nov | Des 
2012: Gen | Feb | Mar | Abr | Mai | Jun | Jul | Ago | Sep | Oct | Nov | Des 
2011: Gen | Feb | Mar | Abr | Mai | Jun | Jul | Ago | Sep | Oct | Nov | Des 
2010: Gen | Feb | Mar | Abr | Mai | Jun | Jul | Ago | Sep | Oct | Nov | Des 

Resum pel 05 2019
MONTHLY CLIMATOLOGICAL SUMMARY for MAY. 2019 NAME: Vantage VUE CITY: Santpedor STATE: Bages ELEV: 325 m LAT: 41 47' 08" N LONG: 1 50' 24" E TEMPERATURE (C), RAIN (mm), WIND SPEED (km/hr) HEAT COOL AVG MEAN DEG DEG WIND DOM DAY TEMP HIGH TIME LOW TIME DAYS DAYS RAIN SPEED HIGH TIME DIR ------------------------------------------------------------------------------------ 1 16.3 23.3 13:45 10.2 5:45 2.9 1.0 0.0 3.9 25.7 17:10 SE 2 14.7 20.8 12:45 11.6 4:55 3.8 0.2 2.8 4.3 29.0 13:25 ESE 3 10.3 12.5 6:55 7.2 21:50 8.0 0.0 21.2 1.3 12.9 9:40 WSW 4 12.2 20.0 15:30 5.6 3:40 6.2 0.2 0.2 3.2 22.5 16:25 NNW 5 13.4 19.8 14:45 6.6 4:25 5.1 0.2 0.0 5.5 32.2 11:40 NW 6 12.3 20.7 13:10 3.8 4:30 6.2 0.2 0.0 4.0 29.0 13:45 ESE 7 13.8 19.9 13:10 5.9 5:00 4.7 0.2 0.0 4.5 27.4 13:50 SSE 8 18.9 25.2 15:35 14.1 3:15 1.5 2.2 0.0 6.0 37.0 14:15 WSW 9 18.1 23.1 14:45 12.2 4:50 1.6 1.3 0.0 6.0 33.8 11:45 W 10 19.5 27.4 13:50 11.8 4:40 1.4 2.6 0.0 4.5 30.6 14:00 ESE 11 17.6 24.9 13:40 10.7 00:00 2.3 1.5 0.0 4.2 37.0 13:20 SSE 12 15.9 25.0 15:45 7.8 5:00 3.9 1.4 0.0 4.2 29.0 12:20 W 13 15.2 22.7 12:45 6.7 5:00 4.1 0.9 0.0 4.0 30.6 13:40 SE 14 15.9 24.9 12:50 6.8 4:55 4.0 1.6 0.0 4.3 24.1 13:10 SE 15 14.6 22.2 12:00 8.2 5:00 4.3 0.5 0.0 5.6 32.2 14:10 SSE 16 14.5 22.8 12:25 6.1 4:30 4.6 0.7 2.4 5.0 29.0 14:50 SE 17 11.3 15.7 13:55 8.3 7:00 7.0 0.0 6.8 3.4 27.4 6:00 NNE 18 13.4 19.4 14:50 8.9 5:25 5.0 0.1 0.0 4.0 32.2 14:50 WSW 19 11.6 18.1 10:45 7.6 5:50 6.7 0.0 3.6 3.1 25.7 15:25 ESE 20 13.7 22.3 16:00 6.6 5:00 5.2 0.6 0.0 3.9 27.4 16:50 NE 21 16.3 25.3 15:20 7.8 4:25 3.5 1.5 0.0 3.7 27.4 15:45 ESE 22 17.9 26.3 14:25 10.0 4:30 2.6 2.2 0.0 3.9 32.2 14:40 SE 23 18.4 27.3 13:25 9.3 4:20 2.3 2.4 0.0 4.2 30.6 14:40 SE 24 14.1 17.0 0:05 12.8 21:10 4.2 0.0 22.4 1.1 14.5 15:25 WSW 25 16.7 22.9 17:40 12.8 4:35 2.5 0.9 0.6 1.4 12.9 16:45 WSW 26 17.3 24.2 12:20 11.3 4:55 2.4 1.5 0.0 3.1 24.1 13:40 W 27 17.6 25.2 14:05 9.7 4:30 2.5 1.9 0.0 3.1 22.5 11:55 WSW 28 16.9 23.2 14:30 12.4 00:00 2.1 0.7 0.0 4.8 29.0 12:35 SE 29 16.9 24.9 15:55 10.1 4:25 2.7 1.3 0.0 3.9 29.0 16:40 WSW 30 17.7 25.7 13:55 9.1 4:35 2.6 2.0 0.0 4.2 25.7 16:55 SE 31 19.6 27.2 15:15 10.8 4:40 1.9 3.1 0.0 3.5 24.1 14:00 SE ------------------------------------------------------------------------------------- 15.6 27.4 10 3.8 6 117.9 32.9 60.0 3.9 37.0 8 SE Max >= 32.0: 0 Max <= 0.0: 0 Min <= 0.0: 0 Min <= -18.0: 0 Max Rain: 22.40 ON 24/05/19 Days of Rain: 8 (> .2 mm) 6 (> 2 mm) 2 (> 20 mm) Heat Base: 18.3 Cool Base: 18.3 Method: Integration