Resums mensuals i anuals

2019: Gen | Feb | Mar | Abr | Mai | Jun | Jul | Ago | Sep | Oct | Nov | Des 
2018: Gen | Feb | Mar | Abr | Mai | Jun | Jul | Ago | Sep | Oct | Nov | Des 
2017: Gen | Feb | Mar | Abr | Mai | Jun | Jul | Ago | Sep | Oct | Nov | Des 
2016: Gen | Feb | Mar | Abr | Mai | Jun | Jul | Ago | Sep | Oct | Nov | Des 
2015: Gen | Feb | Mar | Abr | Mai | Jun | Jul | Ago | Sep | Oct | Nov | Des 
2014: Gen | Feb | Mar | Abr | Mai | Jun | Jul | Ago | Sep | Oct | Nov | Des 
2013: Gen | Feb | Mar | Abr | Mai | Jun | Jul | Ago | Sep | Oct | Nov | Des 
2012: Gen | Feb | Mar | Abr | Mai | Jun | Jul | Ago | Sep | Oct | Nov | Des 
2011: Gen | Feb | Mar | Abr | Mai | Jun | Jul | Ago | Sep | Oct | Nov | Des 
2010: Gen | Feb | Mar | Abr | Mai | Jun | Jul | Ago | Sep | Oct | Nov | Des 

Resum pel 02 2019
MONTHLY CLIMATOLOGICAL SUMMARY for FEB. 2019 NAME: Vantage VUE CITY: Santpedor STATE: Bages ELEV: 325 m LAT: 41 47' 08" N LONG: 1 50' 24" E TEMPERATURE (C), RAIN (mm), WIND SPEED (km/hr) HEAT COOL AVG MEAN DEG DEG WIND DOM DAY TEMP HIGH TIME LOW TIME DAYS DAYS RAIN SPEED HIGH TIME DIR ------------------------------------------------------------------------------------ 1 8.9 13.9 14:50 6.2 23:50 9.4 0.0 1.2 3.7 32.2 13:00 W 2 6.6 12.0 14:25 2.3 4:15 11.7 0.0 0.0 5.6 53.1 16:00 WNW 3 3.9 10.7 12:45 -2.2 6:25 14.4 0.0 0.0 3.9 35.4 13:40 NW 4 3.7 11.4 15:50 -3.2 6:25 14.6 0.0 0.0 2.4 19.3 16:20 ESE 5 7.4 15.8 15:25 0.7 7:10 10.9 0.0 0.0 1.6 19.3 15:30 W 6 8.2 17.1 16:00 2.7 2:10 10.1 0.0 0.0 1.1 12.9 17:05 ESE 7 7.1 15.1 14:30 1.1 7:25 11.2 0.0 0.0 1.6 20.9 15:50 WSW 8 7.5 15.6 15:25 2.1 7:00 10.8 0.0 0.0 1.8 20.9 16:00 ESE 9 7.8 16.6 15:20 1.5 6:00 10.5 0.0 0.0 1.3 12.9 14:55 SE 10 9.4 16.1 15:35 2.2 5:30 8.9 0.0 0.0 5.3 41.8 16:45 W 11 8.4 14.6 15:15 3.4 7:45 9.9 0.0 0.0 1.8 25.7 13:35 WSW 12 6.2 14.3 14:40 -0.3 6:20 12.1 0.0 0.0 2.3 20.9 15:30 WSW 13 6.1 15.3 15:15 -1.3 6:40 12.2 0.0 0.0 2.3 19.3 14:50 SE 14 5.7 15.9 15:15 -1.8 7:30 12.6 0.0 0.0 1.8 17.7 16:10 ESE 15 6.3 16.9 15:05 -1.4 7:00 12.0 0.0 0.0 1.4 12.9 13:45 ESE 16 7.1 18.3 15:50 -1.9 6:40 11.2 0.0 0.0 1.4 12.9 17:10 ESE 17 6.7 16.6 14:25 -1.9 6:45 11.7 0.0 0.0 2.3 20.9 16:35 SE 18 7.7 15.6 14:50 1.4 8:15 10.6 0.0 0.0 1.9 17.7 15:25 ESE 19 8.8 15.0 15:00 3.9 6:45 9.5 0.0 0.0 1.9 14.5 12:45 ESE 20 8.4 13.7 15:40 3.5 00:00 9.9 0.0 0.0 1.0 11.3 16:05 ESE 21 7.2 17.6 15:25 -0.4 6:45 11.1 0.0 0.0 1.1 12.9 16:35 ESE 22 9.6 20.4 14:50 1.2 6:45 8.9 0.2 0.0 1.6 11.3 13:30 WSW 23 10.5 20.9 16:15 2.2 6:40 8.1 0.3 0.0 1.1 9.7 14:30 ESE 24 9.1 17.8 15:40 2.7 6:35 9.2 0.0 0.0 2.1 22.5 16:05 ESE 25 9.2 19.1 15:05 1.6 5:45 9.1 0.0 0.0 1.6 14.5 16:00 SE 26 10.2 21.4 14:20 2.4 5:35 8.4 0.3 0.0 1.9 19.3 14:35 NW 27 11.8 23.2 15:20 2.2 6:40 7.3 0.8 0.0 1.6 16.1 15:20 W 28 11.2 20.0 13:55 3.4 6:35 7.2 0.1 0.0 2.1 22.5 14:45 WSW ------------------------------------------------------------------------------------- 7.9 23.2 27 -3.2 4 293.2 1.7 1.2 2.1 53.1 2 ESE Max >= 32.0: 0 Max <= 0.0: 0 Min <= 0.0: 9 Min <= -18.0: 0 Max Rain: 1.19 ON 01/02/19 Days of Rain: 1 (> .2 mm) 0 (> 2 mm) 0 (> 20 mm) Heat Base: 18.3 Cool Base: 18.3 Method: Integration