Resums mensuals i anuals

2019: Gen | Feb | Mar | Abr | Mai | Jun | Jul | Ago | Sep | Oct | Nov | Des 
2018: Gen | Feb | Mar | Abr | Mai | Jun | Jul | Ago | Sep | Oct | Nov | Des 
2017: Gen | Feb | Mar | Abr | Mai | Jun | Jul | Ago | Sep | Oct | Nov | Des 
2016: Gen | Feb | Mar | Abr | Mai | Jun | Jul | Ago | Sep | Oct | Nov | Des 
2015: Gen | Feb | Mar | Abr | Mai | Jun | Jul | Ago | Sep | Oct | Nov | Des 
2014: Gen | Feb | Mar | Abr | Mai | Jun | Jul | Ago | Sep | Oct | Nov | Des 
2013: Gen | Feb | Mar | Abr | Mai | Jun | Jul | Ago | Sep | Oct | Nov | Des 
2012: Gen | Feb | Mar | Abr | Mai | Jun | Jul | Ago | Sep | Oct | Nov | Des 
2011: Gen | Feb | Mar | Abr | Mai | Jun | Jul | Ago | Sep | Oct | Nov | Des 
2010: Gen | Feb | Mar | Abr | Mai | Jun | Jul | Ago | Sep | Oct | Nov | Des 

Resum pel 01 2019
MONTHLY CLIMATOLOGICAL SUMMARY for JAN. 2019 NAME: Vantage VUE CITY: Santpedor STATE: Bages ELEV: 325 m LAT: 41 47' 08" N LONG: 1 50' 24" E TEMPERATURE (C), RAIN (mm), WIND SPEED (km/hr) HEAT COOL AVG MEAN DEG DEG WIND DOM DAY TEMP HIGH TIME LOW TIME DAYS DAYS RAIN SPEED HIGH TIME DIR ------------------------------------------------------------------------------------ 1 4.7 13.6 15:35 -0.7 6:45 13.6 0.0 0.0 0.8 9.7 16:05 WSW 2 2.2 8.2 13:45 -1.2 6:55 16.1 0.0 0.2 1.9 19.3 15:40 W 3 1.4 8.6 14:05 -2.7 7:15 16.9 0.0 0.0 1.1 14.5 14:45 WSW 4 2.1 9.9 15:50 -3.1 6:55 16.2 0.0 0.2 0.5 6.4 10:50 ESE 5 2.1 7.5 15:05 -1.8 5:10 16.2 0.0 0.0 1.3 12.9 14:15 NW 6 4.0 12.3 14:15 -1.7 7:20 14.3 0.0 0.0 1.9 20.9 14:35 NW 7 3.4 10.2 13:20 -0.7 23:10 14.9 0.0 0.0 1.6 17.7 15:50 W 8 2.1 7.2 14:00 -2.2 4:45 16.2 0.0 0.0 2.1 19.3 14:40 NW 9 4.6 11.3 15:30 -0.7 5:35 13.7 0.0 0.0 2.1 16.1 17:55 NNW 10 3.7 10.7 13:55 -1.3 4:30 14.6 0.0 0.0 3.5 27.4 13:00 W 11 0.7 6.9 14:25 -3.9 7:10 17.6 0.0 0.0 1.9 14.5 13:50 ESE 12 2.1 9.2 15:20 -3.2 5:20 16.3 0.0 0.0 1.9 17.7 14:00 W 13 3.3 9.1 15:00 -1.4 2:50 15.0 0.0 0.0 1.8 11.3 19:15 ESE 14 5.7 10.7 16:05 1.7 00:00 12.6 0.0 0.0 1.8 22.5 9:50 E 15 4.2 11.4 14:45 -0.6 3:50 14.2 0.0 0.0 1.0 9.7 5:10 ESE 16 2.9 10.6 15:25 -1.8 5:55 15.4 0.0 0.2 0.3 6.4 8:35 WSW 17 6.4 12.2 12:55 2.6 0:30 11.9 0.0 0.0 1.6 16.1 17:15 WSW 18 3.8 5.9 12:30 1.1 23:25 14.5 0.0 0.0 1.9 12.9 13:05 NW 19 2.4 9.2 14:15 -1.8 5:40 15.9 0.0 0.0 1.1 12.9 16:05 ESE 20 4.1 7.7 14:45 1.7 2:05 14.3 0.0 7.8 1.0 24.1 18:10 ESE 21 2.9 9.2 13:50 -0.7 7:35 15.4 0.0 0.0 1.8 22.5 14:50 WSW 22 1.6 6.6 15:00 -3.1 7:00 16.7 0.0 0.2 1.4 12.9 18:10 W 23 3.6 7.6 17:05 0.8 0:35 14.7 0.0 1.8 3.9 29.0 15:50 NW 24 4.9 11.3 14:15 -1.3 00:00 13.3 0.0 0.0 6.3 46.7 10:50 NW 25 4.3 14.8 16:15 -2.9 6:10 13.9 0.0 0.0 1.6 11.3 14:45 NW 26 6.3 13.4 14:40 0.8 6:45 12.0 0.0 0.0 1.4 16.1 15:15 W 27 6.6 14.4 14:55 1.3 7:25 11.7 0.0 0.4 4.3 35.4 18:45 W 28 4.6 10.9 14:25 -0.4 6:00 13.8 0.0 1.0 3.9 33.8 13:45 NW 29 3.3 6.4 21:15 -0.7 6:45 15.0 0.0 0.0 1.8 20.9 21:10 WSW 30 5.8 10.6 14:50 1.1 6:55 12.5 0.0 0.0 4.2 29.0 11:35 W 31 7.3 13.2 14:25 1.8 6:35 10.9 0.0 0.0 2.7 25.7 11:40 WSW ------------------------------------------------------------------------------------- 3.8 14.8 25 -3.9 11 450.4 0.0 11.8 2.1 46.7 24 W Max >= 32.0: 0 Max <= 0.0: 0 Min <= 0.0: 22 Min <= -18.0: 0 Max Rain: 7.80 ON 20/01/19 Days of Rain: 8 (> .2 mm) 1 (> 2 mm) 0 (> 20 mm) Heat Base: 18.3 Cool Base: 18.3 Method: Integration