Resums mensuals i anuals

2019: Gen | Feb | Mar | Abr | Mai | Jun | Jul | Ago | Sep | Oct | Nov | Des 
2018: Gen | Feb | Mar | Abr | Mai | Jun | Jul | Ago | Sep | Oct | Nov | Des 
2017: Gen | Feb | Mar | Abr | Mai | Jun | Jul | Ago | Sep | Oct | Nov | Des 
2016: Gen | Feb | Mar | Abr | Mai | Jun | Jul | Ago | Sep | Oct | Nov | Des 
2015: Gen | Feb | Mar | Abr | Mai | Jun | Jul | Ago | Sep | Oct | Nov | Des 
2014: Gen | Feb | Mar | Abr | Mai | Jun | Jul | Ago | Sep | Oct | Nov | Des 
2013: Gen | Feb | Mar | Abr | Mai | Jun | Jul | Ago | Sep | Oct | Nov | Des 
2012: Gen | Feb | Mar | Abr | Mai | Jun | Jul | Ago | Sep | Oct | Nov | Des 
2011: Gen | Feb | Mar | Abr | Mai | Jun | Jul | Ago | Sep | Oct | Nov | Des 
2010: Gen | Feb | Mar | Abr | Mai | Jun | Jul | Ago | Sep | Oct | Nov | Des 

Resum pel 12 2018
MONTHLY CLIMATOLOGICAL SUMMARY for DEC. 2018 NAME: Vantage VUE CITY: Santpedor STATE: Bages ELEV: 325 m LAT: 41 47' 08" N LONG: 1 50' 24" E TEMPERATURE (C), RAIN (mm), WIND SPEED (km/hr) HEAT COOL AVG MEAN DEG DEG WIND DOM DAY TEMP HIGH TIME LOW TIME DAYS DAYS RAIN SPEED HIGH TIME DIR ------------------------------------------------------------------------------------ 1 5.0 8.3 14:00 2.4 6:15 13.3 0.0 0.2 2.1 14.5 11:25 NNE 2 8.4 15.5 14:40 3.3 1:00 9.9 0.0 0.2 1.3 12.9 15:10 W 3 8.0 12.9 14:15 4.1 6:00 10.3 0.0 0.2 0.8 11.3 18:05 ESE 4 7.4 11.7 15:15 4.1 3:55 10.9 0.0 0.2 0.6 8.0 8:50 ESE 5 8.5 16.7 15:35 3.4 7:35 9.8 0.0 0.2 0.5 6.4 12:45 ESE 6 7.4 12.0 15:00 4.4 3:30 10.9 0.0 0.2 1.4 14.5 15:55 W 7 7.2 8.7 14:15 5.3 5:15 11.1 0.0 0.0 1.4 12.9 14:55 W 8 7.7 11.6 14:25 3.9 23:10 10.6 0.0 0.0 1.0 12.9 13:55 NW 9 7.4 14.9 14:55 2.2 7:10 10.9 0.0 0.2 1.3 17.7 14:20 NNW 10 6.2 11.6 14:50 2.9 00:00 12.1 0.0 0.2 0.8 9.7 10:35 NW 11 3.9 10.2 14:55 -0.1 6:50 14.4 0.0 0.2 0.2 4.8 11:10 ESE 12 5.8 10.1 15:45 1.2 7:00 12.5 0.0 0.2 0.6 11.3 16:05 WSW 13 6.9 7.7 13:55 5.9 3:20 11.4 0.0 3.0 0.3 8.0 5:45 NW 14 7.3 10.5 15:25 5.1 6:45 11.0 0.0 0.2 0.8 17.7 21:35 NW 15 7.9 12.0 13:35 5.3 1:15 10.4 0.0 0.0 1.4 16.1 4:15 W 16 7.9 9.7 16:25 5.8 6:05 10.3 0.0 1.0 1.9 17.7 17:25 NW 17 6.3 11.6 13:35 2.2 7:25 12.0 0.0 0.0 1.4 17.7 10:20 NW 18 2.9 6.3 15:25 0.1 5:25 15.4 0.0 0.2 0.3 9.7 23:20 ESE 19 7.2 12.8 13:15 2.7 1:05 11.1 0.0 0.2 3.1 27.4 11:55 W 20 5.7 13.3 15:15 1.1 7:35 12.6 0.0 0.0 1.0 11.3 0:30 ESE 21 6.0 13.2 15:10 -0.2 6:05 12.3 0.0 0.2 1.0 14.5 14:05 NW 22 7.4 15.6 15:10 2.1 6:55 10.9 0.0 0.2 0.6 8.0 17:45 W 23 7.9 15.9 14:55 2.7 7:15 10.4 0.0 0.0 0.5 9.7 16:25 W 24 7.4 14.6 15:05 2.9 6:25 10.9 0.0 0.2 0.6 8.0 16:35 ESE 25 5.3 9.4 13:50 1.2 7:15 12.9 0.0 0.4 0.3 11.3 8:55 WNW 26 6.7 7.7 12:30 5.8 0:20 11.6 0.0 0.0 0.2 4.8 12:10 ESE 27 6.5 9.2 14:45 4.1 19:35 11.8 0.0 0.0 1.0 11.3 8:20 W 28 4.2 7.6 15:05 1.3 7:00 14.2 0.0 0.0 1.6 14.5 16:50 NW 29 3.4 7.6 15:10 -0.3 23:55 14.9 0.0 0.0 2.3 12.9 14:00 NE 30 2.6 9.8 14:10 -2.1 7:40 15.7 0.0 0.2 1.1 11.3 15:00 NW 31 4.7 13.7 14:50 -0.9 6:20 13.6 0.0 0.0 0.5 6.4 15:10 ESE ------------------------------------------------------------------------------------- 6.4 16.7 5 -2.1 30 370.1 0.0 7.8 1.0 27.4 19 NW Max >= 32.0: 0 Max <= 0.0: 0 Min <= 0.0: 5 Min <= -18.0: 0 Max Rain: 3.00 ON 13/12/18 Days of Rain: 20 (> .2 mm) 1 (> 2 mm) 0 (> 20 mm) Heat Base: 18.3 Cool Base: 18.3 Method: Integration