Resums mensuals i anuals

2019: Gen | Feb | Mar | Abr | Mai | Jun | Jul | Ago | Sep | Oct | Nov | Des 
2018: Gen | Feb | Mar | Abr | Mai | Jun | Jul | Ago | Sep | Oct | Nov | Des 
2017: Gen | Feb | Mar | Abr | Mai | Jun | Jul | Ago | Sep | Oct | Nov | Des 
2016: Gen | Feb | Mar | Abr | Mai | Jun | Jul | Ago | Sep | Oct | Nov | Des 
2015: Gen | Feb | Mar | Abr | Mai | Jun | Jul | Ago | Sep | Oct | Nov | Des 
2014: Gen | Feb | Mar | Abr | Mai | Jun | Jul | Ago | Sep | Oct | Nov | Des 
2013: Gen | Feb | Mar | Abr | Mai | Jun | Jul | Ago | Sep | Oct | Nov | Des 
2012: Gen | Feb | Mar | Abr | Mai | Jun | Jul | Ago | Sep | Oct | Nov | Des 
2011: Gen | Feb | Mar | Abr | Mai | Jun | Jul | Ago | Sep | Oct | Nov | Des 
2010: Gen | Feb | Mar | Abr | Mai | Jun | Jul | Ago | Sep | Oct | Nov | Des 

Resum pel 11 2018
MONTHLY CLIMATOLOGICAL SUMMARY for NOV. 2018 NAME: Vantage VUE CITY: Santpedor STATE: Bages ELEV: 325 m LAT: 41 47' 08" N LONG: 1 50' 24" E TEMPERATURE (C), RAIN (mm), WIND SPEED (km/hr) HEAT COOL AVG MEAN DEG DEG WIND DOM DAY TEMP HIGH TIME LOW TIME DAYS DAYS RAIN SPEED HIGH TIME DIR ------------------------------------------------------------------------------------ 1 9.8 15.9 15:10 5.9 6:55 8.4 0.0 1.4 1.8 22.5 0:20 W 2 9.3 16.5 15:05 5.3 4:10 9.0 0.0 0.2 1.1 17.7 16:05 ESE 3 9.2 16.3 14:45 3.3 4:45 9.1 0.0 0.2 1.4 11.3 13:40 W 4 11.7 19.4 15:40 5.0 4:55 6.7 0.0 0.0 1.1 9.7 10:15 ESE 5 12.2 15.9 14:00 9.4 4:15 6.1 0.0 20.6 2.7 30.6 16:35 NE 6 9.4 13.6 14:55 6.1 23:50 8.9 0.0 0.2 2.4 24.1 13:50 W 7 10.7 17.4 14:05 5.7 6:55 7.6 0.0 0.0 2.4 24.1 14:25 W 8 10.3 15.8 13:20 5.1 6:10 8.0 0.0 0.0 0.6 8.0 15:05 ESE 9 11.2 15.0 10:55 7.2 00:00 7.1 0.0 15.2 2.4 20.9 11:20 W 10 11.2 17.4 15:10 5.8 3:40 7.1 0.0 0.0 2.7 27.4 10:50 WSW 11 14.7 20.9 13:15 9.4 6:20 4.0 0.4 0.0 1.8 22.5 12:55 SE 12 14.8 20.2 11:35 11.2 23:40 3.7 0.2 0.0 1.8 16.1 13:20 ESE 13 13.5 20.8 14:40 8.0 7:30 5.1 0.3 0.2 0.8 9.7 12:40 ESE 14 13.5 19.4 13:55 9.1 6:35 4.9 0.1 0.0 1.1 11.3 15:40 ESE 15 12.3 13.1 10:50 10.7 23:20 6.0 0.0 29.8 1.0 19.3 12:35 SE 16 12.0 15.3 15:50 9.1 7:40 6.3 0.0 0.0 0.6 8.0 3:35 ESE 17 11.3 12.9 12:10 9.4 23:50 7.0 0.0 2.2 1.6 16.1 2:05 NNE 18 10.8 13.2 10:45 9.2 1:05 7.5 0.0 0.2 5.8 24.1 5:10 NNE 19 10.7 13.5 12:15 8.1 00:00 7.6 0.0 13.2 2.9 19.3 22:20 NNW 20 8.6 10.1 15:30 7.2 23:55 9.7 0.0 9.8 1.3 27.4 19:15 NW 21 8.7 14.9 13:55 4.3 7:10 9.6 0.0 0.2 2.1 25.7 13:25 NW 22 7.4 13.2 15:15 2.9 6:10 10.8 0.0 0.2 0.3 6.4 8:25 ESE 23 6.9 8.6 16:20 5.3 00:00 11.4 0.0 5.6 0.3 11.3 18:50 WNW 24 6.1 10.9 15:50 2.1 6:30 12.2 0.0 0.2 1.4 14.5 4:05 ESE 25 6.1 11.9 15:45 1.6 4:40 12.2 0.0 0.2 1.4 24.1 13:45 NW 26 8.1 13.3 15:05 5.0 3:20 10.2 0.0 4.4 3.2 25.7 12:15 W 27 8.3 13.6 14:10 2.8 6:40 10.0 0.0 0.0 2.1 35.4 1:30 NNW 28 6.7 13.7 13:50 1.8 5:50 11.6 0.0 0.0 0.6 8.0 11:50 WSW 29 6.1 12.3 14:45 1.6 7:25 12.2 0.0 0.2 0.5 6.4 12:00 W 30 7.1 11.7 14:30 3.2 00:00 11.2 0.0 1.4 1.8 16.1 15:25 NW ------------------------------------------------------------------------------------- 9.9 20.9 11 1.6 25 251.4 1.0 105.6 1.7 35.4 27 WSW Max >= 32.0: 0 Max <= 0.0: 0 Min <= 0.0: 0 Min <= -18.0: 0 Max Rain: 29.79 ON 15/11/18 Days of Rain: 20 (> .2 mm) 8 (> 2 mm) 2 (> 20 mm) Heat Base: 18.3 Cool Base: 18.3 Method: Integration