Resums mensuals i anuals

2019: Gen | Feb | Mar | Abr | Mai | Jun | Jul | Ago | Sep | Oct | Nov | Des 
2018: Gen | Feb | Mar | Abr | Mai | Jun | Jul | Ago | Sep | Oct | Nov | Des 
2017: Gen | Feb | Mar | Abr | Mai | Jun | Jul | Ago | Sep | Oct | Nov | Des 
2016: Gen | Feb | Mar | Abr | Mai | Jun | Jul | Ago | Sep | Oct | Nov | Des 
2015: Gen | Feb | Mar | Abr | Mai | Jun | Jul | Ago | Sep | Oct | Nov | Des 
2014: Gen | Feb | Mar | Abr | Mai | Jun | Jul | Ago | Sep | Oct | Nov | Des 
2013: Gen | Feb | Mar | Abr | Mai | Jun | Jul | Ago | Sep | Oct | Nov | Des 
2012: Gen | Feb | Mar | Abr | Mai | Jun | Jul | Ago | Sep | Oct | Nov | Des 
2011: Gen | Feb | Mar | Abr | Mai | Jun | Jul | Ago | Sep | Oct | Nov | Des 
2010: Gen | Feb | Mar | Abr | Mai | Jun | Jul | Ago | Sep | Oct | Nov | Des 

Resum pel 10 2018
MONTHLY CLIMATOLOGICAL SUMMARY for OCT. 2018 NAME: Vantage VUE CITY: Santpedor STATE: Bages ELEV: 325 m LAT: 41 47' 08" N LONG: 1 50' 24" E TEMPERATURE (C), RAIN (mm), WIND SPEED (km/hr) HEAT COOL AVG MEAN DEG DEG WIND DOM DAY TEMP HIGH TIME LOW TIME DAYS DAYS RAIN SPEED HIGH TIME DIR ------------------------------------------------------------------------------------ 1 18.3 24.6 15:50 12.6 00:00 1.6 1.6 0.0 4.2 27.4 14:15 W 2 15.6 22.7 14:45 8.9 6:45 3.7 0.9 0.0 2.9 24.1 13:00 W 3 17.3 27.3 14:35 9.9 6:10 3.1 2.0 0.0 2.6 24.1 16:45 ESE 4 17.3 25.8 14:50 9.3 5:45 3.0 2.0 0.0 2.1 20.9 16:30 SE 5 17.9 25.7 13:40 10.1 6:00 2.4 2.0 0.0 2.6 20.9 16:40 SE 6 18.8 25.2 14:50 12.9 6:25 1.4 1.9 0.2 3.2 24.1 14:35 SE 7 16.7 21.4 14:10 13.2 23:25 2.0 0.4 0.2 4.3 22.5 2:25 W 8 14.9 19.4 15:05 11.6 5:15 3.5 0.1 0.0 1.6 16.1 5:20 W 9 15.9 21.4 11:35 11.3 5:45 3.1 0.7 11.8 4.0 25.7 11:40 ESE 10 18.2 23.2 13:10 14.7 6:05 1.2 1.2 0.0 2.6 19.3 14:30 NE 11 17.9 25.4 14:10 13.5 3:30 1.9 1.5 0.0 1.4 16.1 15:15 SE 12 19.3 26.2 14:40 13.2 6:15 1.3 2.3 0.0 2.6 20.9 15:30 SE 13 20.2 24.6 13:40 17.7 23:35 0.0 1.9 0.0 2.7 24.1 14:05 SE 14 18.7 23.4 12:05 15.7 23:30 0.8 1.2 64.0 4.5 29.0 13:45 ESE 15 15.2 17.9 14:45 12.2 00:00 3.1 0.0 8.0 3.5 29.0 0:25 W 16 15.3 21.8 14:30 11.2 1:55 3.5 0.5 0.0 1.4 12.9 13:40 ESE 17 16.6 23.7 13:05 11.9 6:55 2.6 0.9 3.4 1.4 16.1 14:45 ESE 18 16.6 19.1 14:30 12.8 4:50 1.9 0.1 1.0 4.0 27.4 15:20 NNE 19 19.7 23.1 12:10 17.1 00:00 0.1 1.5 0.0 6.9 29.0 4:30 NE 20 18.2 24.2 12:45 14.1 00:00 1.5 1.4 0.6 1.4 12.9 13:10 NNW 21 16.7 23.6 13:30 11.7 6:45 2.5 0.9 0.0 1.8 17.7 15:40 WSW 22 16.4 21.1 13:50 11.9 00:00 2.3 0.5 0.0 2.4 20.9 14:15 NNW 23 14.2 21.1 14:35 10.3 00:00 4.4 0.3 0.0 1.4 16.1 6:40 W 24 13.1 20.1 13:45 7.3 6:15 5.4 0.2 0.2 1.9 20.9 16:25 NW 25 14.6 24.1 14:45 7.7 6:30 4.8 1.1 0.0 1.0 9.7 13:15 W 26 13.8 20.9 14:15 7.6 5:50 4.8 0.3 2.2 0.5 6.4 9:25 ESE 27 11.2 13.6 1:30 7.4 23:50 7.1 0.0 12.6 1.1 17.7 21:35 WSW 28 6.6 9.8 15:45 4.7 19:25 11.1 0.0 15.6 1.6 19.3 15:05 W 29 6.6 11.4 15:25 3.8 23:55 11.7 0.0 0.0 3.9 37.0 16:30 W 30 7.9 14.2 15:15 0.5 6:30 10.4 0.0 2.4 1.9 16.1 22:15 NNW 31 9.6 12.2 12:45 7.2 23:55 8.7 0.0 40.2 6.0 24.1 14:50 NE ------------------------------------------------------------------------------------- 15.5 27.3 3 0.5 30 114.8 27.2 162.4 2.7 37.0 29 ESE Max >= 32.0: 0 Max <= 0.0: 0 Min <= 0.0: 0 Min <= -18.0: 0 Max Rain: 64.01 ON 14/10/18 Days of Rain: 14 (> .2 mm) 9 (> 2 mm) 2 (> 20 mm) Heat Base: 18.3 Cool Base: 18.3 Method: Integration