Resums mensuals i anuals

2019: Gen | Feb | Mar | Abr | Mai | Jun | Jul | Ago | Sep | Oct | Nov | Des 
2018: Gen | Feb | Mar | Abr | Mai | Jun | Jul | Ago | Sep | Oct | Nov | Des 
2017: Gen | Feb | Mar | Abr | Mai | Jun | Jul | Ago | Sep | Oct | Nov | Des 
2016: Gen | Feb | Mar | Abr | Mai | Jun | Jul | Ago | Sep | Oct | Nov | Des 
2015: Gen | Feb | Mar | Abr | Mai | Jun | Jul | Ago | Sep | Oct | Nov | Des 
2014: Gen | Feb | Mar | Abr | Mai | Jun | Jul | Ago | Sep | Oct | Nov | Des 
2013: Gen | Feb | Mar | Abr | Mai | Jun | Jul | Ago | Sep | Oct | Nov | Des 
2012: Gen | Feb | Mar | Abr | Mai | Jun | Jul | Ago | Sep | Oct | Nov | Des 
2011: Gen | Feb | Mar | Abr | Mai | Jun | Jul | Ago | Sep | Oct | Nov | Des 
2010: Gen | Feb | Mar | Abr | Mai | Jun | Jul | Ago | Sep | Oct | Nov | Des 

Resum pel 09 2018
MONTHLY CLIMATOLOGICAL SUMMARY for SEP. 2018 NAME: Vantage VUE CITY: Santpedor STATE: Bages ELEV: 325 m LAT: 41 47' 08" N LONG: 1 50' 24" E TEMPERATURE (C), RAIN (mm), WIND SPEED (km/hr) HEAT COOL AVG MEAN DEG DEG WIND DOM DAY TEMP HIGH TIME LOW TIME DAYS DAYS RAIN SPEED HIGH TIME DIR ------------------------------------------------------------------------------------ 1 22.4 26.4 13:50 19.5 6:20 0.0 4.1 0.0 5.3 32.2 14:55 SE 2 23.4 29.4 14:25 19.2 5:10 0.0 5.1 0.0 4.3 33.8 12:45 SE 3 24.3 29.7 13:10 20.9 5:25 0.0 6.0 0.0 4.5 32.2 15:10 SE 4 23.8 30.4 12:45 19.1 23:00 0.0 5.5 0.0 4.2 29.0 15:20 NNW 5 22.3 29.4 12:55 16.2 5:35 0.3 4.2 0.0 3.5 27.4 14:45 ESE 6 21.3 28.9 14:05 15.6 23:30 0.4 3.4 10.4 4.3 27.4 14:20 ESE 7 20.7 27.7 13:25 15.1 6:00 0.8 3.2 0.0 3.5 24.1 17:40 SE 8 21.5 27.3 12:35 16.1 5:45 0.3 3.5 0.0 3.2 25.7 12:25 SE 9 22.1 28.9 12:55 17.9 4:55 0.0 3.7 0.0 2.9 29.0 14:40 SE 10 21.1 27.6 14:55 16.6 4:35 0.3 3.0 0.0 1.9 19.3 16:25 ESE 11 22.8 29.9 13:30 16.3 5:25 0.2 4.7 0.0 3.1 22.5 15:25 SSE 12 21.1 29.3 14:10 16.3 00:00 0.2 2.9 33.4 2.7 32.2 15:45 ESE 13 22.0 29.8 14:05 14.9 5:40 0.7 4.4 0.0 2.4 19.3 15:35 WSW 14 22.3 29.1 14:40 17.2 7:05 0.1 4.0 0.0 2.9 22.5 15:20 SE 15 21.2 25.7 12:50 18.5 5:50 0.0 2.9 0.0 2.9 27.4 14:05 SE 16 22.3 28.9 14:40 18.1 5:50 0.0 4.0 2.4 3.4 25.7 16:15 ESE 17 21.6 28.2 13:35 16.4 5:30 0.3 3.6 0.0 2.7 22.5 15:45 SE 18 19.8 24.6 16:25 15.9 5:40 0.5 2.0 0.8 2.3 24.1 13:30 SSE 19 21.9 29.1 14:45 15.9 5:40 0.4 3.9 0.0 2.7 22.5 16:00 SE 20 22.9 30.9 14:50 17.3 4:30 0.1 4.8 0.0 2.6 22.5 16:15 SE 21 23.4 33.9 14:10 15.8 5:15 0.4 5.5 0.0 3.1 30.6 15:20 SE 22 24.1 31.1 14:55 17.7 6:10 0.0 5.8 0.0 2.4 25.7 14:25 NNW 23 24.1 33.0 15:40 17.2 5:25 0.1 5.9 0.0 2.1 19.3 15:15 SE 24 22.8 29.9 14:40 18.3 4:55 0.0 4.5 0.0 4.3 29.0 15:15 SSE 25 19.9 26.7 13:30 15.0 6:05 0.6 2.2 0.0 4.0 20.9 1:10 W 26 19.9 25.7 13:40 15.4 00:00 0.3 2.0 0.0 4.7 27.4 14:50 SSE 27 17.8 25.8 14:45 11.9 5:30 2.3 1.8 0.0 2.1 20.9 16:05 ESE 28 20.2 29.5 15:25 11.7 6:05 1.7 3.6 0.0 1.8 20.9 14:05 SW 29 20.1 28.9 13:05 12.8 5:45 1.2 3.0 0.0 4.0 32.2 14:55 SE 30 21.5 28.0 13:10 16.0 6:05 0.3 3.5 0.0 2.9 27.4 14:10 WSW ------------------------------------------------------------------------------------- 21.8 33.9 21 11.7 28 11.6 117.0 47.0 3.2 33.8 2 SE Max >= 32.0: 2 Max <= 0.0: 0 Min <= 0.0: 0 Min <= -18.0: 0 Max Rain: 33.40 ON 12/09/18 Days of Rain: 4 (> .2 mm) 3 (> 2 mm) 1 (> 20 mm) Heat Base: 18.3 Cool Base: 18.3 Method: Integration