Resums mensuals i anuals

2019: Gen | Feb | Mar | Abr | Mai | Jun | Jul | Ago | Sep | Oct | Nov | Des 
2018: Gen | Feb | Mar | Abr | Mai | Jun | Jul | Ago | Sep | Oct | Nov | Des 
2017: Gen | Feb | Mar | Abr | Mai | Jun | Jul | Ago | Sep | Oct | Nov | Des 
2016: Gen | Feb | Mar | Abr | Mai | Jun | Jul | Ago | Sep | Oct | Nov | Des 
2015: Gen | Feb | Mar | Abr | Mai | Jun | Jul | Ago | Sep | Oct | Nov | Des 
2014: Gen | Feb | Mar | Abr | Mai | Jun | Jul | Ago | Sep | Oct | Nov | Des 
2013: Gen | Feb | Mar | Abr | Mai | Jun | Jul | Ago | Sep | Oct | Nov | Des 
2012: Gen | Feb | Mar | Abr | Mai | Jun | Jul | Ago | Sep | Oct | Nov | Des 
2011: Gen | Feb | Mar | Abr | Mai | Jun | Jul | Ago | Sep | Oct | Nov | Des 
2010: Gen | Feb | Mar | Abr | Mai | Jun | Jul | Ago | Sep | Oct | Nov | Des 

Resum pel 08 2018
MONTHLY CLIMATOLOGICAL SUMMARY for AUG. 2018 NAME: Vantage VUE CITY: Santpedor STATE: Bages ELEV: 325 m LAT: 41 47' 08" N LONG: 1 50' 24" E TEMPERATURE (C), RAIN (mm), WIND SPEED (km/hr) HEAT COOL AVG MEAN DEG DEG WIND DOM DAY TEMP HIGH TIME LOW TIME DAYS DAYS RAIN SPEED HIGH TIME DIR ------------------------------------------------------------------------------------ 1 28.3 35.9 13:40 20.1 5:05 0.0 8.5 0.0 4.5 27.4 14:50 SE 2 30.4 35.9 13:30 24.3 23:45 0.0 5.5 0.0 6.3 33.8 13:35 SE 3 28.5 35.9 13:50 21.6 4:25 0.0 10.2 0.0 3.9 27.4 13:55 SE 4 28.8 37.1 12:50 20.4 4:50 0.0 10.5 0.0 3.4 29.0 16:30 ESE 5 27.2 37.6 13:25 21.0 4:50 0.0 8.9 0.0 3.5 32.2 17:05 ESE 6 27.1 34.8 12:40 20.0 5:10 0.0 8.7 0.0 4.2 30.6 12:10 SE 7 26.1 33.1 13:35 20.7 4:55 0.0 7.8 0.0 5.0 33.8 14:40 SE 8 25.5 32.6 13:15 19.4 5:00 0.0 7.2 0.0 5.0 33.8 14:40 SE 9 21.6 28.2 10:55 17.8 14:40 0.0 3.3 10.8 2.3 22.5 11:05 ESE 10 22.9 29.1 17:10 18.6 5:15 0.0 4.6 4.8 2.7 17.7 15:15 SE 11 23.8 30.5 14:10 16.9 5:05 0.1 5.6 0.0 4.0 27.4 12:40 SE 12 25.3 32.2 13:00 20.4 23:50 0.0 7.0 0.0 3.9 33.8 18:35 SE 13 23.8 31.7 13:35 17.8 5:45 0.0 5.5 16.2 3.5 33.8 15:45 ESE 14 23.7 29.8 16:00 17.7 6:10 0.0 5.4 5.8 4.8 30.6 12:35 W 15 24.1 30.9 14:25 18.2 4:55 0.0 5.8 0.0 4.0 24.1 14:55 SE 16 24.1 31.4 14:10 19.5 5:15 0.0 5.8 0.0 3.9 30.6 18:40 SE 17 19.9 25.3 9:25 15.7 00:00 0.4 2.0 6.0 3.4 30.6 10:45 NW 18 20.9 28.2 14:10 13.8 4:55 1.1 3.7 0.2 2.3 19.3 16:15 ESE 19 23.8 32.2 16:10 15.9 5:20 0.3 5.8 0.0 2.7 19.3 17:40 ESE 20 24.8 33.1 15:05 17.2 5:15 0.1 6.6 0.0 2.6 22.5 16:35 ESE 21 25.2 32.9 14:10 18.1 5:05 0.0 6.9 0.0 3.1 24.1 16:35 SE 22 24.9 33.6 13:25 17.8 4:20 0.0 6.7 0.0 3.1 29.0 14:30 ESE 23 22.3 33.3 13:25 16.9 5:25 0.1 4.1 10.4 2.7 32.2 15:45 ESE 24 23.0 30.3 13:35 16.3 6:10 0.3 5.0 0.2 2.9 19.3 12:45 WSW 25 21.7 27.4 15:00 17.2 5:30 0.1 3.4 0.0 5.1 27.4 16:35 W 26 21.6 28.3 15:10 16.3 5:40 0.2 3.5 0.0 4.3 32.2 12:30 W 27 23.4 30.8 13:35 16.3 4:30 0.2 5.3 0.0 3.5 27.4 16:20 SE 28 24.7 32.2 13:25 19.6 4:00 0.0 6.4 0.0 3.2 27.4 15:40 SE 29 24.3 32.3 12:35 16.9 23:00 0.2 6.2 6.4 5.1 32.2 13:45 SE 30 22.6 28.7 13:40 17.1 0:10 0.1 4.5 0.0 3.7 24.1 15:40 ESE 31 22.3 25.2 14:35 20.6 23:45 0.0 4.0 0.0 5.1 25.7 16:15 SE ------------------------------------------------------------------------------------- 24.4 37.6 5 13.8 18 3.3 184.5 60.8 3.8 33.8 2 SE Max >= 32.0: 16 Max <= 0.0: 0 Min <= 0.0: 0 Min <= -18.0: 0 Max Rain: 16.21 ON 13/08/18 Days of Rain: 9 (> .2 mm) 7 (> 2 mm) 0 (> 20 mm) Heat Base: 18.3 Cool Base: 18.3 Method: Integration