Resums mensuals i anuals

2019: Gen | Feb | Mar | Abr | Mai | Jun | Jul | Ago | Sep | Oct | Nov | Des 
2018: Gen | Feb | Mar | Abr | Mai | Jun | Jul | Ago | Sep | Oct | Nov | Des 
2017: Gen | Feb | Mar | Abr | Mai | Jun | Jul | Ago | Sep | Oct | Nov | Des 
2016: Gen | Feb | Mar | Abr | Mai | Jun | Jul | Ago | Sep | Oct | Nov | Des 
2015: Gen | Feb | Mar | Abr | Mai | Jun | Jul | Ago | Sep | Oct | Nov | Des 
2014: Gen | Feb | Mar | Abr | Mai | Jun | Jul | Ago | Sep | Oct | Nov | Des 
2013: Gen | Feb | Mar | Abr | Mai | Jun | Jul | Ago | Sep | Oct | Nov | Des 
2012: Gen | Feb | Mar | Abr | Mai | Jun | Jul | Ago | Sep | Oct | Nov | Des 
2011: Gen | Feb | Mar | Abr | Mai | Jun | Jul | Ago | Sep | Oct | Nov | Des 
2010: Gen | Feb | Mar | Abr | Mai | Jun | Jul | Ago | Sep | Oct | Nov | Des 

Resum pel 07 2018
MONTHLY CLIMATOLOGICAL SUMMARY for JUL. 2018 NAME: Vantage VUE CITY: Santpedor STATE: Bages ELEV: 325 m LAT: 41 47' 08" N LONG: 1 50' 24" E TEMPERATURE (C), RAIN (mm), WIND SPEED (km/hr) HEAT COOL AVG MEAN DEG DEG WIND DOM DAY TEMP HIGH TIME LOW TIME DAYS DAYS RAIN SPEED HIGH TIME DIR ------------------------------------------------------------------------------------ 1 23.8 31.8 14:15 15.6 4:40 0.3 5.8 0.0 3.9 25.7 14:35 SE 2 24.4 31.4 14:05 19.3 2:15 0.0 6.1 0.0 3.4 27.4 14:25 SE 3 25.6 32.6 14:55 19.7 3:30 0.0 7.3 0.0 3.7 25.7 11:30 SE 4 24.3 31.7 12:40 15.9 4:30 0.2 6.2 0.0 4.5 29.0 16:20 SE 5 23.4 30.6 14:05 16.3 3:55 0.2 5.3 0.0 5.3 29.0 15:15 SE 6 23.8 30.9 15:05 17.7 5:10 0.0 5.6 0.0 4.8 29.0 14:20 W 7 23.6 31.3 13:40 17.8 4:30 0.0 5.3 0.4 4.7 33.8 17:30 ESE 8 25.0 32.6 13:40 16.8 4:05 0.1 6.9 0.0 4.5 29.0 14:00 SE 9 25.1 34.8 16:20 18.3 3:55 0.0 6.8 8.6 4.3 35.4 17:00 W 10 24.5 32.6 13:40 17.0 4:45 0.1 6.3 0.0 3.7 29.0 14:05 SE 11 24.3 29.7 13:50 18.6 4:30 0.0 6.0 0.0 4.7 32.2 14:50 SE 12 23.3 31.6 13:50 17.6 4:30 0.0 5.1 4.4 4.0 27.4 14:25 ESE 13 23.9 31.4 14:15 16.5 4:50 0.2 5.8 0.0 2.6 33.8 15:25 SE 14 25.6 33.1 13:15 17.5 4:55 0.0 7.3 0.0 3.7 22.5 14:15 SE 15 25.6 33.1 13:40 17.2 4:40 0.1 7.4 0.0 4.2 29.0 14:10 SE 16 22.7 29.6 16:00 17.2 9:20 0.0 4.5 24.2 4.2 41.8 10:20 W 17 23.6 30.8 14:35 16.1 4:50 0.2 5.5 0.0 3.5 27.4 13:20 SE 18 24.7 31.9 12:35 17.0 4:25 0.1 6.5 0.0 3.7 24.1 15:20 SE 19 25.1 32.7 13:25 17.2 4:45 0.0 6.8 0.0 4.0 29.0 15:35 SE 20 24.4 32.1 13:35 17.3 4:55 0.0 6.2 0.8 4.0 32.2 20:35 SE 21 22.9 29.0 14:45 18.8 3:20 0.0 4.7 0.0 4.8 25.7 13:50 W 22 21.7 27.3 14:05 17.8 23:45 0.0 3.4 0.0 3.1 27.4 14:10 NW 23 23.7 31.9 13:45 15.5 4:25 0.4 5.8 0.0 4.2 27.4 16:35 SE 24 23.7 32.1 14:00 18.4 23:55 0.0 5.4 1.0 3.9 37.0 15:55 ESE 25 24.6 32.8 15:40 16.2 4:05 0.3 6.6 0.0 3.2 24.1 14:55 SE 26 26.1 34.7 13:35 17.6 4:10 0.0 7.8 0.0 3.7 27.4 16:45 SE 27 26.5 35.2 13:25 17.3 5:10 0.0 8.2 0.0 3.9 30.6 14:55 SE 28 25.1 34.6 14:20 17.8 5:15 0.0 6.8 0.0 4.0 29.0 14:45 SE 29 26.6 34.4 14:55 19.1 5:15 0.0 8.3 0.0 3.7 22.5 15:55 SE 30 27.2 33.9 14:30 20.7 5:10 0.0 8.9 0.0 4.0 25.7 15:15 SE 31 27.7 34.9 13:10 20.8 3:50 0.0 9.4 0.0 3.9 29.0 15:00 SE ------------------------------------------------------------------------------------- 24.6 35.2 27 15.5 23 2.5 197.7 39.4 4.0 41.8 16 SE Max >= 32.0: 16 Max <= 0.0: 0 Min <= 0.0: 0 Min <= -18.0: 0 Max Rain: 24.21 ON 16/07/18 Days of Rain: 6 (> .2 mm) 3 (> 2 mm) 1 (> 20 mm) Heat Base: 18.3 Cool Base: 18.3 Method: Integration