Resums mensuals i anuals

2019: Gen | Feb | Mar | Abr | Mai | Jun | Jul | Ago | Sep | Oct | Nov | Des 
2018: Gen | Feb | Mar | Abr | Mai | Jun | Jul | Ago | Sep | Oct | Nov | Des 
2017: Gen | Feb | Mar | Abr | Mai | Jun | Jul | Ago | Sep | Oct | Nov | Des 
2016: Gen | Feb | Mar | Abr | Mai | Jun | Jul | Ago | Sep | Oct | Nov | Des 
2015: Gen | Feb | Mar | Abr | Mai | Jun | Jul | Ago | Sep | Oct | Nov | Des 
2014: Gen | Feb | Mar | Abr | Mai | Jun | Jul | Ago | Sep | Oct | Nov | Des 
2013: Gen | Feb | Mar | Abr | Mai | Jun | Jul | Ago | Sep | Oct | Nov | Des 
2012: Gen | Feb | Mar | Abr | Mai | Jun | Jul | Ago | Sep | Oct | Nov | Des 
2011: Gen | Feb | Mar | Abr | Mai | Jun | Jul | Ago | Sep | Oct | Nov | Des 
2010: Gen | Feb | Mar | Abr | Mai | Jun | Jul | Ago | Sep | Oct | Nov | Des 

Resum pel 06 2018
MONTHLY CLIMATOLOGICAL SUMMARY for JUN. 2018 NAME: Vantage VUE CITY: Santpedor STATE: Bages ELEV: 325 m LAT: 41 47' 08" N LONG: 1 50' 24" E TEMPERATURE (C), RAIN (mm), WIND SPEED (km/hr) HEAT COOL AVG MEAN DEG DEG WIND DOM DAY TEMP HIGH TIME LOW TIME DAYS DAYS RAIN SPEED HIGH TIME DIR ------------------------------------------------------------------------------------ 1 19.7 26.9 13:35 13.4 3:40 1.4 2.8 0.2 3.7 25.7 16:20 SE 2 19.1 25.3 15:45 14.3 4:55 1.3 2.1 0.0 3.4 24.1 16:50 SSE 3 16.0 19.7 18:25 13.8 3:50 2.4 0.1 5.6 1.3 16.1 12:30 ESE 4 18.6 24.1 11:40 14.2 5:05 1.3 1.6 1.4 2.3 16.1 11:40 WSW 5 16.9 24.0 11:15 12.6 23:50 2.2 0.8 18.8 2.7 24.1 11:20 NNW 6 15.2 19.2 18:20 12.9 0:05 3.2 0.0 9.6 1.4 11.3 10:20 WSW 7 16.4 22.6 11:20 13.7 3:45 2.2 0.4 3.8 1.8 29.0 13:25 WSW 8 19.1 26.2 12:50 13.4 0:25 1.4 2.2 0.2 2.7 24.1 13:25 SE 9 21.3 27.4 12:50 15.3 4:10 0.6 3.5 0.0 3.5 25.7 12:05 SE 10 19.8 27.3 13:00 15.0 5:05 1.0 2.4 0.2 3.5 30.6 14:50 ENE 11 21.8 27.2 14:00 16.4 2:50 0.3 3.8 0.0 4.5 40.2 11:40 WSW 12 19.6 23.7 14:20 14.9 4:55 0.7 2.0 1.4 6.0 37.0 13:40 W 13 20.2 27.9 16:35 12.4 4:35 1.4 3.3 0.0 3.2 27.4 14:30 NW 14 20.1 27.4 15:40 11.6 4:35 1.4 3.1 0.0 3.7 24.1 12:35 ESE 15 20.5 27.7 15:15 14.5 5:20 0.8 3.0 0.0 3.2 27.4 17:00 ESE 16 21.6 28.5 14:45 14.4 4:45 0.7 4.0 0.0 3.7 25.7 14:15 SE 17 22.1 28.2 13:25 15.8 4:05 0.3 4.0 0.0 3.9 24.1 14:45 SE 18 22.6 31.3 15:50 15.1 4:30 0.6 4.9 0.0 3.2 27.4 16:00 SE 19 23.0 30.8 15:10 15.3 4:20 0.5 5.2 0.0 3.5 25.7 15:50 SE 20 24.2 31.4 14:35 15.7 4:20 0.3 6.2 0.0 3.7 24.1 13:10 SSE 21 25.1 32.4 12:50 15.9 4:30 0.2 7.0 0.0 3.7 24.1 13:15 SE 22 25.1 32.1 11:55 19.1 5:10 0.0 6.7 0.0 4.8 30.6 15:45 ESE 23 23.4 29.3 13:30 18.6 4:45 0.0 5.1 0.0 4.5 25.7 13:50 SE 24 23.3 29.3 13:45 17.9 4:55 0.0 5.0 0.0 4.3 25.7 14:40 SE 25 23.7 29.1 14:25 18.2 4:35 0.0 5.4 0.0 5.1 29.0 12:30 SE 26 24.6 29.9 14:20 19.7 4:05 0.0 6.2 0.0 4.7 32.2 16:45 SE 27 24.7 32.1 13:40 17.2 3:20 0.1 6.5 0.0 4.2 25.7 16:45 ESE 28 22.2 31.3 11:40 17.1 16:00 0.2 4.1 31.4 4.2 41.8 15:00 SE 29 22.3 28.8 15:30 16.1 4:45 0.5 4.5 0.2 3.9 27.4 16:40 SE 30 24.1 31.2 13:40 17.1 4:45 0.1 5.9 0.0 3.4 22.5 15:45 SE ------------------------------------------------------------------------------------- 21.2 32.4 21 11.6 14 24.7 111.9 72.8 3.6 41.8 28 SE Max >= 32.0: 3 Max <= 0.0: 0 Min <= 0.0: 0 Min <= -18.0: 0 Max Rain: 31.39 ON 28/06/18 Days of Rain: 11 (> .2 mm) 5 (> 2 mm) 1 (> 20 mm) Heat Base: 18.3 Cool Base: 18.3 Method: Integration