Resums mensuals i anuals

2019: Gen | Feb | Mar | Abr | Mai | Jun | Jul | Ago | Sep | Oct | Nov | Des 
2018: Gen | Feb | Mar | Abr | Mai | Jun | Jul | Ago | Sep | Oct | Nov | Des 
2017: Gen | Feb | Mar | Abr | Mai | Jun | Jul | Ago | Sep | Oct | Nov | Des 
2016: Gen | Feb | Mar | Abr | Mai | Jun | Jul | Ago | Sep | Oct | Nov | Des 
2015: Gen | Feb | Mar | Abr | Mai | Jun | Jul | Ago | Sep | Oct | Nov | Des 
2014: Gen | Feb | Mar | Abr | Mai | Jun | Jul | Ago | Sep | Oct | Nov | Des 
2013: Gen | Feb | Mar | Abr | Mai | Jun | Jul | Ago | Sep | Oct | Nov | Des 
2012: Gen | Feb | Mar | Abr | Mai | Jun | Jul | Ago | Sep | Oct | Nov | Des 
2011: Gen | Feb | Mar | Abr | Mai | Jun | Jul | Ago | Sep | Oct | Nov | Des 
2010: Gen | Feb | Mar | Abr | Mai | Jun | Jul | Ago | Sep | Oct | Nov | Des 

Resum pel 05 2018
MONTHLY CLIMATOLOGICAL SUMMARY for MAY. 2018 NAME: Vantage VUE CITY: Santpedor STATE: Bages ELEV: 325 m LAT: 41 47' 08" N LONG: 1 50' 24" E TEMPERATURE (C), RAIN (mm), WIND SPEED (km/hr) HEAT COOL AVG MEAN DEG DEG WIND DOM DAY TEMP HIGH TIME LOW TIME DAYS DAYS RAIN SPEED HIGH TIME DIR ------------------------------------------------------------------------------------ 1 8.9 15.1 13:15 4.8 23:05 9.4 0.0 2.8 1.8 24.1 14:15 ESE 2 12.1 21.3 15:40 3.6 6:20 6.5 0.4 0.0 3.1 27.4 16:05 WSW 3 14.3 21.6 14:10 7.2 4:40 4.4 0.4 0.0 3.7 32.2 12:30 WSW 4 14.2 19.4 16:15 8.9 5:00 4.1 0.1 0.0 2.3 12.9 0:45 W 5 14.3 20.5 16:15 10.3 5:15 4.1 0.1 0.2 1.9 14.5 5:40 ESE 6 14.5 21.6 16:05 9.7 4:50 4.1 0.3 3.8 1.4 16.1 17:00 ESE 7 16.2 24.6 12:25 13.5 23:50 2.7 0.5 4.2 1.6 30.6 13:45 ESE 8 16.1 24.3 12:15 12.7 4:15 3.1 0.9 7.2 1.9 32.2 15:45 SSE 9 15.8 22.8 13:45 11.7 4:40 3.0 0.5 0.6 2.6 22.5 14:15 WSW 10 16.1 20.3 15:45 12.3 4:20 2.5 0.2 0.0 3.5 20.9 16:20 SE 11 18.2 25.5 13:40 12.2 4:20 1.9 1.8 0.0 4.7 27.4 11:05 ESE 12 15.2 18.8 12:45 9.3 00:00 3.1 0.0 26.8 3.9 37.0 19:40 ESE 13 11.6 17.8 13:25 6.2 4:35 6.7 0.0 2.6 4.5 35.4 14:45 W 14 12.3 18.8 12:30 4.9 3:15 6.0 0.0 0.0 3.4 25.7 13:35 ESE 15 14.4 21.6 12:20 6.7 3:45 4.5 0.6 0.0 2.4 20.9 11:35 NW 16 15.8 24.4 15:40 9.2 4:40 3.5 1.1 0.0 2.6 19.3 16:30 ESE 17 17.3 25.1 13:05 11.2 3:50 2.2 1.3 0.0 3.5 30.6 13:35 ESE 18 16.8 22.9 12:40 11.3 5:00 2.2 0.7 0.4 2.9 25.7 12:50 NE 19 15.7 25.1 13:00 10.6 4:45 3.5 0.9 13.2 2.6 37.0 14:05 ESE 20 16.0 24.8 11:20 10.8 4:35 3.1 0.8 0.2 2.9 29.0 12:20 ESE 21 16.8 24.3 13:20 11.3 5:05 3.0 1.5 7.6 3.1 27.4 15:20 ESE 22 16.0 23.2 13:45 12.6 1:15 2.9 0.6 0.2 2.3 35.4 14:50 ESE 23 18.9 26.4 13:35 11.3 4:45 1.8 2.5 0.0 3.4 25.7 14:30 SE 24 19.8 27.3 13:35 13.1 4:30 1.4 2.9 0.0 3.7 25.7 17:15 ESE 25 18.7 24.4 11:35 12.1 3:40 1.7 2.1 0.0 4.8 27.4 11:35 NE 26 20.1 25.1 13:30 14.2 4:30 0.7 2.5 0.0 6.3 32.2 10:30 ESE 27 20.4 27.2 12:55 13.9 4:25 0.9 3.0 0.0 3.2 22.5 11:10 NE 28 17.8 23.2 9:40 15.1 11:55 1.2 0.7 16.8 2.7 43.5 11:15 ESE 29 19.3 24.2 12:10 15.2 3:40 0.9 1.9 0.2 3.7 22.5 11:20 SE 30 15.8 18.3 11:00 13.5 23:40 2.5 0.0 12.6 1.9 24.1 13:25 NW 31 18.1 25.1 14:00 12.6 4:30 2.0 1.8 0.0 2.9 22.5 15:15 SSE ------------------------------------------------------------------------------------- 16.1 27.3 24 3.6 2 99.7 30.2 99.4 3.1 43.5 28 ESE Max >= 32.0: 0 Max <= 0.0: 0 Min <= 0.0: 0 Min <= -18.0: 0 Max Rain: 26.80 ON 12/05/18 Days of Rain: 16 (> .2 mm) 10 (> 2 mm) 1 (> 20 mm) Heat Base: 18.3 Cool Base: 18.3 Method: Integration