Resums mensuals i anuals

2019: Gen | Feb | Mar | Abr | Mai | Jun | Jul | Ago | Sep | Oct | Nov | Des 
2018: Gen | Feb | Mar | Abr | Mai | Jun | Jul | Ago | Sep | Oct | Nov | Des 
2017: Gen | Feb | Mar | Abr | Mai | Jun | Jul | Ago | Sep | Oct | Nov | Des 
2016: Gen | Feb | Mar | Abr | Mai | Jun | Jul | Ago | Sep | Oct | Nov | Des 
2015: Gen | Feb | Mar | Abr | Mai | Jun | Jul | Ago | Sep | Oct | Nov | Des 
2014: Gen | Feb | Mar | Abr | Mai | Jun | Jul | Ago | Sep | Oct | Nov | Des 
2013: Gen | Feb | Mar | Abr | Mai | Jun | Jul | Ago | Sep | Oct | Nov | Des 
2012: Gen | Feb | Mar | Abr | Mai | Jun | Jul | Ago | Sep | Oct | Nov | Des 
2011: Gen | Feb | Mar | Abr | Mai | Jun | Jul | Ago | Sep | Oct | Nov | Des 
2010: Gen | Feb | Mar | Abr | Mai | Jun | Jul | Ago | Sep | Oct | Nov | Des 

Resum pel 04 2018
MONTHLY CLIMATOLOGICAL SUMMARY for APR. 2018 NAME: Vantage VUE CITY: Santpedor STATE: Bages ELEV: 325 m LAT: 41 47' 08" N LONG: 1 50' 24" E TEMPERATURE (C), RAIN (mm), WIND SPEED (km/hr) HEAT COOL AVG MEAN DEG DEG WIND DOM DAY TEMP HIGH TIME LOW TIME DAYS DAYS RAIN SPEED HIGH TIME DIR ------------------------------------------------------------------------------------ 1 9.6 17.7 13:20 0.5 5:10 8.7 0.0 0.0 3.1 19.3 14:05 ESE 2 11.3 18.3 15:00 4.1 6:05 7.0 0.0 0.0 1.9 16.1 14:10 ESE 3 13.5 22.1 16:25 5.7 4:45 5.4 0.6 0.0 2.4 24.1 13:05 SE 4 14.2 19.3 14:45 8.1 5:00 4.2 0.1 0.0 6.3 43.5 11:20 W 5 12.9 20.9 15:20 5.7 4:50 5.7 0.3 0.0 3.9 22.5 12:05 SE 6 12.1 19.9 14:05 4.5 5:30 6.4 0.1 1.4 2.7 19.3 16:20 ESE 7 13.7 17.7 12:40 9.2 4:35 4.6 0.0 0.0 5.1 29.0 15:05 NE 8 9.9 11.9 0:05 9.0 22:00 8.4 0.0 14.4 1.8 20.9 9:00 WSW 9 11.1 17.9 13:55 5.6 23:55 7.2 0.0 0.2 3.9 32.2 13:00 SSE 10 8.8 15.4 11:35 2.4 5:25 9.5 0.0 4.2 4.7 32.2 14:20 SE 11 8.3 12.0 15:45 5.6 7:35 10.0 0.0 22.8 7.4 37.0 4:55 NE 12 9.7 16.8 16:35 3.0 4:40 8.6 0.0 0.0 2.9 24.1 14:15 ESE 13 9.9 12.4 11:20 7.1 5:15 8.4 0.0 3.8 2.4 29.0 11:25 NE 14 10.7 13.7 10:40 9.5 23:40 7.6 0.0 9.2 2.4 19.3 11:10 NNW 15 14.6 21.7 14:55 8.1 3:10 4.3 0.6 0.0 2.7 20.9 12:00 W 16 13.6 18.3 11:15 9.8 5:25 4.7 0.0 0.0 2.3 22.5 12:00 WSW 17 16.4 23.9 15:45 10.0 0:40 3.2 1.4 0.0 2.3 19.3 15:40 WSW 18 17.0 25.9 13:05 8.9 5:20 3.1 1.8 0.0 2.3 25.7 15:15 SE 19 16.4 23.5 13:55 9.7 5:20 3.1 1.2 0.0 2.7 19.3 17:05 ESE 20 16.3 23.9 13:35 8.4 5:00 3.5 1.4 0.0 2.7 24.1 13:05 SSE 21 17.1 25.0 13:25 8.9 5:00 3.1 1.9 0.0 2.6 20.9 15:05 SE 22 16.6 25.7 13:05 9.2 5:25 3.4 1.7 0.0 2.6 22.5 14:30 SE 23 17.2 25.1 15:10 9.5 5:10 2.9 1.7 0.0 2.1 17.7 16:20 ESE 24 18.7 26.7 14:20 11.6 5:35 2.1 2.5 0.0 2.7 20.9 15:50 SE 25 18.6 27.8 12:10 11.1 5:20 1.9 2.2 0.0 3.9 32.2 14:40 SE 26 17.3 24.6 16:20 12.6 5:30 2.3 1.2 0.0 3.2 25.7 18:10 NW 27 17.3 26.9 13:55 11.2 3:55 2.7 1.7 0.2 3.2 27.4 15:20 ESE 28 17.1 21.7 14:40 12.8 4:10 2.0 0.7 0.0 3.9 22.5 15:10 SSE 29 12.2 16.3 8:20 7.0 23:55 6.1 0.0 7.0 4.3 41.8 15:20 WSW 30 11.6 17.5 14:40 5.3 4:25 6.7 0.0 0.0 4.0 27.4 14:35 WSW ------------------------------------------------------------------------------------- 13.8 27.8 25 0.5 1 156.8 21.3 63.2 3.3 43.5 4 ESE Max >= 32.0: 0 Max <= 0.0: 0 Min <= 0.0: 0 Min <= -18.0: 0 Max Rain: 22.81 ON 11/04/18 Days of Rain: 9 (> .2 mm) 6 (> 2 mm) 1 (> 20 mm) Heat Base: 18.3 Cool Base: 18.3 Method: Integration