Resums mensuals i anuals

2019: Gen | Feb | Mar | Abr | Mai | Jun | Jul | Ago | Sep | Oct | Nov | Des 
2018: Gen | Feb | Mar | Abr | Mai | Jun | Jul | Ago | Sep | Oct | Nov | Des 
2017: Gen | Feb | Mar | Abr | Mai | Jun | Jul | Ago | Sep | Oct | Nov | Des 
2016: Gen | Feb | Mar | Abr | Mai | Jun | Jul | Ago | Sep | Oct | Nov | Des 
2015: Gen | Feb | Mar | Abr | Mai | Jun | Jul | Ago | Sep | Oct | Nov | Des 
2014: Gen | Feb | Mar | Abr | Mai | Jun | Jul | Ago | Sep | Oct | Nov | Des 
2013: Gen | Feb | Mar | Abr | Mai | Jun | Jul | Ago | Sep | Oct | Nov | Des 
2012: Gen | Feb | Mar | Abr | Mai | Jun | Jul | Ago | Sep | Oct | Nov | Des 
2011: Gen | Feb | Mar | Abr | Mai | Jun | Jul | Ago | Sep | Oct | Nov | Des 
2010: Gen | Feb | Mar | Abr | Mai | Jun | Jul | Ago | Sep | Oct | Nov | Des 

Resum pel 03 2018
MONTHLY CLIMATOLOGICAL SUMMARY for MAR. 2018 NAME: Vantage VUE CITY: Santpedor STATE: Bages ELEV: 325 m LAT: 41 47' 08" N LONG: 1 50' 24" E TEMPERATURE (C), RAIN (mm), WIND SPEED (km/hr) HEAT COOL AVG MEAN DEG DEG WIND DOM DAY TEMP HIGH TIME LOW TIME DAYS DAYS RAIN SPEED HIGH TIME DIR ------------------------------------------------------------------------------------ 1 6.7 11.1 14:35 1.8 2:50 11.6 0.0 6.4 1.0 32.2 23:35 WSW 2 9.2 13.5 15:00 5.8 6:35 9.1 0.0 3.6 6.6 46.7 1:55 WSW 3 10.1 16.7 14:50 4.3 7:00 8.2 0.0 0.0 4.3 40.2 14:30 WSW 4 9.6 17.3 13:00 4.3 6:20 8.7 0.0 0.0 1.1 12.9 14:50 E 5 6.9 12.0 16:55 4.3 4:25 11.4 0.0 5.8 2.3 24.1 15:25 WSW 6 8.8 14.6 14:00 3.6 00:00 9.5 0.0 0.0 4.2 35.4 14:20 WSW 7 7.8 14.3 14:45 1.3 6:25 10.5 0.0 0.0 4.5 33.8 13:45 W 8 7.9 14.7 14:05 2.6 4:15 10.4 0.0 0.0 1.6 19.3 14:05 WSW 9 11.2 20.5 14:40 2.6 5:25 7.3 0.2 0.4 2.3 25.7 12:45 W 10 13.8 22.6 14:25 8.6 4:00 5.1 0.6 0.8 3.4 33.8 13:50 NW 11 11.9 16.7 15:15 8.1 6:10 6.3 0.0 0.2 5.8 45.1 12:15 W 12 11.3 16.6 14:25 6.3 00:00 7.0 0.0 0.0 5.8 40.2 13:30 W 13 8.5 14.7 13:05 3.5 3:50 9.8 0.0 0.0 2.9 24.1 16:10 WSW 14 10.2 17.6 14:35 2.4 5:40 8.2 0.0 0.4 2.3 19.3 14:50 SE 15 11.7 16.8 15:30 6.4 00:00 6.6 0.0 1.0 5.0 37.0 13:55 W 16 9.8 16.1 14:50 3.2 6:30 8.5 0.0 0.0 3.9 30.6 14:55 WSW 17 6.6 12.4 12:10 1.4 6:10 11.7 0.0 1.2 3.4 24.1 12:30 WSW 18 7.8 14.5 15:05 3.3 0:40 10.5 0.0 0.2 5.1 30.6 14:10 W 19 6.4 13.4 13:55 -0.1 6:05 11.9 0.0 2.4 4.3 32.2 16:15 WSW 20 6.6 14.8 14:25 1.7 6:15 11.7 0.0 6.0 4.5 30.6 16:20 WSW 21 5.9 12.4 14:00 -1.1 5:35 12.4 0.0 0.0 7.4 51.5 13:05 NNW 22 7.2 15.0 15:30 -1.8 6:05 11.1 0.0 0.0 3.7 32.2 12:40 W 23 9.2 18.1 14:50 1.2 5:50 9.1 0.0 0.0 2.4 20.9 15:10 ESE 24 6.2 8.0 0:40 5.1 15:20 12.1 0.0 30.4 2.4 17.7 9:55 WNW 25 7.4 12.5 12:55 4.4 22:45 10.9 0.0 1.4 1.8 19.3 13:15 NW 26 8.6 15.9 15:55 2.5 5:10 9.7 0.0 0.2 2.1 19.3 11:55 NE 27 10.7 18.9 16:40 2.3 5:30 7.6 0.0 0.0 2.4 27.4 19:20 WSW 28 14.0 21.8 15:50 6.4 6:15 5.1 0.8 0.0 3.7 29.0 16:10 WSW 29 12.8 18.3 15:30 8.3 2:00 5.5 0.0 0.0 4.7 37.0 12:55 WSW 30 10.7 16.1 12:55 4.4 00:00 7.6 0.0 0.0 5.0 43.5 8:55 WSW 31 9.5 15.7 15:50 3.3 2:15 8.8 0.0 0.0 8.2 53.1 10:30 W ------------------------------------------------------------------------------------- 9.2 22.6 10 -1.8 22 283.8 1.5 60.4 3.8 53.1 31 WSW Max >= 32.0: 0 Max <= 0.0: 0 Min <= 0.0: 3 Min <= -18.0: 0 Max Rain: 30.40 ON 24/03/18 Days of Rain: 15 (> .2 mm) 6 (> 2 mm) 1 (> 20 mm) Heat Base: 18.3 Cool Base: 18.3 Method: Integration