Resums mensuals i anuals

2019: Gen | Feb | Mar | Abr | Mai | Jun | Jul | Ago | Sep | Oct | Nov | Des 
2018: Gen | Feb | Mar | Abr | Mai | Jun | Jul | Ago | Sep | Oct | Nov | Des 
2017: Gen | Feb | Mar | Abr | Mai | Jun | Jul | Ago | Sep | Oct | Nov | Des 
2016: Gen | Feb | Mar | Abr | Mai | Jun | Jul | Ago | Sep | Oct | Nov | Des 
2015: Gen | Feb | Mar | Abr | Mai | Jun | Jul | Ago | Sep | Oct | Nov | Des 
2014: Gen | Feb | Mar | Abr | Mai | Jun | Jul | Ago | Sep | Oct | Nov | Des 
2013: Gen | Feb | Mar | Abr | Mai | Jun | Jul | Ago | Sep | Oct | Nov | Des 
2012: Gen | Feb | Mar | Abr | Mai | Jun | Jul | Ago | Sep | Oct | Nov | Des 
2011: Gen | Feb | Mar | Abr | Mai | Jun | Jul | Ago | Sep | Oct | Nov | Des 
2010: Gen | Feb | Mar | Abr | Mai | Jun | Jul | Ago | Sep | Oct | Nov | Des 

Resum pel 02 2018
MONTHLY CLIMATOLOGICAL SUMMARY for FEB. 2018 NAME: Vantage VUE CITY: Santpedor STATE: Bages ELEV: 325 m LAT: 41 47' 08" N LONG: 1 50' 24" E TEMPERATURE (C), RAIN (mm), WIND SPEED (km/hr) HEAT COOL AVG MEAN DEG DEG WIND DOM DAY TEMP HIGH TIME LOW TIME DAYS DAYS RAIN SPEED HIGH TIME DIR ------------------------------------------------------------------------------------ 1 3.9 6.4 11:55 0.6 5:30 14.4 0.0 2.4 0.8 9.7 20:55 ESE 2 3.8 9.4 16:15 -1.1 00:00 14.5 0.0 0.0 1.8 19.3 14:15 NW 3 3.8 10.2 15:20 -2.8 7:15 14.5 0.0 0.0 3.7 30.6 13:00 NW 4 3.9 5.5 0:10 2.7 6:50 14.4 0.0 15.0 3.9 24.1 22:35 NNW 5 4.7 5.7 12:45 3.1 0:05 13.6 0.0 25.8 5.8 30.6 6:00 NNW 6 6.2 10.4 12:45 3.9 23:55 12.1 0.0 1.4 3.1 20.9 17:05 W 7 3.7 8.8 14:00 -0.7 23:20 14.6 0.0 0.0 2.7 22.5 8:15 W 8 1.1 7.3 15:05 -3.2 6:50 17.2 0.0 0.0 1.4 12.9 9:30 ESE 9 1.6 7.7 13:05 -3.9 6:00 16.7 0.0 0.0 2.1 17.7 15:35 W 10 3.3 10.4 14:45 -2.8 6:40 15.0 0.0 0.0 3.2 24.1 10:05 NNW 11 5.1 12.8 16:20 -2.3 4:45 13.2 0.0 0.0 1.9 19.3 14:05 NW 12 5.7 9.9 11:45 0.7 19:05 12.6 0.0 8.4 3.2 24.1 16:00 WSW 13 2.6 7.0 15:20 -1.6 7:00 15.8 0.0 0.0 4.3 35.4 13:05 WSW 14 4.0 10.1 16:05 -1.6 7:10 14.3 0.0 0.0 1.4 12.9 23:55 NW 15 9.4 18.6 16:15 2.7 6:50 8.8 0.0 0.0 1.4 11.3 13:10 ESE 16 10.9 16.2 15:50 6.8 5:25 7.4 0.0 0.0 0.6 9.7 13:40 ESE 17 9.9 14.6 12:35 6.0 6:55 8.3 0.0 0.2 1.8 19.3 13:40 WSW 18 7.6 13.1 15:20 1.2 6:55 10.7 0.0 0.0 1.9 17.7 12:30 NW 19 8.0 13.7 14:25 3.4 3:45 10.3 0.0 0.0 1.9 11.3 10:30 SE 20 11.2 18.2 15:50 7.7 6:30 7.1 0.0 0.0 2.6 25.7 15:20 ESE 21 7.1 12.5 12:00 1.0 00:00 11.2 0.0 0.0 3.7 35.4 12:40 NNW 22 3.9 10.2 15:15 -2.1 5:55 14.4 0.0 0.0 2.9 20.9 15:45 SE 23 4.8 10.8 16:15 -0.3 6:45 13.5 0.0 0.0 1.8 14.5 4:40 WSW 24 4.7 12.8 14:15 -2.3 6:30 13.6 0.0 0.0 1.8 16.1 16:35 ESE 25 7.0 14.7 14:00 1.3 6:55 11.3 0.0 0.0 2.6 25.7 15:50 WSW 26 4.0 11.3 12:55 -0.1 6:45 14.3 0.0 0.0 4.0 29.0 13:25 SSE 27 1.9 7.3 12:55 -0.9 6:55 16.4 0.0 0.8 3.4 24.1 12:30 SSE 28 1.1 2.7 16:30 -0.8 6:50 17.2 0.0 16.4 2.4 17.7 13:35 NNE ------------------------------------------------------------------------------------- 5.2 18.6 15 -3.9 9 367.4 0.0 70.4 2.6 35.4 13 WSW Max >= 32.0: 0 Max <= 0.0: 0 Min <= 0.0: 15 Min <= -18.0: 0 Max Rain: 25.81 ON 05/02/18 Days of Rain: 8 (> .2 mm) 5 (> 2 mm) 1 (> 20 mm) Heat Base: 18.3 Cool Base: 18.3 Method: Integration