Resums mensuals i anuals

2019: Gen | Feb | Mar | Abr | Mai | Jun | Jul | Ago | Sep | Oct | Nov | Des 
2018: Gen | Feb | Mar | Abr | Mai | Jun | Jul | Ago | Sep | Oct | Nov | Des 
2017: Gen | Feb | Mar | Abr | Mai | Jun | Jul | Ago | Sep | Oct | Nov | Des 
2016: Gen | Feb | Mar | Abr | Mai | Jun | Jul | Ago | Sep | Oct | Nov | Des 
2015: Gen | Feb | Mar | Abr | Mai | Jun | Jul | Ago | Sep | Oct | Nov | Des 
2014: Gen | Feb | Mar | Abr | Mai | Jun | Jul | Ago | Sep | Oct | Nov | Des 
2013: Gen | Feb | Mar | Abr | Mai | Jun | Jul | Ago | Sep | Oct | Nov | Des 
2012: Gen | Feb | Mar | Abr | Mai | Jun | Jul | Ago | Sep | Oct | Nov | Des 
2011: Gen | Feb | Mar | Abr | Mai | Jun | Jul | Ago | Sep | Oct | Nov | Des 
2010: Gen | Feb | Mar | Abr | Mai | Jun | Jul | Ago | Sep | Oct | Nov | Des 

Resum pel 01 2018
MONTHLY CLIMATOLOGICAL SUMMARY for JAN. 2018 NAME: Vantage VUE CITY: Santpedor STATE: Bages ELEV: 325 m LAT: 41 47' 08" N LONG: 1 50' 24" E TEMPERATURE (C), RAIN (mm), WIND SPEED (km/hr) HEAT COOL AVG MEAN DEG DEG WIND DOM DAY TEMP HIGH TIME LOW TIME DAYS DAYS RAIN SPEED HIGH TIME DIR ------------------------------------------------------------------------------------ 1 8.6 12.3 14:20 2.8 7:30 9.7 0.0 0.0 6.0 37.0 13:25 W 2 8.6 15.5 15:35 3.3 6:40 9.7 0.0 0.0 1.8 22.5 0:10 NNW 3 12.1 18.6 13:55 5.9 7:10 6.2 0.0 0.0 3.9 27.4 14:05 W 4 13.3 18.9 13:50 8.1 5:10 5.0 0.0 0.0 3.9 37.0 14:30 W 5 9.7 15.7 14:30 3.9 6:40 8.6 0.0 0.0 3.4 40.2 11:00 W 6 7.1 13.3 20:55 1.4 6:50 11.2 0.0 5.6 1.9 22.5 11:30 NE 7 7.9 11.6 5:15 3.1 23:30 10.4 0.0 11.6 4.2 30.6 14:15 NE 8 4.7 7.9 15:20 2.4 5:10 13.6 0.0 0.0 1.9 14.5 23:10 WSW 9 5.7 10.3 14:10 3.2 7:55 12.6 0.0 0.0 2.4 19.3 16:20 W 10 5.7 11.1 13:55 1.4 7:45 12.6 0.0 0.0 2.7 16.1 15:05 NW 11 6.5 11.7 15:40 2.4 7:30 11.8 0.0 0.2 2.1 16.1 1:35 WSW 12 3.8 9.9 15:45 -0.1 00:00 14.5 0.0 0.0 1.6 19.3 6:00 WSW 13 3.2 8.2 15:15 -2.2 6:50 15.1 0.0 1.4 0.8 12.9 21:25 ESE 14 5.7 9.3 14:35 2.6 00:00 12.6 0.0 1.6 2.3 24.1 15:20 W 15 3.9 7.4 14:20 0.5 3:40 14.3 0.0 0.0 1.3 16.1 14:40 NW 16 7.5 14.4 15:05 1.1 6:10 10.8 0.0 0.0 2.6 20.9 19:20 NW 17 8.9 15.1 13:15 4.2 6:40 9.4 0.0 0.0 3.4 29.0 14:55 WSW 18 5.2 12.3 15:20 0.5 6:55 13.1 0.0 0.0 1.3 14.5 17:40 WSW 19 4.3 12.1 16:10 -0.6 7:20 14.0 0.0 0.0 0.8 9.7 14:20 WSW 20 6.7 13.6 15:55 0.3 5:00 11.6 0.0 0.0 2.3 27.4 13:30 WSW 21 9.6 15.6 18:10 5.6 8:05 8.8 0.0 0.0 1.9 17.7 18:15 NNW 22 10.0 16.1 14:20 4.9 6:45 8.3 0.0 0.0 1.8 14.5 13:50 E 23 8.0 15.0 14:15 3.8 6:40 10.3 0.0 0.0 1.6 12.9 0:30 WNW 24 7.4 16.7 15:10 0.7 8:05 10.9 0.0 0.2 0.8 12.9 15:25 SE 25 7.7 10.9 14:20 4.3 1:30 10.6 0.0 0.8 1.0 9.7 15:30 NNW 26 5.3 8.9 2:20 2.7 23:10 13.0 0.0 48.0 2.6 24.1 6:30 W 27 5.4 10.7 14:50 2.4 5:35 12.9 0.0 0.0 1.0 11.3 11:30 ESE 28 8.4 16.6 15:45 2.6 7:05 9.8 0.0 0.0 1.0 9.7 13:40 SE 29 6.8 14.6 14:50 1.3 6:55 11.5 0.0 0.2 1.1 12.9 15:00 W 30 6.6 15.4 14:55 0.7 7:20 11.7 0.0 0.0 1.1 14.5 15:25 WSW 31 5.8 15.7 15:10 0.1 7:45 12.5 0.0 0.2 1.3 16.1 15:45 ESE ------------------------------------------------------------------------------------- 7.1 18.9 4 -2.2 13 347.0 0.0 69.8 2.1 40.2 5 WSW Max >= 32.0: 0 Max <= 0.0: 0 Min <= 0.0: 3 Min <= -18.0: 0 Max Rain: 48.01 ON 26/01/18 Days of Rain: 10 (> .2 mm) 3 (> 2 mm) 1 (> 20 mm) Heat Base: 18.3 Cool Base: 18.3 Method: Integration