Resums mensuals i anuals

2020: Gen | Feb | Mar | Abr | Mai | Jun | Jul | Ago | Sep | Oct | Nov | Des 
2019: Gen | Feb | Mar | Abr | Mai | Jun | Jul | Ago | Sep | Oct | Nov | Des 
2018: Gen | Feb | Mar | Abr | Mai | Jun | Jul | Ago | Sep | Oct | Nov | Des 
2017: Gen | Feb | Mar | Abr | Mai | Jun | Jul | Ago | Sep | Oct | Nov | Des 
2016: Gen | Feb | Mar | Abr | Mai | Jun | Jul | Ago | Sep | Oct | Nov | Des 
2015: Gen | Feb | Mar | Abr | Mai | Jun | Jul | Ago | Sep | Oct | Nov | Des 
2014: Gen | Feb | Mar | Abr | Mai | Jun | Jul | Ago | Sep | Oct | Nov | Des 
2013: Gen | Feb | Mar | Abr | Mai | Jun | Jul | Ago | Sep | Oct | Nov | Des 
2012: Gen | Feb | Mar | Abr | Mai | Jun | Jul | Ago | Sep | Oct | Nov | Des 
2011: Gen | Feb | Mar | Abr | Mai | Jun | Jul | Ago | Sep | Oct | Nov | Des 
2010: Gen | Feb | Mar | Abr | Mai | Jun | Jul | Ago | Sep | Oct | Nov | Des 

Resum pel 2018
ANNUAL CLIMATOLOGICAL SUMMARY NAME: Vantage VUE CITY: Santpedor STATE: Bages ELEV: 325 m LAT: 41° 47' 08" N LONG: 1° 50' 24" E TEMPERATURE (°C), HEAT BASE 18.3, COOL BASE 18.3 DEP. HEAT COOL MEAN MEAN FROM DEG DEG MAX MAX MIN MIN YR MO MAX MIN MEAN NORM DAYS DAYS HI DATE LOW DATE >=32 <=0 <=0 <=-18 ------------------------------------------------------------------------------------ 18 1 13.1 2.4 7.1 0.8 347 0 18.9 4 -2.2 13 0 0 3 0 18 2 10.6 0.5 5.2 -2.4 367 0 18.6 15 -3.9 9 0 0 15 0 18 3 15.6 3.6 9.2 -1.3 284 2 22.6 10 -1.8 22 0 0 3 0 18 4 20.4 7.8 13.8 0.1 157 21 27.8 25 0.5 1 0 0 0 0 18 5 22.8 10.7 16.1 -1.6 100 30 27.3 24 3.6 2 0 0 0 0 18 6 27.7 15.4 21.2 -0.8 25 112 32.4 21 11.6 14 3 0 0 0 18 7 32.2 17.6 24.6 -0.3 2 198 35.2 27 15.5 23 16 0 0 0 18 8 31.6 18.4 24.4 0.1 3 184 37.6 5 13.8 18 16 0 0 0 18 9 28.8 16.5 21.8 -0.7 12 117 33.9 21 11.7 28 2 0 0 0 18 10 21.2 10.8 15.5 -1.8 115 27 27.3 3 0.5 30 0 0 0 0 18 11 14.9 6.0 9.9 -0.1 251 1 20.9 11 1.6 25 0 0 0 0 18 12 11.4 2.6 6.4 0.3 370 0 16.7 5 -2.1 30 0 0 5 0 ------------------------------------------------------------------------------------ 20.9 9.4 14.6 -0.6 2033 692 37.6 AUG -3.9 FEB 37 0 26 0 PRECIPITATION (mm) DEP. MAX DAYS OF RAIN FROM OBS. OVER YR MO TOTAL NORM DAY DATE .2 2 20 --------------------------------------------- 18 1 69.8 42.0 48.0 26 10 3 1 18 2 70.4 53.4 25.8 5 8 5 1 18 3 60.4 35.4 30.4 24 15 6 1 18 4 63.2 13.0 22.8 11 9 6 1 18 5 99.4 37.0 26.8 12 16 10 1 18 6 72.8 31.6 31.4 28 11 5 1 18 7 39.4 8.9 24.2 16 6 3 1 18 8 60.8 9.7 16.2 13 9 7 0 18 9 47.0 -10.1 33.4 12 4 3 1 18 10 162.4 92.9 64.0 14 14 9 2 18 11 105.6 65.8 29.8 15 20 8 2 18 12 7.8 -27.8 3.0 13 20 1 0 --------------------------------------------- 859.0 351.8 64.0 OCT 142 66 12 WIND SPEED (km/hr) DOM YR MO AVG. HI DATE DIR --------------------------------- 18 1 2.1 40.2 5 WSW 18 2 2.6 35.4 13 WSW 18 3 3.8 53.1 31 WSW 18 4 3.3 43.5 4 ESE 18 5 3.1 43.5 28 ESE 18 6 3.6 41.8 28 SE 18 7 4.0 41.8 16 SE 18 8 3.8 33.8 2 SE 18 9 3.2 33.8 2 SE 18 10 2.7 37.0 29 ESE 18 11 1.7 35.4 27 WSW 18 12 1.0 27.4 19 NW --------------------------------- 2.9 53.1 MAR ESE