Resums mensuals i anuals

2019: Gen | Feb | Mar | Abr | Mai | Jun | Jul | Ago | Sep | Oct | Nov | Des 
2018: Gen | Feb | Mar | Abr | Mai | Jun | Jul | Ago | Sep | Oct | Nov | Des 
2017: Gen | Feb | Mar | Abr | Mai | Jun | Jul | Ago | Sep | Oct | Nov | Des 
2016: Gen | Feb | Mar | Abr | Mai | Jun | Jul | Ago | Sep | Oct | Nov | Des 
2015: Gen | Feb | Mar | Abr | Mai | Jun | Jul | Ago | Sep | Oct | Nov | Des 
2014: Gen | Feb | Mar | Abr | Mai | Jun | Jul | Ago | Sep | Oct | Nov | Des 
2013: Gen | Feb | Mar | Abr | Mai | Jun | Jul | Ago | Sep | Oct | Nov | Des 
2012: Gen | Feb | Mar | Abr | Mai | Jun | Jul | Ago | Sep | Oct | Nov | Des 
2011: Gen | Feb | Mar | Abr | Mai | Jun | Jul | Ago | Sep | Oct | Nov | Des 
2010: Gen | Feb | Mar | Abr | Mai | Jun | Jul | Ago | Sep | Oct | Nov | Des 

Resum pel 12 2017
MONTHLY CLIMATOLOGICAL SUMMARY for DEC. 2017 NAME: Vantage VUE CITY: Santpedor STATE: Bages ELEV: 325 m LAT: 41 47' 08" N LONG: 1 50' 24" E TEMPERATURE (C), RAIN (mm), WIND SPEED (km/hr) HEAT COOL AVG MEAN DEG DEG WIND DOM DAY TEMP HIGH TIME LOW TIME DAYS DAYS RAIN SPEED HIGH TIME DIR ------------------------------------------------------------------------------------ 1 1.3 7.4 15:05 -2.6 23:45 17.0 0.0 0.0 1.8 17.7 8:10 NNW 2 2.2 9.5 13:25 -5.0 6:15 16.1 0.0 0.0 2.1 20.9 14:05 NW 3 2.0 8.7 13:05 -2.9 7:15 16.3 0.0 0.0 1.8 19.3 13:30 E 4 1.6 10.4 14:40 -4.9 5:25 16.7 0.0 0.0 1.4 12.9 15:20 ESE 5 1.4 9.2 14:45 -3.4 6:40 16.9 0.0 0.0 0.6 9.7 12:50 ESE 6 1.7 10.7 15:20 -3.7 6:25 16.6 0.0 0.0 0.5 6.4 12:40 ESE 7 2.4 10.1 13:50 -3.5 7:10 15.9 0.0 0.0 0.3 6.4 14:00 ESE 8 2.6 7.8 14:25 -1.3 6:35 15.7 0.0 0.0 0.8 8.0 11:10 ESE 9 4.1 10.1 15:40 -0.7 7:15 14.3 0.0 0.0 0.8 16.1 15:25 ESE 10 7.8 13.2 15:00 2.4 0:45 10.4 0.0 0.0 1.4 20.9 15:00 W 11 9.6 13.4 7:05 3.8 23:25 8.7 0.0 0.4 3.4 30.6 15:20 W 12 4.5 9.2 13:30 -0.3 00:00 13.8 0.0 0.0 1.3 17.7 12:30 W 13 2.0 7.2 15:05 -2.2 7:00 16.3 0.0 0.0 1.0 11.3 12:55 NW 14 6.3 12.4 15:25 1.2 0:35 12.0 0.0 0.0 2.1 19.3 4:30 NE 15 7.8 12.6 14:00 2.4 23:45 10.5 0.0 2.2 2.9 27.4 13:40 W 16 4.8 12.1 13:45 -0.7 6:20 13.5 0.0 0.0 3.1 27.4 13:20 NW 17 3.3 10.6 14:20 -1.8 7:00 15.0 0.0 0.0 2.3 20.9 14:50 NW 18 1.8 6.1 14:00 -1.6 6:20 16.5 0.0 0.0 1.3 20.9 16:55 NE 19 2.3 9.2 13:55 -2.4 7:20 16.0 0.0 0.0 1.1 16.1 14:15 WSW 20 2.7 8.0 15:15 -1.4 4:30 15.6 0.0 0.0 0.8 9.7 10:00 ESE 21 5.1 12.3 15:30 0.4 7:35 13.2 0.0 0.0 0.6 9.7 17:25 ESE 22 5.8 11.6 14:05 1.1 6:50 12.5 0.0 0.0 1.4 16.1 17:00 W 23 3.9 8.8 15:15 0.7 3:25 14.4 0.0 0.0 1.4 11.3 12:50 ENE 24 3.4 10.4 15:20 0.6 23:15 14.8 0.0 0.0 1.4 9.7 10:10 NE 25 3.3 9.3 14:50 -2.0 6:50 15.0 0.0 0.0 0.3 9.7 21:15 ESE 26 4.2 9.2 11:55 1.7 6:40 14.1 0.0 0.0 1.6 20.9 14:45 WSW 27 5.9 11.3 15:45 2.5 0:05 12.4 0.0 1.6 5.0 41.8 10:55 W 28 5.1 10.4 13:00 0.7 7:20 13.2 0.0 0.0 3.4 27.4 2:20 W 29 4.7 10.4 15:50 1.0 4:25 13.6 0.0 0.4 1.9 24.1 14:20 NW 30 8.1 15.9 15:50 2.2 4:20 10.2 0.0 0.0 2.9 19.3 8:15 NNW 31 7.6 13.8 14:20 1.2 6:10 10.7 0.0 0.0 3.1 33.8 21:50 W ------------------------------------------------------------------------------------- 4.2 15.9 30 -5.0 2 438.0 0.0 4.6 1.7 41.8 27 W Max >= 32.0: 0 Max <= 0.0: 0 Min <= 0.0: 17 Min <= -18.0: 0 Max Rain: 2.21 ON 15/12/17 Days of Rain: 4 (> .2 mm) 1 (> 2 mm) 0 (> 20 mm) Heat Base: 18.3 Cool Base: 18.3 Method: Integration