Resums mensuals i anuals

2019: Gen | Feb | Mar | Abr | Mai | Jun | Jul | Ago | Sep | Oct | Nov | Des 
2018: Gen | Feb | Mar | Abr | Mai | Jun | Jul | Ago | Sep | Oct | Nov | Des 
2017: Gen | Feb | Mar | Abr | Mai | Jun | Jul | Ago | Sep | Oct | Nov | Des 
2016: Gen | Feb | Mar | Abr | Mai | Jun | Jul | Ago | Sep | Oct | Nov | Des 
2015: Gen | Feb | Mar | Abr | Mai | Jun | Jul | Ago | Sep | Oct | Nov | Des 
2014: Gen | Feb | Mar | Abr | Mai | Jun | Jul | Ago | Sep | Oct | Nov | Des 
2013: Gen | Feb | Mar | Abr | Mai | Jun | Jul | Ago | Sep | Oct | Nov | Des 
2012: Gen | Feb | Mar | Abr | Mai | Jun | Jul | Ago | Sep | Oct | Nov | Des 
2011: Gen | Feb | Mar | Abr | Mai | Jun | Jul | Ago | Sep | Oct | Nov | Des 
2010: Gen | Feb | Mar | Abr | Mai | Jun | Jul | Ago | Sep | Oct | Nov | Des 

Resum pel 10 2017
MONTHLY CLIMATOLOGICAL SUMMARY for OCT. 2017 NAME: Vantage VUE CITY: Santpedor STATE: Bages ELEV: 325 m LAT: 41 47' 08" N LONG: 1 50' 24" E TEMPERATURE (C), RAIN (mm), WIND SPEED (km/hr) HEAT COOL AVG MEAN DEG DEG WIND DOM DAY TEMP HIGH TIME LOW TIME DAYS DAYS RAIN SPEED HIGH TIME DIR ------------------------------------------------------------------------------------ 1 17.6 22.7 13:25 14.7 0:25 1.6 0.8 0.0 1.3 19.3 14:25 ESE 2 19.2 24.8 14:05 15.2 5:50 0.9 1.8 0.0 2.1 19.3 15:55 SE 3 20.2 26.2 14:10 16.2 2:10 0.4 2.3 0.0 1.6 19.3 15:25 SE 4 20.0 25.5 12:10 15.5 6:00 0.6 2.3 0.0 3.2 25.7 14:35 SE 5 20.9 29.1 15:00 16.1 6:55 0.5 3.1 0.0 1.8 16.1 14:50 SE 6 20.1 26.1 14:15 15.3 23:10 0.6 2.4 0.0 2.4 20.9 12:45 WSW 7 16.5 23.9 14:50 11.2 5:55 2.8 0.9 0.0 3.1 29.0 16:25 ESE 8 16.2 25.0 15:10 8.8 5:55 3.6 1.5 0.0 1.4 16.1 15:00 ESE 9 16.8 24.6 13:55 9.4 6:00 2.8 1.3 0.0 2.4 25.7 15:10 SE 10 18.3 24.8 14:30 13.2 6:00 1.6 1.6 0.0 2.1 20.9 16:35 SSE 11 18.5 25.8 13:55 13.9 2:35 1.6 1.8 0.0 2.4 20.9 14:40 SE 12 18.8 25.6 14:40 14.8 1:20 1.3 1.8 0.0 1.8 19.3 16:15 SE 13 19.1 26.7 13:50 15.2 7:30 1.2 2.0 0.0 2.6 22.5 15:30 SE 14 18.8 24.7 14:40 15.6 22:35 1.1 1.6 0.0 2.1 17.7 15:00 SE 15 18.0 25.0 15:30 13.6 5:15 1.8 1.5 0.0 1.6 17.7 17:30 SE 16 18.8 24.7 14:10 14.9 3:25 1.2 1.6 0.0 2.1 19.3 16:35 SE 17 17.7 23.7 15:15 12.6 6:10 1.9 1.3 0.0 2.4 24.1 16:20 SSE 18 15.7 20.6 14:25 13.7 4:00 2.8 0.2 19.2 2.3 20.9 17:15 NE 19 14.4 15.8 13:55 13.5 9:20 3.9 0.0 45.4 4.0 30.6 16:10 NNW 20 16.7 22.4 12:45 12.1 6:45 2.5 0.9 0.0 1.3 14.5 13:15 ESE 21 16.8 24.1 15:15 11.1 7:05 2.5 1.0 0.2 1.6 22.5 22:25 WSW 22 14.6 19.3 14:40 10.3 5:45 3.8 0.0 0.0 2.4 19.3 15:00 W 23 13.2 19.3 15:05 7.9 6:25 5.2 0.1 0.0 1.4 17.7 13:25 W 24 14.6 23.2 15:10 7.9 5:20 4.6 0.9 0.0 0.8 9.7 12:55 ESE 25 15.7 24.6 15:15 8.9 5:45 3.8 1.2 0.0 1.0 9.7 14:15 SE 26 15.6 24.6 14:45 9.8 7:15 3.8 1.1 0.2 0.5 9.7 14:50 ESE 27 16.0 23.1 13:05 10.2 6:40 3.3 1.0 0.2 1.4 17.7 13:30 SW 28 14.1 21.3 15:00 9.4 5:35 4.6 0.4 0.2 1.6 16.1 14:55 NW 29 12.6 19.6 14:10 6.9 6:05 5.8 0.1 0.0 1.6 19.3 16:10 ESE 30 11.4 17.0 15:25 6.4 5:20 6.9 0.0 0.0 1.3 14.5 13:05 ESE 31 12.6 18.6 14:30 8.5 00:00 5.7 0.0 0.0 1.1 11.3 8:30 SE ------------------------------------------------------------------------------------- 16.8 29.1 5 6.4 30 84.3 36.5 65.4 1.9 30.6 19 SE Max >= 32.0: 0 Max <= 0.0: 0 Min <= 0.0: 0 Min <= -18.0: 0 Max Rain: 45.39 ON 19/10/17 Days of Rain: 6 (> .2 mm) 2 (> 2 mm) 1 (> 20 mm) Heat Base: 18.3 Cool Base: 18.3 Method: Integration