Resums mensuals i anuals

2019: Gen | Feb | Mar | Abr | Mai | Jun | Jul | Ago | Sep | Oct | Nov | Des 
2018: Gen | Feb | Mar | Abr | Mai | Jun | Jul | Ago | Sep | Oct | Nov | Des 
2017: Gen | Feb | Mar | Abr | Mai | Jun | Jul | Ago | Sep | Oct | Nov | Des 
2016: Gen | Feb | Mar | Abr | Mai | Jun | Jul | Ago | Sep | Oct | Nov | Des 
2015: Gen | Feb | Mar | Abr | Mai | Jun | Jul | Ago | Sep | Oct | Nov | Des 
2014: Gen | Feb | Mar | Abr | Mai | Jun | Jul | Ago | Sep | Oct | Nov | Des 
2013: Gen | Feb | Mar | Abr | Mai | Jun | Jul | Ago | Sep | Oct | Nov | Des 
2012: Gen | Feb | Mar | Abr | Mai | Jun | Jul | Ago | Sep | Oct | Nov | Des 
2011: Gen | Feb | Mar | Abr | Mai | Jun | Jul | Ago | Sep | Oct | Nov | Des 
2010: Gen | Feb | Mar | Abr | Mai | Jun | Jul | Ago | Sep | Oct | Nov | Des 

Resum pel 09 2017
MONTHLY CLIMATOLOGICAL SUMMARY for SEP. 2017 NAME: Vantage VUE CITY: Santpedor STATE: Bages ELEV: 325 m LAT: 41 47' 08" N LONG: 1 50' 24" E TEMPERATURE (C), RAIN (mm), WIND SPEED (km/hr) HEAT COOL AVG MEAN DEG DEG WIND DOM DAY TEMP HIGH TIME LOW TIME DAYS DAYS RAIN SPEED HIGH TIME DIR ------------------------------------------------------------------------------------ 1 19.8 26.4 15:50 14.9 4:45 0.9 2.4 0.0 3.9 32.2 13:30 WSW 2 19.8 27.6 15:55 12.2 5:05 1.4 2.9 0.0 3.5 29.0 13:20 WSW 3 20.2 28.2 16:05 13.3 5:20 1.2 3.1 0.0 2.9 22.5 13:05 SE 4 21.4 27.7 12:15 17.6 4:15 0.1 3.2 0.4 2.7 20.9 12:15 NE 5 23.3 31.7 13:50 15.6 5:25 0.5 5.5 0.0 2.9 24.1 13:05 SE 6 22.6 29.0 13:45 18.7 4:40 0.0 4.3 3.2 4.5 32.2 14:20 SE 7 20.7 27.1 14:30 14.7 5:30 0.6 3.0 0.0 3.4 24.1 14:40 W 8 19.2 25.7 12:55 13.4 5:15 1.3 2.2 0.0 4.0 27.4 14:30 SE 9 17.0 22.1 10:40 14.0 00:00 1.7 0.4 0.6 2.3 27.4 12:55 ESE 10 17.9 26.0 14:45 9.6 5:35 2.4 2.1 0.0 4.3 37.0 13:50 W 11 20.6 29.3 14:05 12.7 5:05 1.3 3.6 0.0 6.1 45.1 16:20 W 12 19.6 25.8 15:25 14.6 5:25 0.7 2.0 0.0 4.0 22.5 15:00 W 13 21.2 29.8 15:05 14.3 3:40 0.9 3.8 0.0 3.2 24.1 14:20 SE 14 20.7 29.9 13:25 13.6 00:00 0.9 3.3 3.4 4.2 32.2 13:55 SSE 15 11.6 13.6 0:05 9.8 00:00 6.7 0.0 35.2 2.1 20.9 0:20 W 16 13.1 19.2 15:40 9.2 23:50 5.2 0.1 0.2 2.6 22.5 16:10 WSW 17 15.1 22.2 15:35 6.8 4:05 4.2 0.9 0.0 3.5 30.6 13:50 WSW 18 16.0 22.7 15:00 11.8 8:45 3.1 0.8 1.6 3.1 29.0 15:25 WSW 19 17.0 23.2 15:00 11.3 5:50 2.5 1.2 0.0 3.1 25.7 11:30 WSW 20 16.3 23.5 14:15 8.7 5:50 3.2 1.2 0.0 2.7 20.9 14:45 SE 21 18.0 25.8 14:40 9.6 6:25 2.5 2.2 0.0 2.6 22.5 15:05 SE 22 16.9 24.8 11:45 13.8 00:00 2.0 0.6 3.6 1.6 43.5 12:30 WSW 23 18.1 26.5 14:15 12.0 4:55 2.0 1.9 0.2 2.4 25.7 15:10 SE 24 20.8 28.7 14:10 15.6 6:10 0.5 3.0 0.0 2.7 24.1 15:00 SE 25 18.5 25.1 14:45 14.8 20:25 1.5 1.7 13.6 3.2 38.6 17:25 ESE 26 18.1 24.2 14:10 12.8 6:20 1.7 1.4 0.0 2.9 17.7 12:55 SE 27 18.9 24.8 13:10 14.8 5:45 1.1 1.7 0.0 2.7 22.5 13:15 SE 28 18.9 25.6 13:40 13.8 6:05 1.3 1.9 0.0 2.4 24.1 16:20 SE 29 18.9 26.3 14:45 14.4 1:25 1.4 2.0 0.0 2.4 22.5 15:40 SE 30 16.2 22.2 11:45 14.2 4:35 2.5 0.5 2.0 1.0 19.3 14:10 NW ------------------------------------------------------------------------------------- 18.5 31.7 5 6.8 17 55.4 62.8 64.0 3.1 45.1 11 SE Max >= 32.0: 0 Max <= 0.0: 0 Min <= 0.0: 0 Min <= -18.0: 0 Max Rain: 35.20 ON 15/09/17 Days of Rain: 11 (> .2 mm) 6 (> 2 mm) 1 (> 20 mm) Heat Base: 18.3 Cool Base: 18.3 Method: Integration