Resums mensuals i anuals

2019: Gen | Feb | Mar | Abr | Mai | Jun | Jul | Ago | Sep | Oct | Nov | Des 
2018: Gen | Feb | Mar | Abr | Mai | Jun | Jul | Ago | Sep | Oct | Nov | Des 
2017: Gen | Feb | Mar | Abr | Mai | Jun | Jul | Ago | Sep | Oct | Nov | Des 
2016: Gen | Feb | Mar | Abr | Mai | Jun | Jul | Ago | Sep | Oct | Nov | Des 
2015: Gen | Feb | Mar | Abr | Mai | Jun | Jul | Ago | Sep | Oct | Nov | Des 
2014: Gen | Feb | Mar | Abr | Mai | Jun | Jul | Ago | Sep | Oct | Nov | Des 
2013: Gen | Feb | Mar | Abr | Mai | Jun | Jul | Ago | Sep | Oct | Nov | Des 
2012: Gen | Feb | Mar | Abr | Mai | Jun | Jul | Ago | Sep | Oct | Nov | Des 
2011: Gen | Feb | Mar | Abr | Mai | Jun | Jul | Ago | Sep | Oct | Nov | Des 
2010: Gen | Feb | Mar | Abr | Mai | Jun | Jul | Ago | Sep | Oct | Nov | Des 

Resum pel 08 2017
MONTHLY CLIMATOLOGICAL SUMMARY for AUG. 2017 NAME: Vantage VUE CITY: Santpedor STATE: Bages ELEV: 325 m LAT: 41 47' 08" N LONG: 1 50' 24" E TEMPERATURE (C), RAIN (mm), WIND SPEED (km/hr) HEAT COOL AVG MEAN DEG DEG WIND DOM DAY TEMP HIGH TIME LOW TIME DAYS DAYS RAIN SPEED HIGH TIME DIR ------------------------------------------------------------------------------------ 1 24.3 29.7 12:25 19.8 5:10 0.0 6.0 1.0 2.6 22.5 10:40 NNW 2 27.6 36.1 12:25 18.6 5:00 0.0 9.2 0.0 4.2 35.4 14:10 SE 3 29.8 37.8 12:15 22.5 4:55 0.0 11.5 0.0 4.8 35.4 12:30 SE 4 29.7 39.0 13:40 21.1 5:10 0.0 11.4 0.0 4.2 32.2 15:55 SE 5 29.0 36.8 13:30 21.8 5:05 0.0 10.7 0.0 5.0 30.6 15:00 SE 6 27.1 33.4 12:40 22.7 3:30 0.0 8.7 0.0 4.7 29.0 13:05 SSE 7 25.5 31.4 15:40 20.3 4:50 0.0 7.2 0.0 4.3 30.6 16:55 SE 8 25.2 29.7 14:15 20.3 00:00 0.0 6.9 0.0 5.6 27.4 13:50 SSE 9 20.1 26.8 13:15 15.6 21:15 0.8 2.5 6.2 3.4 25.7 13:25 ESE 10 19.8 26.9 16:00 12.4 5:00 1.5 3.0 0.2 4.7 27.4 17:55 W 11 19.8 27.1 13:45 13.7 5:00 0.9 2.4 0.0 4.7 30.6 14:30 WSW 12 21.8 28.4 14:00 15.3 5:20 0.5 4.0 0.0 4.3 29.0 13:05 SE 13 23.1 29.8 12:50 15.1 5:00 0.4 5.2 0.0 4.7 29.0 14:30 SE 14 24.0 32.1 13:40 16.2 5:00 0.2 5.9 0.0 4.5 32.2 16:50 SE 15 22.5 31.9 11:55 14.9 5:10 0.5 4.7 7.6 3.5 32.2 12:45 SE 16 24.3 32.7 14:25 17.7 4:50 0.0 6.1 0.2 3.5 25.7 15:00 SE 17 25.6 34.2 12:55 18.4 5:25 0.0 7.3 0.0 4.5 33.8 15:25 SE 18 26.7 34.7 13:00 18.4 5:20 0.0 8.4 0.0 4.2 29.0 14:45 SE 19 23.7 29.3 12:25 18.6 6:25 0.0 5.4 5.8 4.7 29.0 14:55 SE 20 24.3 29.8 12:05 20.1 5:50 0.0 6.0 0.0 4.7 29.0 12:40 SE 21 24.3 32.8 13:55 18.2 2:25 0.0 6.0 0.0 3.7 32.2 16:20 SE 22 25.3 33.7 14:00 18.3 5:15 0.0 7.0 0.0 5.1 33.8 15:35 SE 23 25.3 33.2 12:40 17.5 5:30 0.0 7.1 0.0 4.2 29.0 14:30 SE 24 25.6 33.5 13:30 19.0 6:00 0.0 7.3 0.2 5.0 29.0 15:05 SE 25 24.7 33.2 13:15 16.1 5:10 0.2 6.6 0.0 3.9 24.1 14:15 SE 26 25.8 33.6 13:05 18.6 5:25 0.0 7.5 0.0 3.7 27.4 14:00 SE 27 26.7 34.3 14:00 20.4 5:45 0.0 7.8 0.0 3.9 33.8 15:50 SE 28 27.5 36.7 13:40 19.0 6:00 0.0 7.9 0.0 3.4 33.8 14:55 SE 29 25.9 32.1 12:50 20.7 00:00 0.0 6.8 0.0 2.6 24.1 16:05 WSW 30 23.1 28.5 13:35 17.4 6:35 0.0 4.2 0.6 3.2 24.1 13:10 SSE 31 20.0 25.1 13:05 17.0 23:55 0.1 1.5 5.8 2.9 27.4 13:50 SE ------------------------------------------------------------------------------------- 24.8 39.0 4 12.4 10 5.1 202.2 27.6 4.1 35.4 2 SE Max >= 32.0: 18 Max <= 0.0: 0 Min <= 0.0: 0 Min <= -18.0: 0 Max Rain: 7.59 ON 15/08/17 Days of Rain: 9 (> .2 mm) 4 (> 2 mm) 0 (> 20 mm) Heat Base: 18.3 Cool Base: 18.3 Method: Integration