Resums mensuals i anuals

2019: Gen | Feb | Mar | Abr | Mai | Jun | Jul | Ago | Sep | Oct | Nov | Des 
2018: Gen | Feb | Mar | Abr | Mai | Jun | Jul | Ago | Sep | Oct | Nov | Des 
2017: Gen | Feb | Mar | Abr | Mai | Jun | Jul | Ago | Sep | Oct | Nov | Des 
2016: Gen | Feb | Mar | Abr | Mai | Jun | Jul | Ago | Sep | Oct | Nov | Des 
2015: Gen | Feb | Mar | Abr | Mai | Jun | Jul | Ago | Sep | Oct | Nov | Des 
2014: Gen | Feb | Mar | Abr | Mai | Jun | Jul | Ago | Sep | Oct | Nov | Des 
2013: Gen | Feb | Mar | Abr | Mai | Jun | Jul | Ago | Sep | Oct | Nov | Des 
2012: Gen | Feb | Mar | Abr | Mai | Jun | Jul | Ago | Sep | Oct | Nov | Des 
2011: Gen | Feb | Mar | Abr | Mai | Jun | Jul | Ago | Sep | Oct | Nov | Des 
2010: Gen | Feb | Mar | Abr | Mai | Jun | Jul | Ago | Sep | Oct | Nov | Des 

Resum pel 07 2017
MONTHLY CLIMATOLOGICAL SUMMARY for JUL. 2017 NAME: Vantage VUE CITY: Santpedor STATE: Bages ELEV: 325 m LAT: 41 47' 08" N LONG: 1 50' 24" E TEMPERATURE (C), RAIN (mm), WIND SPEED (km/hr) HEAT COOL AVG MEAN DEG DEG WIND DOM DAY TEMP HIGH TIME LOW TIME DAYS DAYS RAIN SPEED HIGH TIME DIR ------------------------------------------------------------------------------------ 1 18.0 24.9 13:10 12.7 5:25 1.6 1.2 1.0 3.2 25.7 14:45 WSW 2 21.2 29.2 16:55 12.9 4:40 1.1 3.9 0.0 3.9 25.7 15:20 W 3 23.1 31.8 14:45 14.1 4:40 0.7 5.5 0.0 4.3 27.4 15:05 SE 4 24.2 32.2 13:55 15.4 4:35 0.3 6.2 0.0 4.8 29.0 16:10 SE 5 23.8 32.0 13:55 14.3 4:40 0.6 6.1 0.0 4.2 29.0 15:35 SSE 6 25.2 36.2 12:35 16.3 4:10 0.2 7.1 0.0 3.9 37.0 15:30 SSE 7 27.7 36.8 12:10 18.7 4:50 0.0 9.4 0.0 4.0 29.0 12:45 SE 8 24.4 29.1 16:15 19.4 11:25 0.0 6.1 1.0 4.0 27.4 16:10 ESE 9 24.4 30.9 14:25 18.0 4:50 0.0 6.1 0.0 3.7 27.4 11:00 W 10 24.9 31.4 13:40 18.4 4:15 0.0 6.6 0.0 5.8 33.8 14:20 SE 11 25.3 32.7 13:50 17.8 5:05 0.0 7.0 0.0 4.7 29.0 14:10 SE 12 27.2 37.4 14:15 20.7 5:00 0.0 8.9 0.0 5.0 35.4 17:25 SE 13 26.5 33.2 14:00 19.8 5:00 0.0 8.2 0.0 6.6 41.8 12:35 SE 14 26.3 31.5 13:15 22.9 00:00 0.0 8.0 0.0 7.4 33.8 13:50 SE 15 26.5 34.2 13:40 20.6 4:35 0.0 8.2 0.0 4.8 32.2 15:10 SE 16 26.1 32.9 12:10 19.4 4:45 0.0 7.8 0.0 5.3 30.6 15:00 SE 17 25.7 32.1 12:10 19.4 4:30 0.0 7.4 0.0 5.3 29.0 12:25 SE 18 25.3 32.7 13:50 17.4 3:50 0.0 7.1 0.0 5.3 30.6 14:20 SE 19 26.2 33.7 11:45 19.6 4:50 0.0 7.9 0.0 5.3 32.2 14:35 ESE 20 25.3 31.9 12:30 19.3 4:40 0.0 7.0 0.0 4.2 25.7 14:35 SE 21 21.7 26.8 16:35 18.2 4:45 0.0 3.4 3.6 2.3 16.1 9:50 ESE 22 24.6 31.2 15:20 17.2 5:00 0.1 6.3 0.0 4.8 29.0 12:05 SE 23 23.6 30.1 12:45 19.9 00:00 0.0 5.3 0.2 4.3 32.2 17:15 SE 24 24.4 32.2 16:10 16.9 4:55 0.1 6.2 0.0 4.5 30.6 13:55 SE 25 23.4 30.7 14:35 17.7 4:40 0.0 5.2 0.0 6.0 35.4 17:10 SE 26 22.9 29.9 14:30 16.7 5:50 0.2 4.8 0.0 5.1 29.0 15:40 SE 27 25.2 33.9 12:50 16.8 4:10 0.1 7.1 0.0 5.0 32.2 14:25 ESE 28 25.8 31.8 13:50 19.4 5:00 0.0 7.5 0.0 5.0 29.0 12:45 SE 29 26.1 33.2 14:20 18.3 4:50 0.0 7.8 0.0 4.5 27.4 14:10 SE 30 26.7 34.6 13:40 18.4 5:00 0.0 8.4 0.0 4.5 30.6 14:35 SE 31 27.8 36.3 12:45 20.3 5:15 0.0 9.5 0.0 3.7 25.7 15:20 SSE ------------------------------------------------------------------------------------- 24.8 37.4 12 12.7 1 5.0 207.3 5.8 4.7 41.8 13 SE Max >= 32.0: 17 Max <= 0.0: 0 Min <= 0.0: 0 Min <= -18.0: 0 Max Rain: 3.61 ON 21/07/17 Days of Rain: 4 (> .2 mm) 1 (> 2 mm) 0 (> 20 mm) Heat Base: 18.3 Cool Base: 18.3 Method: Integration