Resums mensuals i anuals

2019: Gen | Feb | Mar | Abr | Mai | Jun | Jul | Ago | Sep | Oct | Nov | Des 
2018: Gen | Feb | Mar | Abr | Mai | Jun | Jul | Ago | Sep | Oct | Nov | Des 
2017: Gen | Feb | Mar | Abr | Mai | Jun | Jul | Ago | Sep | Oct | Nov | Des 
2016: Gen | Feb | Mar | Abr | Mai | Jun | Jul | Ago | Sep | Oct | Nov | Des 
2015: Gen | Feb | Mar | Abr | Mai | Jun | Jul | Ago | Sep | Oct | Nov | Des 
2014: Gen | Feb | Mar | Abr | Mai | Jun | Jul | Ago | Sep | Oct | Nov | Des 
2013: Gen | Feb | Mar | Abr | Mai | Jun | Jul | Ago | Sep | Oct | Nov | Des 
2012: Gen | Feb | Mar | Abr | Mai | Jun | Jul | Ago | Sep | Oct | Nov | Des 
2011: Gen | Feb | Mar | Abr | Mai | Jun | Jul | Ago | Sep | Oct | Nov | Des 
2010: Gen | Feb | Mar | Abr | Mai | Jun | Jul | Ago | Sep | Oct | Nov | Des 

Resum pel 06 2017
MONTHLY CLIMATOLOGICAL SUMMARY for JUN. 2017 NAME: Vantage VUE CITY: Santpedor STATE: Bages ELEV: 325 m LAT: 41 47' 08" N LONG: 1 50' 24" E TEMPERATURE (C), RAIN (mm), WIND SPEED (km/hr) HEAT COOL AVG MEAN DEG DEG WIND DOM DAY TEMP HIGH TIME LOW TIME DAYS DAYS RAIN SPEED HIGH TIME DIR ------------------------------------------------------------------------------------ 1 21.3 27.9 13:10 14.3 4:35 0.7 3.8 0.0 4.5 32.2 14:10 ESE 2 21.5 30.1 13:05 14.6 4:25 0.6 3.8 1.0 5.3 33.8 14:15 SE 3 21.0 26.2 16:35 16.1 23:40 0.3 3.0 0.2 2.9 32.2 12:10 W 4 17.4 22.0 12:10 14.6 5:00 1.3 0.5 3.4 2.3 20.9 9:25 NW 5 19.0 24.3 16:20 14.8 5:05 1.1 1.8 0.4 4.0 25.7 12:20 W 6 19.8 27.6 13:30 12.2 4:30 1.3 2.8 0.0 5.3 30.6 14:45 SE 7 19.3 24.2 10:55 14.1 5:15 0.9 1.9 0.0 6.3 33.8 13:05 SE 8 22.3 29.5 13:55 17.1 4:40 0.2 4.2 0.0 4.8 30.6 16:25 SE 9 22.7 29.7 14:20 16.3 1:40 0.3 4.7 0.0 5.0 27.4 15:15 SE 10 24.5 32.7 14:05 15.4 4:40 0.4 6.6 0.0 4.0 25.7 14:15 SE 11 25.8 34.9 13:15 16.3 4:35 0.2 7.7 0.0 4.5 30.6 15:25 SE 12 26.2 34.1 12:45 17.2 3:55 0.1 7.9 0.0 4.3 32.2 13:50 SE 13 26.8 35.1 13:30 18.3 4:10 0.0 8.5 0.0 4.3 30.6 14:05 SE 14 26.3 34.6 15:10 17.1 4:45 0.1 8.1 0.0 4.7 27.4 17:00 SE 15 27.6 36.1 13:20 18.2 3:50 0.0 9.3 0.0 3.9 25.7 14:10 SE 16 27.9 34.6 14:50 20.7 4:20 0.0 9.6 0.0 5.1 30.6 13:30 ESE 17 27.1 35.7 13:25 19.5 4:30 0.0 8.8 0.0 4.7 32.2 13:55 ESE 18 26.6 33.6 14:55 18.8 3:55 0.0 8.3 0.0 5.3 30.6 13:50 SE 19 25.8 31.8 11:55 17.7 4:10 0.0 7.5 0.0 5.1 32.2 12:15 SE 20 25.8 33.3 14:35 18.0 4:45 0.0 7.5 0.0 4.5 27.4 13:20 ESE 21 24.8 35.4 13:15 17.9 4:40 0.0 6.5 0.0 2.9 45.1 13:30 ESE 22 26.7 36.2 12:45 18.2 3:50 0.0 8.4 0.0 4.3 32.2 15:50 SE 23 27.4 35.7 13:30 18.9 4:45 0.0 9.1 0.0 4.7 29.0 15:15 SE 24 26.4 33.1 13:35 19.4 3:35 0.0 8.1 0.0 5.0 30.6 15:00 SE 25 24.3 29.0 15:30 21.2 3:55 0.0 6.0 0.4 3.7 20.9 11:15 SE 26 25.7 32.3 15:00 19.7 4:35 0.0 7.4 0.4 4.2 29.0 13:30 W 27 24.5 29.8 11:45 18.2 4:05 0.0 6.2 0.0 5.0 30.6 10:55 SE 28 22.8 28.3 15:50 15.0 22:45 0.3 4.8 2.4 7.9 54.7 17:15 WSW 29 19.7 24.9 15:30 13.3 3:10 1.2 2.6 0.0 6.3 37.0 14:50 WSW 30 19.1 24.7 14:25 12.7 3:35 1.4 2.2 0.0 6.4 41.8 15:15 WSW ------------------------------------------------------------------------------------- 23.9 36.2 22 12.2 6 10.5 177.5 8.2 4.7 54.7 28 SE Max >= 32.0: 15 Max <= 0.0: 0 Min <= 0.0: 0 Min <= -18.0: 0 Max Rain: 3.40 ON 04/06/17 Days of Rain: 7 (> .2 mm) 2 (> 2 mm) 0 (> 20 mm) Heat Base: 18.3 Cool Base: 18.3 Method: Integration