Resums mensuals i anuals

2019: Gen | Feb | Mar | Abr | Mai | Jun | Jul | Ago | Sep | Oct | Nov | Des 
2018: Gen | Feb | Mar | Abr | Mai | Jun | Jul | Ago | Sep | Oct | Nov | Des 
2017: Gen | Feb | Mar | Abr | Mai | Jun | Jul | Ago | Sep | Oct | Nov | Des 
2016: Gen | Feb | Mar | Abr | Mai | Jun | Jul | Ago | Sep | Oct | Nov | Des 
2015: Gen | Feb | Mar | Abr | Mai | Jun | Jul | Ago | Sep | Oct | Nov | Des 
2014: Gen | Feb | Mar | Abr | Mai | Jun | Jul | Ago | Sep | Oct | Nov | Des 
2013: Gen | Feb | Mar | Abr | Mai | Jun | Jul | Ago | Sep | Oct | Nov | Des 
2012: Gen | Feb | Mar | Abr | Mai | Jun | Jul | Ago | Sep | Oct | Nov | Des 
2011: Gen | Feb | Mar | Abr | Mai | Jun | Jul | Ago | Sep | Oct | Nov | Des 
2010: Gen | Feb | Mar | Abr | Mai | Jun | Jul | Ago | Sep | Oct | Nov | Des 

Resum pel 05 2017
MONTHLY CLIMATOLOGICAL SUMMARY for MAY. 2017 NAME: Vantage VUE CITY: Santpedor STATE: Bages ELEV: 325 m LAT: 41 47' 08" N LONG: 1 50' 24" E TEMPERATURE (C), RAIN (mm), WIND SPEED (km/hr) HEAT COOL AVG MEAN DEG DEG WIND DOM DAY TEMP HIGH TIME LOW TIME DAYS DAYS RAIN SPEED HIGH TIME DIR ------------------------------------------------------------------------------------ 1 12.7 18.5 15:55 5.9 4:30 5.7 0.0 0.0 4.7 35.4 0:20 WSW 2 13.0 20.2 15:10 6.1 4:45 5.5 0.2 0.0 3.4 27.4 15:10 WSW 3 13.4 17.7 16:05 10.0 1:05 4.9 0.0 2.0 2.9 20.9 14:40 SE 4 15.3 22.3 14:15 8.7 4:45 3.8 0.8 0.0 3.7 25.7 12:55 SE 5 16.6 24.5 13:50 10.1 4:40 2.9 1.1 0.0 3.5 25.7 15:10 ESE 6 17.4 23.4 15:40 11.5 23:40 2.4 1.5 0.0 7.4 40.2 9:20 W 7 16.2 25.1 14:35 8.1 4:50 3.5 1.4 0.0 3.7 32.2 16:10 SE 8 16.1 25.1 14:10 9.3 4:10 3.5 1.3 0.0 3.5 25.7 15:30 SE 9 16.5 23.2 14:35 9.5 5:00 2.9 1.1 0.0 4.2 27.4 16:25 ESE 10 17.1 23.8 13:00 11.6 4:15 2.5 1.3 0.0 5.1 27.4 16:55 SE 11 15.7 22.3 17:00 12.2 23:55 3.0 0.4 9.4 3.1 25.7 16:35 ESE 12 17.7 23.6 16:05 9.3 4:25 2.4 1.7 0.0 5.0 33.8 12:05 WSW 13 18.6 24.4 15:15 11.1 4:45 1.9 2.2 0.0 5.1 33.8 10:25 WSW 14 19.0 25.3 11:40 13.1 4:40 1.6 2.3 0.0 3.5 25.7 12:55 ESE 15 19.6 27.8 13:35 11.3 4:50 1.8 3.1 0.0 3.9 37.0 13:35 ESE 16 21.1 28.7 13:15 13.1 4:35 1.2 4.0 0.0 4.3 29.0 14:05 SE 17 20.1 27.7 14:15 12.4 4:15 1.4 3.2 0.0 4.0 25.7 12:30 ESE 18 16.8 25.7 13:00 10.9 00:00 2.9 1.3 3.0 3.4 40.2 14:15 WSW 19 15.2 21.7 15:10 9.7 1:10 3.7 0.7 0.0 4.3 25.7 15:30 WSW 20 16.7 24.1 15:40 8.6 4:40 3.1 1.4 0.0 4.2 29.0 13:20 WSW 21 18.0 26.2 15:15 9.7 3:50 2.4 2.1 0.0 4.2 27.4 16:05 ESE 22 20.2 27.7 13:45 12.3 5:00 1.3 3.1 0.0 4.3 27.4 15:05 ESE 23 21.3 29.9 14:35 12.9 4:40 1.1 4.1 0.0 3.5 27.4 14:55 SE 24 22.8 31.4 13:50 14.2 4:30 0.7 5.3 0.0 3.4 25.7 14:25 SE 25 23.8 32.8 14:00 14.3 4:25 0.5 6.0 0.0 3.9 29.0 15:05 SE 26 22.4 30.2 12:05 14.4 4:45 0.6 4.7 0.0 4.7 32.2 14:15 SE 27 21.1 28.4 13:55 14.3 3:10 1.0 3.7 0.0 4.7 27.4 14:10 SE 28 21.6 29.6 12:35 13.3 3:50 1.1 4.3 0.0 3.9 27.4 14:50 SE 29 20.4 27.8 12:50 13.2 4:15 1.1 3.2 0.0 3.2 22.5 16:00 ESE 30 18.1 22.2 14:10 13.7 4:20 1.4 1.2 0.8 3.4 22.5 9:25 NE 31 20.1 28.1 14:45 13.9 4:50 1.2 3.0 0.0 3.7 29.0 15:35 ESE ------------------------------------------------------------------------------------- 18.2 32.8 25 5.9 1 73.0 69.8 15.2 4.1 40.2 6 ESE Max >= 32.0: 1 Max <= 0.0: 0 Min <= 0.0: 0 Min <= -18.0: 0 Max Rain: 9.40 ON 11/05/17 Days of Rain: 4 (> .2 mm) 3 (> 2 mm) 0 (> 20 mm) Heat Base: 18.3 Cool Base: 18.3 Method: Integration