Resums mensuals i anuals

2019: Gen | Feb | Mar | Abr | Mai | Jun | Jul | Ago | Sep | Oct | Nov | Des 
2018: Gen | Feb | Mar | Abr | Mai | Jun | Jul | Ago | Sep | Oct | Nov | Des 
2017: Gen | Feb | Mar | Abr | Mai | Jun | Jul | Ago | Sep | Oct | Nov | Des 
2016: Gen | Feb | Mar | Abr | Mai | Jun | Jul | Ago | Sep | Oct | Nov | Des 
2015: Gen | Feb | Mar | Abr | Mai | Jun | Jul | Ago | Sep | Oct | Nov | Des 
2014: Gen | Feb | Mar | Abr | Mai | Jun | Jul | Ago | Sep | Oct | Nov | Des 
2013: Gen | Feb | Mar | Abr | Mai | Jun | Jul | Ago | Sep | Oct | Nov | Des 
2012: Gen | Feb | Mar | Abr | Mai | Jun | Jul | Ago | Sep | Oct | Nov | Des 
2011: Gen | Feb | Mar | Abr | Mai | Jun | Jul | Ago | Sep | Oct | Nov | Des 
2010: Gen | Feb | Mar | Abr | Mai | Jun | Jul | Ago | Sep | Oct | Nov | Des 

Resum pel 03 2017
MONTHLY CLIMATOLOGICAL SUMMARY for MAR. 2017 NAME: Vantage VUE CITY: Santpedor STATE: Bages ELEV: 325 m LAT: 41 47' 08" N LONG: 1 50' 24" E TEMPERATURE (C), RAIN (mm), WIND SPEED (km/hr) HEAT COOL AVG MEAN DEG DEG WIND DOM DAY TEMP HIGH TIME LOW TIME DAYS DAYS RAIN SPEED HIGH TIME DIR ------------------------------------------------------------------------------------ 1 8.0 15.3 14:05 1.6 6:20 10.3 0.0 0.0 2.3 19.3 14:10 WSW 2 9.8 18.7 15:30 2.3 6:25 8.5 0.0 0.0 1.8 14.5 15:40 SE 3 9.0 13.7 14:40 3.3 6:20 9.3 0.0 8.0 2.7 35.4 23:40 NE 4 7.8 12.2 13:40 3.6 23:55 10.5 0.0 5.6 7.4 38.6 6:55 W 5 8.6 15.3 16:05 1.2 6:00 9.7 0.0 0.0 3.5 32.2 14:20 WSW 6 12.8 21.7 14:50 5.0 4:40 5.9 0.4 0.0 5.8 38.6 12:25 W 7 11.3 19.8 15:05 4.4 6:30 7.1 0.1 0.0 3.2 22.5 15:25 ESE 8 11.8 18.6 15:30 6.4 1:15 6.5 0.0 0.0 1.1 12.9 12:40 ESE 9 14.5 24.4 14:55 6.5 7:20 5.0 1.1 0.0 1.8 17.7 15:30 NW 10 14.3 24.1 15:05 6.3 6:10 5.0 1.1 0.0 1.4 11.3 13:10 WSW 11 13.8 22.6 14:25 5.8 6:20 5.1 0.7 0.0 2.3 20.9 15:40 SE 12 11.4 17.0 15:10 7.4 6:20 6.9 0.0 5.0 2.1 16.1 13:55 NE 13 12.1 19.0 13:40 8.0 6:40 6.3 0.0 0.2 2.4 29.0 15:50 NW 14 11.9 22.7 15:40 4.4 6:05 6.7 0.4 0.0 2.6 25.7 15:50 ESE 15 12.0 21.3 15:25 4.5 5:50 6.6 0.3 0.0 2.1 20.9 15:35 ESE 16 12.6 22.5 14:30 4.8 6:10 6.4 0.6 0.0 1.9 17.7 16:40 SE 17 12.8 23.3 15:35 4.2 6:00 6.3 0.8 0.0 1.4 16.1 16:15 ESE 18 13.4 22.4 14:40 4.5 6:10 5.7 0.8 0.0 2.3 22.5 15:00 NNW 19 14.1 23.6 14:25 6.3 5:45 5.2 1.1 0.0 1.9 16.1 13:45 SE 20 13.4 21.7 13:40 5.8 5:55 5.5 0.6 0.0 2.9 24.1 13:25 SE 21 12.2 19.1 13:10 5.7 5:10 6.1 0.0 0.0 2.7 30.6 13:30 WSW 22 11.7 16.8 17:15 5.6 6:00 6.6 0.0 0.0 3.9 30.6 14:45 WSW 23 10.2 15.3 13:40 5.2 00:00 8.2 0.0 0.0 3.1 24.1 13:55 WSW 24 6.3 11.7 13:10 3.3 5:45 12.0 0.0 68.2 2.7 24.1 18:15 ESE 25 5.0 10.2 14:15 0.9 5:35 13.3 0.0 29.2 3.2 22.5 16:05 NW 26 9.0 17.1 13:10 1.3 6:10 9.3 0.0 0.2 1.8 12.9 13:55 ESE 27 8.6 14.6 14:55 3.9 3:50 9.7 0.0 0.6 1.8 24.1 13:25 NNW 28 11.1 19.9 14:55 3.3 5:20 7.4 0.2 0.2 2.1 17.7 15:45 SE 29 13.1 22.4 14:25 4.9 5:55 5.8 0.6 0.0 2.1 17.7 15:50 SE 30 13.4 22.1 13:10 5.6 5:50 5.5 0.6 0.0 3.1 22.5 14:00 SE 31 11.8 19.0 14:20 6.2 5:30 6.5 0.0 0.6 2.4 22.5 15:55 ESE ------------------------------------------------------------------------------------- 11.2 24.4 9 0.9 25 229.0 9.4 117.8 2.6 38.6 4 ESE Max >= 32.0: 0 Max <= 0.0: 0 Min <= 0.0: 0 Min <= -18.0: 0 Max Rain: 68.20 ON 24/03/17 Days of Rain: 10 (> .2 mm) 5 (> 2 mm) 2 (> 20 mm) Heat Base: 18.3 Cool Base: 18.3 Method: Integration