Resums mensuals i anuals

2019: Gen | Feb | Mar | Abr | Mai | Jun | Jul | Ago | Sep | Oct | Nov | Des 
2018: Gen | Feb | Mar | Abr | Mai | Jun | Jul | Ago | Sep | Oct | Nov | Des 
2017: Gen | Feb | Mar | Abr | Mai | Jun | Jul | Ago | Sep | Oct | Nov | Des 
2016: Gen | Feb | Mar | Abr | Mai | Jun | Jul | Ago | Sep | Oct | Nov | Des 
2015: Gen | Feb | Mar | Abr | Mai | Jun | Jul | Ago | Sep | Oct | Nov | Des 
2014: Gen | Feb | Mar | Abr | Mai | Jun | Jul | Ago | Sep | Oct | Nov | Des 
2013: Gen | Feb | Mar | Abr | Mai | Jun | Jul | Ago | Sep | Oct | Nov | Des 
2012: Gen | Feb | Mar | Abr | Mai | Jun | Jul | Ago | Sep | Oct | Nov | Des 
2011: Gen | Feb | Mar | Abr | Mai | Jun | Jul | Ago | Sep | Oct | Nov | Des 
2010: Gen | Feb | Mar | Abr | Mai | Jun | Jul | Ago | Sep | Oct | Nov | Des 

Resum pel 02 2017
MONTHLY CLIMATOLOGICAL SUMMARY for FEB. 2017 NAME: Vantage VUE CITY: Santpedor STATE: Bages ELEV: 325 m LAT: 41 47' 08" N LONG: 1 50' 24" E TEMPERATURE (C), RAIN (mm), WIND SPEED (km/hr) HEAT COOL AVG MEAN DEG DEG WIND DOM DAY TEMP HIGH TIME LOW TIME DAYS DAYS RAIN SPEED HIGH TIME DIR ------------------------------------------------------------------------------------ 1 8.8 14.2 16:05 5.3 23:40 9.5 0.0 0.0 1.0 11.3 12:35 ESE 2 7.1 10.5 16:20 4.8 0:30 11.2 0.0 1.0 0.8 14.5 19:20 ESE 3 7.6 13.4 13:15 3.7 7:15 10.7 0.0 0.2 2.4 40.2 14:15 NW 4 11.1 15.8 12:40 5.7 4:35 7.2 0.0 0.0 3.7 38.6 11:55 W 5 9.2 12.9 14:00 5.7 22:30 9.1 0.0 0.2 7.4 45.1 13:05 W 6 9.6 14.9 12:35 5.3 6:20 8.7 0.0 0.0 7.2 41.8 0:30 W 7 11.5 17.1 14:35 6.6 7:10 6.8 0.0 0.0 2.7 22.5 19:40 WSW 8 7.7 14.4 15:10 1.8 23:55 10.6 0.0 5.2 3.2 24.1 0:40 WSW 9 4.6 11.8 14:15 -1.1 7:05 13.8 0.0 0.0 1.8 19.3 14:50 WSW 10 4.5 10.4 15:35 -0.4 7:20 13.8 0.0 0.0 0.8 9.7 15:10 ESE 11 6.3 11.9 15:15 0.5 6:45 11.9 0.0 0.0 1.3 14.5 19:30 ESE 12 11.6 13.8 12:05 9.5 6:50 6.7 0.0 0.0 5.6 29.0 12:30 NE 13 12.0 15.4 11:30 10.4 23:40 6.3 0.0 10.2 6.6 37.0 9:35 NE 14 11.2 16.9 15:35 7.8 5:40 7.2 0.0 5.2 1.8 17.7 1:35 ESE 15 11.3 17.4 13:10 6.5 6:30 7.0 0.0 0.0 1.9 19.3 14:25 ESE 16 11.7 16.8 14:10 8.1 7:05 6.6 0.0 0.0 1.3 11.3 11:35 SE 17 10.6 17.5 16:35 5.9 23:55 7.7 0.0 0.0 1.6 12.9 10:40 W 18 9.0 16.6 14:40 2.6 6:40 9.3 0.0 0.0 1.8 19.3 16:05 SSE 19 9.9 16.6 15:40 5.9 8:35 8.4 0.0 0.0 1.8 16.1 17:10 SSE 20 9.0 13.7 14:25 4.2 23:55 9.3 0.0 0.0 2.6 16.1 13:45 W 21 8.2 16.9 15:45 0.2 6:50 10.1 0.0 0.0 1.4 12.9 14:15 ESE 22 10.1 20.2 16:10 2.8 6:55 8.3 0.2 0.0 1.1 9.7 13:05 ESE 23 8.3 13.7 15:45 3.7 5:55 10.0 0.0 0.0 0.8 8.0 8:20 NW 24 8.3 11.0 15:25 4.4 23:25 10.0 0.0 3.2 1.1 8.0 1:00 ESE 25 6.7 14.4 15:25 0.6 6:50 11.6 0.0 0.2 2.3 16.1 16:15 ESE 26 8.2 16.8 15:45 1.0 6:40 10.1 0.0 0.0 1.6 14.5 14:55 ESE 27 10.4 15.9 15:00 6.5 7:25 7.9 0.0 0.0 3.7 32.2 13:50 WSW 28 11.2 15.8 15:25 6.7 23:55 7.1 0.0 0.0 6.3 43.5 12:05 WSW ------------------------------------------------------------------------------------- 9.1 20.2 22 -1.1 9 256.8 0.2 25.4 2.7 45.1 5 W Max >= 32.0: 0 Max <= 0.0: 0 Min <= 0.0: 2 Min <= -18.0: 0 Max Rain: 10.21 ON 13/02/17 Days of Rain: 8 (> .2 mm) 4 (> 2 mm) 0 (> 20 mm) Heat Base: 18.3 Cool Base: 18.3 Method: Integration