Resums mensuals i anuals

2019: Gen | Feb | Mar | Abr | Mai | Jun | Jul | Ago | Sep | Oct | Nov | Des 
2018: Gen | Feb | Mar | Abr | Mai | Jun | Jul | Ago | Sep | Oct | Nov | Des 
2017: Gen | Feb | Mar | Abr | Mai | Jun | Jul | Ago | Sep | Oct | Nov | Des 
2016: Gen | Feb | Mar | Abr | Mai | Jun | Jul | Ago | Sep | Oct | Nov | Des 
2015: Gen | Feb | Mar | Abr | Mai | Jun | Jul | Ago | Sep | Oct | Nov | Des 
2014: Gen | Feb | Mar | Abr | Mai | Jun | Jul | Ago | Sep | Oct | Nov | Des 
2013: Gen | Feb | Mar | Abr | Mai | Jun | Jul | Ago | Sep | Oct | Nov | Des 
2012: Gen | Feb | Mar | Abr | Mai | Jun | Jul | Ago | Sep | Oct | Nov | Des 
2011: Gen | Feb | Mar | Abr | Mai | Jun | Jul | Ago | Sep | Oct | Nov | Des 
2010: Gen | Feb | Mar | Abr | Mai | Jun | Jul | Ago | Sep | Oct | Nov | Des 

Resum pel 01 2017
MONTHLY CLIMATOLOGICAL SUMMARY for JAN. 2017 NAME: Vantage VUE CITY: Santpedor STATE: Bages ELEV: 325 m LAT: 41 47' 08" N LONG: 1 50' 24" E TEMPERATURE (C), RAIN (mm), WIND SPEED (km/hr) HEAT COOL AVG MEAN DEG DEG WIND DOM DAY TEMP HIGH TIME LOW TIME DAYS DAYS RAIN SPEED HIGH TIME DIR ------------------------------------------------------------------------------------ 1 1.4 7.3 15:05 -2.1 7:15 16.9 0.0 0.0 1.0 11.3 7:50 ESE 2 2.1 9.7 14:15 -3.2 6:50 16.2 0.0 0.2 1.1 16.1 17:30 WSW 3 1.8 7.7 15:20 -1.9 6:30 16.5 0.0 0.0 0.6 8.0 3:25 ESE 4 4.0 11.2 13:20 0.3 00:00 14.3 0.0 0.0 1.1 12.9 13:05 WSW 5 2.3 9.6 14:35 -1.6 5:45 16.0 0.0 0.0 1.4 14.5 15:25 NW 6 1.2 9.1 14:15 -3.9 6:25 17.1 0.0 0.0 0.8 8.0 12:15 ESE 7 1.9 9.7 14:10 -3.0 6:55 16.4 0.0 0.0 0.6 8.0 14:10 ESE 8 3.1 10.9 13:15 -2.2 7:20 15.3 0.0 0.0 1.1 11.3 15:55 ESE 9 1.5 7.0 14:45 -2.1 5:15 16.8 0.0 0.0 1.4 17.7 13:00 NW 10 3.2 8.9 15:00 -0.8 0:05 15.1 0.0 0.0 1.1 12.9 13:35 ESE 11 5.1 13.1 15:40 -1.5 5:25 13.3 0.0 0.0 1.4 17.7 3:15 ESE 12 7.7 12.9 14:50 4.9 4:05 10.7 0.0 0.0 1.4 17.7 13:45 NW 13 7.4 12.5 13:50 1.5 22:40 10.9 0.0 0.0 4.5 30.6 15:15 W 14 3.0 9.2 12:55 -1.2 5:55 15.3 0.0 0.0 3.7 33.8 12:35 NW 15 2.9 10.3 13:45 -2.6 1:40 15.4 0.0 0.0 2.7 27.4 14:05 NW 16 4.4 12.2 16:10 -1.3 7:20 13.9 0.0 0.0 1.8 12.9 17:05 ESE 17 2.7 7.3 13:35 -3.4 00:00 15.6 0.0 0.0 5.1 48.3 6:50 NW 18 -0.6 7.2 14:55 -6.6 7:30 18.9 0.0 0.0 2.1 16.1 16:40 WSW 19 3.2 9.9 13:20 -3.7 7:00 15.1 0.0 0.0 6.3 35.4 13:45 NNE 20 7.6 9.2 11:10 6.4 23:25 10.7 0.0 0.0 9.5 35.4 11:20 NNE 21 8.3 9.7 22:15 6.0 1:45 9.9 0.0 0.0 8.0 37.0 11:45 NNE 22 8.6 11.3 12:30 6.7 6:30 9.7 0.0 0.0 5.3 37.0 12:50 NE 23 7.2 9.5 14:55 3.9 00:00 11.1 0.0 1.0 2.1 16.1 12:15 WNW 24 4.6 10.4 15:15 1.2 7:10 13.7 0.0 0.0 1.4 14.5 17:15 NW 25 2.2 5.1 14:00 -1.0 6:25 16.1 0.0 1.4 1.8 16.1 20:15 WSW 26 3.7 7.1 14:55 0.3 5:50 14.6 0.0 1.8 0.8 9.7 10:55 NW 27 5.9 7.9 11:20 3.8 4:40 12.4 0.0 20.8 3.9 22.5 17:40 NNW 28 8.2 10.7 15:00 6.0 23:35 10.1 0.0 4.0 3.2 20.9 2:50 NNW 29 6.2 12.6 14:30 1.9 7:15 12.1 0.0 0.0 1.9 19.3 14:45 NW 30 6.7 14.7 15:55 0.3 7:10 11.7 0.0 0.0 0.8 9.7 12:45 ESE 31 8.9 17.0 14:50 2.5 7:00 9.3 0.0 0.0 1.1 12.9 15:45 SE ------------------------------------------------------------------------------------- 4.4 17.0 31 -6.6 18 431.0 0.0 29.2 2.6 48.3 17 NW Max >= 32.0: 0 Max <= 0.0: 0 Min <= 0.0: 17 Min <= -18.0: 0 Max Rain: 20.80 ON 27/01/17 Days of Rain: 6 (> .2 mm) 2 (> 2 mm) 1 (> 20 mm) Heat Base: 18.3 Cool Base: 18.3 Method: Integration