Resums mensuals i anuals

2020: Gen | Feb | Mar | Abr | Mai | Jun | Jul | Ago | Sep | Oct | Nov | Des 
2019: Gen | Feb | Mar | Abr | Mai | Jun | Jul | Ago | Sep | Oct | Nov | Des 
2018: Gen | Feb | Mar | Abr | Mai | Jun | Jul | Ago | Sep | Oct | Nov | Des 
2017: Gen | Feb | Mar | Abr | Mai | Jun | Jul | Ago | Sep | Oct | Nov | Des 
2016: Gen | Feb | Mar | Abr | Mai | Jun | Jul | Ago | Sep | Oct | Nov | Des 
2015: Gen | Feb | Mar | Abr | Mai | Jun | Jul | Ago | Sep | Oct | Nov | Des 
2014: Gen | Feb | Mar | Abr | Mai | Jun | Jul | Ago | Sep | Oct | Nov | Des 
2013: Gen | Feb | Mar | Abr | Mai | Jun | Jul | Ago | Sep | Oct | Nov | Des 
2012: Gen | Feb | Mar | Abr | Mai | Jun | Jul | Ago | Sep | Oct | Nov | Des 
2011: Gen | Feb | Mar | Abr | Mai | Jun | Jul | Ago | Sep | Oct | Nov | Des 
2010: Gen | Feb | Mar | Abr | Mai | Jun | Jul | Ago | Sep | Oct | Nov | Des 

Resum pel 2017
ANNUAL CLIMATOLOGICAL SUMMARY NAME: Vantage VUE CITY: Santpedor STATE: Bages ELEV: 325 m LAT: 41° 47' 08" N LONG: 1° 50' 24" E TEMPERATURE (°C), HEAT BASE 18.3, COOL BASE 18.3 DEP. HEAT COOL MEAN MEAN FROM DEG DEG MAX MAX MIN MIN YR MO MAX MIN MEAN NORM DAYS DAYS HI DATE LOW DATE >=32 <=0 <=0 <=-18 ------------------------------------------------------------------------------------ 17 1 10.0 0.1 4.4 -1.9 431 0 17.0 31 -6.6 18 0 0 17 0 17 2 14.9 4.5 9.1 1.5 257 0 20.2 22 -1.1 9 0 0 2 0 17 3 19.0 4.6 11.2 0.7 229 9 24.4 9 0.9 25 0 0 0 0 17 4 21.0 6.0 13.2 -0.5 171 19 26.4 13 1.3 28 0 0 0 0 17 5 25.5 11.2 18.2 0.5 73 70 32.8 25 5.9 1 1 0 0 0 17 6 30.9 16.8 23.9 1.9 11 178 36.2 22 12.2 6 15 0 0 0 17 7 32.2 18.0 24.8 -0.1 5 207 37.4 12 12.7 1 17 0 0 0 17 8 32.1 18.2 24.8 0.5 5 202 39.0 4 12.4 10 18 0 0 0 17 9 25.5 13.1 18.5 -4.0 55 63 31.7 5 6.8 17 0 0 0 0 17 10 23.3 12.0 16.8 -0.5 84 37 29.1 5 6.4 30 0 0 0 0 17 11 15.2 2.4 7.8 -2.2 316 0 19.9 3 -2.4 30 0 0 10 0 17 12 10.4 -0.6 4.2 -1.9 438 0 15.9 30 -5.0 2 0 0 17 0 ------------------------------------------------------------------------------------ 21.7 8.9 14.8 -0.5 2075 785 39.0 AUG -6.6 JAN 51 0 46 0 PRECIPITATION (mm) DEP. MAX DAYS OF RAIN FROM OBS. OVER YR MO TOTAL NORM DAY DATE .2 2 20 --------------------------------------------- 17 1 29.2 1.4 20.8 27 6 2 1 17 2 25.4 8.4 10.2 13 8 4 0 17 3 117.8 92.8 68.2 24 10 5 2 17 4 32.4 -17.8 15.6 27 8 3 0 17 5 15.2 -47.2 9.4 11 4 3 0 17 6 8.2 -33.0 3.4 4 7 2 0 17 7 5.8 -24.7 3.6 21 4 1 0 17 8 27.6 -23.5 7.6 15 9 4 0 17 9 64.0 6.9 35.2 15 11 6 1 17 10 65.4 -4.1 45.4 19 6 2 1 17 11 13.4 -26.4 12.8 4 4 1 0 17 12 4.6 -31.0 2.2 15 4 1 0 --------------------------------------------- 409.1 -98.1 68.2 MAR 81 34 5 WIND SPEED (km/hr) DOM YR MO AVG. HI DATE DIR --------------------------------- 17 1 2.6 48.3 17 NW 17 2 2.7 45.1 5 W 17 3 2.6 38.6 4 ESE 17 4 3.4 32.2 5 ESE 17 5 4.1 40.2 6 ESE 17 6 4.7 54.7 28 SE 17 7 4.7 41.8 13 SE 17 8 4.1 35.4 2 SE 17 9 3.1 45.1 11 SE 17 10 1.9 30.6 19 SE 17 11 1.4 35.4 13 ESE 17 12 1.7 41.8 27 W --------------------------------- 3.1 54.7 JUN SE